{"id":929,"date":"2020-01-07T11:15:00","date_gmt":"2020-01-07T10:15:00","guid":{"rendered":"http:\/\/asu77ussy.fr\/?page_id=929"},"modified":"2026-02-22T17:47:00","modified_gmt":"2026-02-22T16:47:00","slug":"lasu-dans-le-bulletin-municipal","status":"publish","type":"page","link":"https:\/\/asu77ussy.fr\/index.php\/presse\/lasu-dans-le-bulletin-municipal\/","title":{"rendered":"L&rsquo;ASU dans le bulletin municipal"},"content":{"rendered":"<ul>\n<li><a href=\"https:\/\/asu77ussy.fr\/index.php\/bulletin-municipal-janvier-2026\/\" target=\"_blank\" rel=\"noopener\"><strong><span style=\"color: #ff0000;\">Janvier \u00a02026<\/span><\/strong><\/a><\/li>\n<li><a href=\"https:\/\/asu77ussy.fr\/index.php\/bulletin-municipal-2024\/\" target=\"_blank\" rel=\"noopener\"><strong><span style=\"color: #ff0000;\">Janvier 2025<\/span><\/strong><\/a><\/li>\n<li><a href=\"https:\/\/asu77ussy.fr\/wp-content\/uploads\/2024\/01\/2024-article-bulletin-mairie-ASU-v5-TNR.pdf\" target=\"_blank\" rel=\"noopener\"><strong><span style=\"color: #ff0000;\">Janvier 2024<\/span><\/strong><\/a><\/li>\n<li><a href=\"https:\/\/asu77ussy.fr\/index.php\/article-mairie-2022\/\" target=\"_blank\" rel=\"noopener\"><strong><span style=\"color: #ff0000;\">Janvier 2023<\/span><\/strong><\/a><\/li>\n<li><a href=\"https:\/\/asu77ussy.fr\/wp-content\/uploads\/2022\/01\/2022-article-bulletin-ASUASA-v9.pdf\" target=\"_blank\" rel=\"noopener\"><span style=\"color: #ff0000;\"><strong>Janvier 2022<\/strong><\/span><\/a><\/li>\n<li><a href=\"https:\/\/asu77ussy.fr\/wp-content\/uploads\/2021\/02\/2021-article-bulletin-ASU-v8.pdf\" target=\"_blank\" rel=\"noopener\"><strong><span style=\"color: #ff0000;\">Janvier 2021<\/span><\/strong><\/a><\/li>\n<\/ul>\n<p>A Partir de 2020, les pages sont ins\u00e9r\u00e9es ci-dessous&#8230;d\u00e9roulez pour voir les ann\u00e9es pr\u00e9cdentes.<\/p>\n<ul>\n<li><strong><span style=\"color: #ff0000;\">Janvier 2020<\/span><\/strong><\/li>\n<li><strong><span style=\"color: #ff0000;\"><img data-recalc-dims=\"1\" loading=\"lazy\" decoding=\"async\" class=\"aligncenter wp-image-2703 size-large\" src=\"https:\/\/i0.wp.com\/asu77ussy.fr\/wp-content\/uploads\/2020\/01\/2020-article-Bulletin-ASA-v2-page-001-3-724x1024.jpg?resize=724%2C1024\" alt=\"\" width=\"724\" height=\"1024\" srcset=\"https:\/\/i0.wp.com\/asu77ussy.fr\/wp-content\/uploads\/2020\/01\/2020-article-Bulletin-ASA-v2-page-001-3-scaled.jpg?resize=724%2C1024&amp;ssl=1 724w, https:\/\/i0.wp.com\/asu77ussy.fr\/wp-content\/uploads\/2020\/01\/2020-article-Bulletin-ASA-v2-page-001-3-scaled.jpg?resize=212%2C300&amp;ssl=1 212w, https:\/\/i0.wp.com\/asu77ussy.fr\/wp-content\/uploads\/2020\/01\/2020-article-Bulletin-ASA-v2-page-001-3-scaled.jpg?resize=768%2C1087&amp;ssl=1 768w, https:\/\/i0.wp.com\/asu77ussy.fr\/wp-content\/uploads\/2020\/01\/2020-article-Bulletin-ASA-v2-page-001-3-scaled.jpg?resize=1085%2C1536&amp;ssl=1 1085w, https:\/\/i0.wp.com\/asu77ussy.fr\/wp-content\/uploads\/2020\/01\/2020-article-Bulletin-ASA-v2-page-001-3-scaled.jpg?resize=1447%2C2048&amp;ssl=1 1447w, https:\/\/i0.wp.com\/asu77ussy.fr\/wp-content\/uploads\/2020\/01\/2020-article-Bulletin-ASA-v2-page-001-3-scaled.jpg?w=1809&amp;ssl=1 1809w, https:\/\/i0.wp.com\/asu77ussy.fr\/wp-content\/uploads\/2020\/01\/2020-article-Bulletin-ASA-v2-page-001-3-scaled.jpg?w=1600&amp;ssl=1 1600w\" sizes=\"auto, (max-width: 724px) 100vw, 724px\" \/> <img data-recalc-dims=\"1\" loading=\"lazy\" decoding=\"async\" class=\"aligncenter wp-image-2704 size-large\" src=\"https:\/\/i0.wp.com\/asu77ussy.fr\/wp-content\/uploads\/2020\/01\/2020-article-bulletin-ASU-v3-page-001-1-724x1024.jpg?resize=724%2C1024\" alt=\"\" width=\"724\" height=\"1024\" srcset=\"https:\/\/i0.wp.com\/asu77ussy.fr\/wp-content\/uploads\/2020\/01\/2020-article-bulletin-ASU-v3-page-001-1-scaled.jpg?resize=724%2C1024&amp;ssl=1 724w, https:\/\/i0.wp.com\/asu77ussy.fr\/wp-content\/uploads\/2020\/01\/2020-article-bulletin-ASU-v3-page-001-1-scaled.jpg?resize=212%2C300&amp;ssl=1 212w, https:\/\/i0.wp.com\/asu77ussy.fr\/wp-content\/uploads\/2020\/01\/2020-article-bulletin-ASU-v3-page-001-1-scaled.jpg?resize=768%2C1087&amp;ssl=1 768w, https:\/\/i0.wp.com\/asu77ussy.fr\/wp-content\/uploads\/2020\/01\/2020-article-bulletin-ASU-v3-page-001-1-scaled.jpg?resize=1085%2C1536&amp;ssl=1 1085w, https:\/\/i0.wp.com\/asu77ussy.fr\/wp-content\/uploads\/2020\/01\/2020-article-bulletin-ASU-v3-page-001-1-scaled.jpg?resize=1447%2C2048&amp;ssl=1 1447w, https:\/\/i0.wp.com\/asu77ussy.fr\/wp-content\/uploads\/2020\/01\/2020-article-bulletin-ASU-v3-page-001-1-scaled.jpg?w=1809&amp;ssl=1 1809w, https:\/\/i0.wp.com\/asu77ussy.fr\/wp-content\/uploads\/2020\/01\/2020-article-bulletin-ASU-v3-page-001-1-scaled.jpg?w=1600&amp;ssl=1 1600w\" sizes=\"auto, (max-width: 724px) 100vw, 724px\" \/><\/span><\/strong><\/li>\n<li><span style=\"color: #ff0000;\"><strong>Janvier 2019<img data-recalc-dims=\"1\" loading=\"lazy\" decoding=\"async\" class=\"aligncenter  wp-image-930\" src=\"https:\/\/i0.wp.com\/asu77ussy.fr\/wp-content\/uploads\/2019\/07\/2019-ARTICLE-BULLETIN-ASU-V3.jpg?resize=529%2C752\" alt=\"\" width=\"529\" height=\"752\" srcset=\"https:\/\/i0.wp.com\/asu77ussy.fr\/wp-content\/uploads\/2019\/07\/2019-ARTICLE-BULLETIN-ASU-V3.jpg?w=1055&amp;ssl=1 1055w, https:\/\/i0.wp.com\/asu77ussy.fr\/wp-content\/uploads\/2019\/07\/2019-ARTICLE-BULLETIN-ASU-V3.jpg?resize=211%2C300&amp;ssl=1 211w, https:\/\/i0.wp.com\/asu77ussy.fr\/wp-content\/uploads\/2019\/07\/2019-ARTICLE-BULLETIN-ASU-V3.jpg?resize=768%2C1093&amp;ssl=1 768w, https:\/\/i0.wp.com\/asu77ussy.fr\/wp-content\/uploads\/2019\/07\/2019-ARTICLE-BULLETIN-ASU-V3.jpg?resize=720%2C1024&amp;ssl=1 720w\" sizes=\"auto, (max-width: 529px) 100vw, 529px\" \/><\/strong><\/span><\/li>\n<li><span style=\"color: #ff0000;\"><strong>Janvier 2018<img data-recalc-dims=\"1\" loading=\"lazy\" decoding=\"async\" class=\"aligncenter size-full wp-image-933\" src=\"https:\/\/i0.wp.com\/asu77ussy.fr\/wp-content\/uploads\/2019\/07\/2018-01-Article-ASU-Mairie.jpg?resize=800%2C1155\" alt=\"\" width=\"800\" height=\"1155\" srcset=\"https:\/\/i0.wp.com\/asu77ussy.fr\/wp-content\/uploads\/2019\/07\/2018-01-Article-ASU-Mairie.jpg?w=1150&amp;ssl=1 1150w, https:\/\/i0.wp.com\/asu77ussy.fr\/wp-content\/uploads\/2019\/07\/2018-01-Article-ASU-Mairie.jpg?resize=208%2C300&amp;ssl=1 208w, https:\/\/i0.wp.com\/asu77ussy.fr\/wp-content\/uploads\/2019\/07\/2018-01-Article-ASU-Mairie.jpg?resize=768%2C1109&amp;ssl=1 768w, https:\/\/i0.wp.com\/asu77ussy.fr\/wp-content\/uploads\/2019\/07\/2018-01-Article-ASU-Mairie.jpg?resize=709%2C1024&amp;ssl=1 709w\" sizes=\"auto, (max-width: 800px) 100vw, 800px\" \/><\/strong><\/span><\/li>\n<li><span style=\"color: #ff0000;\"><strong>Juin 2017<img data-recalc-dims=\"1\" loading=\"lazy\" decoding=\"async\" class=\"aligncenter size-full wp-image-932\" src=\"https:\/\/i0.wp.com\/asu77ussy.fr\/wp-content\/uploads\/2019\/07\/2017-06-article-bulletin-juin-2017-4_copy.jpg?resize=800%2C1132\" alt=\"\" width=\"800\" height=\"1132\" srcset=\"https:\/\/i0.wp.com\/asu77ussy.fr\/wp-content\/uploads\/2019\/07\/2017-06-article-bulletin-juin-2017-4_copy.jpg?w=1240&amp;ssl=1 1240w, https:\/\/i0.wp.com\/asu77ussy.fr\/wp-content\/uploads\/2019\/07\/2017-06-article-bulletin-juin-2017-4_copy.jpg?resize=212%2C300&amp;ssl=1 212w, https:\/\/i0.wp.com\/asu77ussy.fr\/wp-content\/uploads\/2019\/07\/2017-06-article-bulletin-juin-2017-4_copy.jpg?resize=768%2C1086&amp;ssl=1 768w, https:\/\/i0.wp.com\/asu77ussy.fr\/wp-content\/uploads\/2019\/07\/2017-06-article-bulletin-juin-2017-4_copy.jpg?resize=724%2C1024&amp;ssl=1 724w\" sizes=\"auto, (max-width: 800px) 100vw, 800px\" \/><\/strong><\/span><\/li>\n<li><span style=\"color: #ff0000;\"><strong>Janvier 2016<img data-recalc-dims=\"1\" loading=\"lazy\" decoding=\"async\" class=\"aligncenter size-full wp-image-931\" src=\"https:\/\/i0.wp.com\/asu77ussy.fr\/wp-content\/uploads\/2019\/07\/2016-Article-ASU-mairie-V3.jpg?resize=800%2C1147\" alt=\"\" width=\"800\" height=\"1147\" srcset=\"https:\/\/i0.wp.com\/asu77ussy.fr\/wp-content\/uploads\/2019\/07\/2016-Article-ASU-mairie-V3.jpg?w=1175&amp;ssl=1 1175w, https:\/\/i0.wp.com\/asu77ussy.fr\/wp-content\/uploads\/2019\/07\/2016-Article-ASU-mairie-V3.jpg?resize=209%2C300&amp;ssl=1 209w, https:\/\/i0.wp.com\/asu77ussy.fr\/wp-content\/uploads\/2019\/07\/2016-Article-ASU-mairie-V3.jpg?resize=768%2C1101&amp;ssl=1 768w, https:\/\/i0.wp.com\/asu77ussy.fr\/wp-content\/uploads\/2019\/07\/2016-Article-ASU-mairie-V3.jpg?resize=714%2C1024&amp;ssl=1 714w\" sizes=\"auto, (max-width: 800px) 100vw, 800px\" \/><\/strong><\/span><\/li>\n<li><span style=\"color: #ff0000;\"><strong>Janvier 2015<img data-recalc-dims=\"1\" loading=\"lazy\" decoding=\"async\" class=\"aligncenter size-full wp-image-937\" src=\"https:\/\/i0.wp.com\/asu77ussy.fr\/wp-content\/uploads\/2019\/07\/2015-12-Article-ASU-MAIRIE-v4.jpg?resize=800%2C1132\" alt=\"\" width=\"800\" height=\"1132\" srcset=\"https:\/\/i0.wp.com\/asu77ussy.fr\/wp-content\/uploads\/2019\/07\/2015-12-Article-ASU-MAIRIE-v4.jpg?w=1240&amp;ssl=1 1240w, https:\/\/i0.wp.com\/asu77ussy.fr\/wp-content\/uploads\/2019\/07\/2015-12-Article-ASU-MAIRIE-v4.jpg?resize=212%2C300&amp;ssl=1 212w, https:\/\/i0.wp.com\/asu77ussy.fr\/wp-content\/uploads\/2019\/07\/2015-12-Article-ASU-MAIRIE-v4.jpg?resize=768%2C1086&amp;ssl=1 768w, https:\/\/i0.wp.com\/asu77ussy.fr\/wp-content\/uploads\/2019\/07\/2015-12-Article-ASU-MAIRIE-v4.jpg?resize=724%2C1024&amp;ssl=1 724w\" sizes=\"auto, (max-width: 800px) 100vw, 800px\" \/><\/strong><\/span><\/li>\n<\/ul>\n","protected":false},"excerpt":{"rendered":"<p>Janvier \u00a02026 Janvier 2025 Janvier 2024 Janvier 2023 Janvier 2022 Janvier 2021 A Partir de 2020, les pages sont ins\u00e9r\u00e9es<\/p>\n","protected":false},"author":1,"featured_media":0,"parent":874,"menu_order":0,"comment_status":"closed","ping_status":"closed","template":"","meta":{"colormag_page_container_layout":"default_layout","colormag_page_sidebar_layout":"default_layout","jetpack_post_was_ever_published":false,"footnotes":""},"class_list":["post-929","page","type-page","status-publish","hentry"],"jetpack_sharing_enabled":true,"jetpack_shortlink":"https:\/\/wp.me\/PaUFS9-eZ","_links":{"self":[{"href":"https:\/\/asu77ussy.fr\/index.php\/wp-json\/wp\/v2\/pages\/929","targetHints":{"allow":["GET"]}}],"collection":[{"href":"https:\/\/asu77ussy.fr\/index.php\/wp-json\/wp\/v2\/pages"}],"about":[{"href":"https:\/\/asu77ussy.fr\/index.php\/wp-json\/wp\/v2\/types\/page"}],"author":[{"embeddable":true,"href":"https:\/\/asu77ussy.fr\/index.php\/wp-json\/wp\/v2\/users\/1"}],"replies":[{"embeddable":true,"href":"https:\/\/asu77ussy.fr\/index.php\/wp-json\/wp\/v2\/comments?post=929"}],"version-history":[{"count":16,"href":"https:\/\/asu77ussy.fr\/index.php\/wp-json\/wp\/v2\/pages\/929\/revisions"}],"predecessor-version":[{"id":7016,"href":"https:\/\/asu77ussy.fr\/index.php\/wp-json\/wp\/v2\/pages\/929\/revisions\/7016"}],"up":[{"embeddable":true,"href":"https:\/\/asu77ussy.fr\/index.php\/wp-json\/wp\/v2\/pages\/874"}],"wp:attachment":[{"href":"https:\/\/asu77ussy.fr\/index.php\/wp-json\/wp\/v2\/media?parent=929"}],"curies":[{"name":"wp","href":"https:\/\/api.w.org\/{rel}","templated":true}]}}