{"id":739,"date":"2019-06-17T08:32:03","date_gmt":"2019-06-17T06:32:03","guid":{"rendered":"http:\/\/asu77ussy.fr\/?page_id=739"},"modified":"2023-11-28T11:57:28","modified_gmt":"2023-11-28T10:57:28","slug":"une-chronique-archeologique-villageoise","status":"publish","type":"page","link":"https:\/\/asu77ussy.fr\/index.php\/ouvrages-a-vendre\/une-chronique-archeologique-villageoise\/","title":{"rendered":"Une chronique Arch\u00e9ologique Villageoise (Brochure)"},"content":{"rendered":"<div style=\"text-align: center;\"><span style=\"color: #008000;\"><strong>Cette brochure observe l\u2019architecture de l\u2019\u00e9glise d&rsquo;Ussy et les diff\u00e9rentes \u00e9tapes de son \u00e9dification, la partie la plus ancienne actuellement connue remontant au XIe si\u00e8cle, et s\u2019interroge sur la recherche de la s\u00e9pulture d\u2019Authaire \u00e0 l\u2019\u00e9poque m\u00e9rovingienne.<\/strong><\/span><\/div>\n<div><\/div>\n<div><\/div>\n<div><img data-recalc-dims=\"1\" loading=\"lazy\" decoding=\"async\" class=\"aligncenter wp-image-2953\" src=\"https:\/\/i0.wp.com\/asu77ussy.fr\/wp-content\/uploads\/2020\/03\/chronique-arche%CC%81o-e%CC%81glise.jpeg?resize=500%2C711&#038;ssl=1\" alt=\"\" width=\"500\" height=\"711\" \/><\/div>\n<p style=\"text-align: center;\"><strong><span style=\"color: #008000;\">Prix de vente : 2 \u20ac (+2 \u20ac de frais de port et emballage)<\/span><\/strong><\/p>\n<p style=\"text-align: center;\"><strong><span style=\"color: #008000;\">Pour tout renseignement, \u00e9crire \u00e0 : asu77260@gmail.com<em><br \/>\n<\/em><\/span><\/strong><\/p>\n<p style=\"text-align: center;\"><strong><span style=\"color: #008000;\">Sinon envoyer un ch\u00e8que <u>\u00e0 l&rsquo;ordre de l&rsquo;ASU <\/u>\u00e0 :<\/span><\/strong><\/p>\n<p style=\"text-align: center;\"><strong><span style=\"color: #008000;\">Madame B\u00e9atrice DU SAULT\u00a0 (Tr\u00e9sori\u00e8re de l&rsquo;ASU) &#8211; <\/span><\/strong><strong><span style=\"color: #008000;\">6, rue de la Dehors &#8211; 77260 USSY-SUR-MARNE<\/span><\/strong><\/p>\n<p style=\"text-align: right;\"><em>\u00a0<\/em><\/p>\n","protected":false},"excerpt":{"rendered":"<p>Cette brochure observe l\u2019architecture de l\u2019\u00e9glise de Ussy, et les diff\u00e9rentes \u00e9tapes de son \u00e9dification,   la partie la plus ancienne actuellement connue remontant au XI\u00e8me si\u00e8cle, et s\u2019interroge sur la recherche de la s\u00e9pulture d\u2019AUTHAIRE \u00e0 l\u2019\u00e9poque m\u00e9rovingienne.<\/p>\n","protected":false},"author":1,"featured_media":0,"parent":621,"menu_order":0,"comment_status":"closed","ping_status":"closed","template":"","meta":{"colormag_page_container_layout":"no_sidebar_full_width","colormag_page_sidebar_layout":"no_sidebar","jetpack_post_was_ever_published":false,"footnotes":""},"class_list":["post-739","page","type-page","status-publish","hentry"],"jetpack_sharing_enabled":true,"jetpack_shortlink":"https:\/\/wp.me\/PaUFS9-bV","_links":{"self":[{"href":"https:\/\/asu77ussy.fr\/index.php\/wp-json\/wp\/v2\/pages\/739","targetHints":{"allow":["GET"]}}],"collection":[{"href":"https:\/\/asu77ussy.fr\/index.php\/wp-json\/wp\/v2\/pages"}],"about":[{"href":"https:\/\/asu77ussy.fr\/index.php\/wp-json\/wp\/v2\/types\/page"}],"author":[{"embeddable":true,"href":"https:\/\/asu77ussy.fr\/index.php\/wp-json\/wp\/v2\/users\/1"}],"replies":[{"embeddable":true,"href":"https:\/\/asu77ussy.fr\/index.php\/wp-json\/wp\/v2\/comments?post=739"}],"version-history":[{"count":9,"href":"https:\/\/asu77ussy.fr\/index.php\/wp-json\/wp\/v2\/pages\/739\/revisions"}],"predecessor-version":[{"id":6101,"href":"https:\/\/asu77ussy.fr\/index.php\/wp-json\/wp\/v2\/pages\/739\/revisions\/6101"}],"up":[{"embeddable":true,"href":"https:\/\/asu77ussy.fr\/index.php\/wp-json\/wp\/v2\/pages\/621"}],"wp:attachment":[{"href":"https:\/\/asu77ussy.fr\/index.php\/wp-json\/wp\/v2\/media?parent=739"}],"curies":[{"name":"wp","href":"https:\/\/api.w.org\/{rel}","templated":true}]}}