{"id":6917,"date":"2025-11-25T15:42:23","date_gmt":"2025-11-25T14:42:23","guid":{"rendered":"https:\/\/asu77ussy.fr\/?page_id=6917"},"modified":"2025-11-25T15:43:00","modified_gmt":"2025-11-25T14:43:00","slug":"haikus-par-marie-krolikowska-litra","status":"publish","type":"page","link":"https:\/\/asu77ussy.fr\/index.php\/haikus-par-marie-krolikowska-litra\/","title":{"rendered":"Ha\u00efkus par Marie Kr\u00f3likowska-Litra"},"content":{"rendered":"<a href=\"https:\/\/asu77ussy.fr\/wp-content\/uploads\/2025\/11\/Haikus-par-Marie-LITRA-sept-2025.pdf\" class=\"pdfemb-viewer\" style=\"\" data-width=\"max\" data-height=\"max\" data-toolbar=\"bottom\" data-toolbar-fixed=\"on\">Haikus-par-Marie-LITRA-sept-2025<\/a>\n\n<p><span class=\"ILfuVd\" lang=\"fr\"><span class=\"hgKElc pOOWX\">Merci \u00e0 Marie pour ces \u00e9critures !<\/span><\/span><\/p>\n<p><span class=\"ILfuVd\" lang=\"fr\"><span class=\"hgKElc pOOWX\">Le ha\u00efku en fran\u00e7ais est g\u00e9n\u00e9ralement pr\u00e9sent\u00e9 sous la forme d&rsquo;<b>un verset de 17 syllabes de 3 vers : un premier vers de 5 syllabes, un deuxi\u00e8me vers de 7 syllabes et un dernier vers de 5 syllabes<\/b>.<\/span><\/span><\/p>\n<p>\u00a0<\/p>","protected":false},"excerpt":{"rendered":"<p>Merci \u00e0 Marie pour ces \u00e9critures ! Le ha\u00efku en fran\u00e7ais est g\u00e9n\u00e9ralement pr\u00e9sent\u00e9 sous la forme d&rsquo;un verset de<\/p>\n","protected":false},"author":1,"featured_media":0,"parent":0,"menu_order":0,"comment_status":"closed","ping_status":"closed","template":"","meta":{"colormag_page_container_layout":"default_layout","colormag_page_sidebar_layout":"default_layout","jetpack_post_was_ever_published":false,"footnotes":""},"class_list":["post-6917","page","type-page","status-publish","hentry"],"jetpack_sharing_enabled":true,"jetpack_shortlink":"https:\/\/wp.me\/PaUFS9-1Nz","_links":{"self":[{"href":"https:\/\/asu77ussy.fr\/index.php\/wp-json\/wp\/v2\/pages\/6917","targetHints":{"allow":["GET"]}}],"collection":[{"href":"https:\/\/asu77ussy.fr\/index.php\/wp-json\/wp\/v2\/pages"}],"about":[{"href":"https:\/\/asu77ussy.fr\/index.php\/wp-json\/wp\/v2\/types\/page"}],"author":[{"embeddable":true,"href":"https:\/\/asu77ussy.fr\/index.php\/wp-json\/wp\/v2\/users\/1"}],"replies":[{"embeddable":true,"href":"https:\/\/asu77ussy.fr\/index.php\/wp-json\/wp\/v2\/comments?post=6917"}],"version-history":[{"count":2,"href":"https:\/\/asu77ussy.fr\/index.php\/wp-json\/wp\/v2\/pages\/6917\/revisions"}],"predecessor-version":[{"id":6920,"href":"https:\/\/asu77ussy.fr\/index.php\/wp-json\/wp\/v2\/pages\/6917\/revisions\/6920"}],"wp:attachment":[{"href":"https:\/\/asu77ussy.fr\/index.php\/wp-json\/wp\/v2\/media?parent=6917"}],"curies":[{"name":"wp","href":"https:\/\/api.w.org\/{rel}","templated":true}]}}