{"id":6180,"date":"2024-01-23T10:50:19","date_gmt":"2024-01-23T09:50:19","guid":{"rendered":"https:\/\/asu77ussy.fr\/?page_id=6180"},"modified":"2024-01-23T10:50:20","modified_gmt":"2024-01-23T09:50:20","slug":"le-jeu-de-la-via-columbani","status":"publish","type":"page","link":"https:\/\/asu77ussy.fr\/index.php\/le-jeu-de-la-via-columbani\/","title":{"rendered":"Le jeu de la Via Columbani"},"content":{"rendered":"<p><img data-recalc-dims=\"1\" loading=\"lazy\" decoding=\"async\" class=\"size-medium wp-image-6173 alignleft\" src=\"https:\/\/i0.wp.com\/asu77ussy.fr\/wp-content\/uploads\/2024\/01\/jeu-via-columbani-rotated-e1706000057964-225x300.jpeg?resize=225%2C300&#038;ssl=1\" alt=\"\" width=\"225\" height=\"300\" srcset=\"https:\/\/i0.wp.com\/asu77ussy.fr\/wp-content\/uploads\/2024\/01\/jeu-via-columbani-rotated-e1706000057964.jpeg?resize=225%2C300&amp;ssl=1 225w, https:\/\/i0.wp.com\/asu77ussy.fr\/wp-content\/uploads\/2024\/01\/jeu-via-columbani-rotated-e1706000057964.jpeg?resize=768%2C1024&amp;ssl=1 768w, https:\/\/i0.wp.com\/asu77ussy.fr\/wp-content\/uploads\/2024\/01\/jeu-via-columbani-rotated-e1706000057964.jpeg?w=960&amp;ssl=1 960w\" sizes=\"auto, (max-width: 225px) 100vw, 225px\" \/>Jeu de soci\u00e9t\u00e9 r\u00e9alis\u00e9 par un fid\u00e8le adh\u00e9rent de l&rsquo;ASU, sorti en d\u00e9cembre 2023.<\/p>\n<p>Il retrace les \u00e9tapes du p\u00e9riple du moine Irlandais, dont une qui se situe \u00e0 Ussy.<\/p>\n<p>Il est mis en vente au prix de 30 \u20ac au profit de l&rsquo;association des \u00ab\u00a0Amis de saint Colomban\u00a0\u00bb.<\/p>\n<p>Vous pouvez vous le procurer en \u00e9crivant \u00e0 asu77260@gmail.com<\/p>\n<p><a href=\"http:\/\/asu77ussy.fr?action=user_content_redirect&amp;uuid=330611d482e560c589ef1d9a413d74aa3b1cf4598dfbf5ff675beb801f236992&amp;blog_id=161270689&amp;post_id=6170&amp;user_id=224282217&amp;subs_id=170172891&amp;signature=f55709255d3bd928fff530cde8c6f52e&amp;email_name=new-post&amp;user_email=loreilane@free.fr&amp;encoded_url=aHR0cHM6Ly92aWFjb2x1bWJhbmkuY29tLw=\" target=\"_blank\" rel=\"noopener\">Site de la Via Columbani<\/a><\/p>\n","protected":false},"excerpt":{"rendered":"<p>Jeu de soci\u00e9t\u00e9 r\u00e9alis\u00e9 par un fid\u00e8le adh\u00e9rent de l&rsquo;ASU, sorti en d\u00e9cembre 2023. Il retrace les \u00e9tapes du p\u00e9riple<\/p>\n","protected":false},"author":1,"featured_media":0,"parent":0,"menu_order":0,"comment_status":"closed","ping_status":"closed","template":"","meta":{"colormag_page_container_layout":"default_layout","colormag_page_sidebar_layout":"default_layout","jetpack_post_was_ever_published":false,"footnotes":""},"class_list":["post-6180","page","type-page","status-publish","hentry"],"jetpack_sharing_enabled":true,"jetpack_shortlink":"https:\/\/wp.me\/PaUFS9-1BG","_links":{"self":[{"href":"https:\/\/asu77ussy.fr\/index.php\/wp-json\/wp\/v2\/pages\/6180","targetHints":{"allow":["GET"]}}],"collection":[{"href":"https:\/\/asu77ussy.fr\/index.php\/wp-json\/wp\/v2\/pages"}],"about":[{"href":"https:\/\/asu77ussy.fr\/index.php\/wp-json\/wp\/v2\/types\/page"}],"author":[{"embeddable":true,"href":"https:\/\/asu77ussy.fr\/index.php\/wp-json\/wp\/v2\/users\/1"}],"replies":[{"embeddable":true,"href":"https:\/\/asu77ussy.fr\/index.php\/wp-json\/wp\/v2\/comments?post=6180"}],"version-history":[{"count":1,"href":"https:\/\/asu77ussy.fr\/index.php\/wp-json\/wp\/v2\/pages\/6180\/revisions"}],"predecessor-version":[{"id":6181,"href":"https:\/\/asu77ussy.fr\/index.php\/wp-json\/wp\/v2\/pages\/6180\/revisions\/6181"}],"wp:attachment":[{"href":"https:\/\/asu77ussy.fr\/index.php\/wp-json\/wp\/v2\/media?parent=6180"}],"curies":[{"name":"wp","href":"https:\/\/api.w.org\/{rel}","templated":true}]}}