{"id":3588,"date":"2020-10-07T19:36:42","date_gmt":"2020-10-07T17:36:42","guid":{"rendered":"https:\/\/asu77ussy.fr\/?page_id=3588"},"modified":"2020-10-07T19:47:15","modified_gmt":"2020-10-07T17:47:15","slug":"r-c-plancke","status":"publish","type":"page","link":"https:\/\/asu77ussy.fr\/index.php\/cartes-postales\/r-c-plancke\/","title":{"rendered":"R-C Plancke"},"content":{"rendered":"\n<div class=\"wp-block-image\"><figure class=\"aligncenter size-medium is-resized\"><img data-recalc-dims=\"1\" loading=\"lazy\" decoding=\"async\" src=\"https:\/\/i0.wp.com\/asu77ussy.fr\/wp-content\/uploads\/2020\/10\/RC-Plancke.jpg?resize=285%2C434&#038;ssl=1\" alt=\"\" class=\"wp-image-3594\" width=\"285\" height=\"434\"\/><figcaption>Voici quelques cartes postales tir\u00e9es du livre de Ren\u00e9-Charles PLANCKE (pr\u00eat gratuit aux adh\u00e9rents de l&rsquo;ASU)<\/figcaption><\/figure><\/div>\n\n\n<a href=\"https:\/\/asu77ussy.fr\/wp-content\/uploads\/2020\/10\/RC-Plancke_5-pages-Ussy.pdf\" class=\"pdfemb-viewer\" style=\"\" data-width=\"max\" data-height=\"max\" data-toolbar=\"bottom\" data-toolbar-fixed=\"on\">RC-Plancke_5-pages-Ussy<\/a>\n<p class=\"wp-block-pdfemb-pdf-embedder-viewer\"><\/p>\n","protected":false},"excerpt":{"rendered":"","protected":false},"author":1,"featured_media":0,"parent":3473,"menu_order":0,"comment_status":"closed","ping_status":"closed","template":"","meta":{"colormag_page_container_layout":"default_layout","colormag_page_sidebar_layout":"default_layout","jetpack_post_was_ever_published":false,"footnotes":""},"class_list":["post-3588","page","type-page","status-publish","hentry"],"jetpack_sharing_enabled":true,"jetpack_shortlink":"https:\/\/wp.me\/PaUFS9-VS","_links":{"self":[{"href":"https:\/\/asu77ussy.fr\/index.php\/wp-json\/wp\/v2\/pages\/3588","targetHints":{"allow":["GET"]}}],"collection":[{"href":"https:\/\/asu77ussy.fr\/index.php\/wp-json\/wp\/v2\/pages"}],"about":[{"href":"https:\/\/asu77ussy.fr\/index.php\/wp-json\/wp\/v2\/types\/page"}],"author":[{"embeddable":true,"href":"https:\/\/asu77ussy.fr\/index.php\/wp-json\/wp\/v2\/users\/1"}],"replies":[{"embeddable":true,"href":"https:\/\/asu77ussy.fr\/index.php\/wp-json\/wp\/v2\/comments?post=3588"}],"version-history":[{"count":2,"href":"https:\/\/asu77ussy.fr\/index.php\/wp-json\/wp\/v2\/pages\/3588\/revisions"}],"predecessor-version":[{"id":3598,"href":"https:\/\/asu77ussy.fr\/index.php\/wp-json\/wp\/v2\/pages\/3588\/revisions\/3598"}],"up":[{"embeddable":true,"href":"https:\/\/asu77ussy.fr\/index.php\/wp-json\/wp\/v2\/pages\/3473"}],"wp:attachment":[{"href":"https:\/\/asu77ussy.fr\/index.php\/wp-json\/wp\/v2\/media?parent=3588"}],"curies":[{"name":"wp","href":"https:\/\/api.w.org\/{rel}","templated":true}]}}