{"id":356,"date":"2019-04-20T19:01:29","date_gmt":"2019-04-20T17:01:29","guid":{"rendered":"http:\/\/asu77ussy.fr\/?page_id=356"},"modified":"2024-06-11T16:47:33","modified_gmt":"2024-06-11T14:47:33","slug":"pierre-celice","status":"publish","type":"page","link":"https:\/\/asu77ussy.fr\/index.php\/artistes-a-ussy\/pierre-celice-2\/pierre-celice\/","title":{"rendered":"Qui est Pierre CELICE ?"},"content":{"rendered":"<p><img data-recalc-dims=\"1\" loading=\"lazy\" decoding=\"async\" class=\"aligncenter size-full wp-image-358\" src=\"https:\/\/i0.wp.com\/asu77ussy.fr\/wp-content\/uploads\/2019\/04\/Pierre_C%C3%A9lice_1995.png?resize=260%2C199\" alt=\"\" width=\"260\" height=\"199\" \/><\/p>\n<div>Pierre C\u00e9lice est un peintre fran\u00e7ais n\u00e9 \u00e0 Paris, le 25 novembre 1932 et d\u00e9c\u00e9d\u00e9 le 05 avril 2019.<\/div>\n<div>En 1952, Pierre C\u00e9lice rencontre le peintre Hayden et travaille alors \u00e0 Montparnasse.<\/div>\n<div>En 1965, il s&rsquo;installe en Seine-et-Marne et, en 1968, se consacre \u00e0 la lithographie. \u00c0 partir de 1970, parall\u00e8lement \u00e0 la peinture, il ex\u00e9cute des \u0153uvres monumentales, sculptures ou fresques.<\/div>\n<div>\u00c0 la fin des ann\u00e9es 1970, Pierre C\u00e9lice sort d&rsquo;une p\u00e9riode longue et difficile, n\u00e9e principalement d&rsquo;un isolement volontaire \u00e0 la campagne.<\/div>\n<div>En 1982, il se r\u00e9installe \u00e0 Paris et participe \u00e0 plusieurs expositions de groupe.<\/div>\n<div>D\u00e9but 2010, la mairie d&rsquo;\u00c9vreux confie \u00e0 Pierre C\u00e9lice la d\u00e9coration du mus\u00e9e de la ville. L&rsquo;installation, temporaire, est en grande partie effac\u00e9e \u00e0 la fin de l&rsquo;exposition, le 16 mai 2010.<\/div>\n<div align=\"center\"><a href=\"http:\/\/pierre-celice.com\/\">http:\/\/pierre-celice.com\/<\/a><\/div>\n<div align=\"center\"><img data-recalc-dims=\"1\" loading=\"lazy\" decoding=\"async\" class=\"aligncenter wp-image-357 size-medium\" src=\"https:\/\/i0.wp.com\/asu77ussy.fr\/wp-content\/uploads\/2019\/04\/C%C3%A9lice-acrylique-sur-toile-2005.jpg?resize=300%2C203&#038;ssl=1\" alt=\"\" width=\"300\" height=\"203\" srcset=\"https:\/\/i0.wp.com\/asu77ussy.fr\/wp-content\/uploads\/2019\/04\/C%C3%A9lice-acrylique-sur-toile-2005.jpg?resize=300%2C203&amp;ssl=1 300w, https:\/\/i0.wp.com\/asu77ussy.fr\/wp-content\/uploads\/2019\/04\/C%C3%A9lice-acrylique-sur-toile-2005.jpg?resize=768%2C520&amp;ssl=1 768w, https:\/\/i0.wp.com\/asu77ussy.fr\/wp-content\/uploads\/2019\/04\/C%C3%A9lice-acrylique-sur-toile-2005.jpg?w=811&amp;ssl=1 811w\" sizes=\"auto, (max-width: 300px) 100vw, 300px\" \/><\/div>\n\n\n<p>Source photo : https:\/\/commons.wikimedia.org\/wiki\/File:Pierre_C%C3%A9lice_(1995).png<\/p>\n\n\n\n<p>Source texte : https:\/\/fr.wikipedia.org\/wiki\/Pierre_C%C3%A9lice<\/p>\n\n\n\n<p><\/p>\n","protected":false},"excerpt":{"rendered":"<p>Pierre C\u00e9lice est un peintre fran\u00e7ais n\u00e9 \u00e0 Paris, le 25 novembre 1932 et d\u00e9c\u00e9d\u00e9 le 05 avril 2019. En<\/p>\n","protected":false},"author":1,"featured_media":0,"parent":1814,"menu_order":0,"comment_status":"closed","ping_status":"closed","template":"","meta":{"colormag_page_container_layout":"default_layout","colormag_page_sidebar_layout":"default_layout","jetpack_post_was_ever_published":false,"footnotes":""},"class_list":["post-356","page","type-page","status-publish","hentry"],"jetpack_sharing_enabled":true,"jetpack_shortlink":"https:\/\/wp.me\/PaUFS9-5K","_links":{"self":[{"href":"https:\/\/asu77ussy.fr\/index.php\/wp-json\/wp\/v2\/pages\/356","targetHints":{"allow":["GET"]}}],"collection":[{"href":"https:\/\/asu77ussy.fr\/index.php\/wp-json\/wp\/v2\/pages"}],"about":[{"href":"https:\/\/asu77ussy.fr\/index.php\/wp-json\/wp\/v2\/types\/page"}],"author":[{"embeddable":true,"href":"https:\/\/asu77ussy.fr\/index.php\/wp-json\/wp\/v2\/users\/1"}],"replies":[{"embeddable":true,"href":"https:\/\/asu77ussy.fr\/index.php\/wp-json\/wp\/v2\/comments?post=356"}],"version-history":[{"count":11,"href":"https:\/\/asu77ussy.fr\/index.php\/wp-json\/wp\/v2\/pages\/356\/revisions"}],"predecessor-version":[{"id":6507,"href":"https:\/\/asu77ussy.fr\/index.php\/wp-json\/wp\/v2\/pages\/356\/revisions\/6507"}],"up":[{"embeddable":true,"href":"https:\/\/asu77ussy.fr\/index.php\/wp-json\/wp\/v2\/pages\/1814"}],"wp:attachment":[{"href":"https:\/\/asu77ussy.fr\/index.php\/wp-json\/wp\/v2\/media?parent=356"}],"curies":[{"name":"wp","href":"https:\/\/api.w.org\/{rel}","templated":true}]}}

<p><img data-recalc-dims="1" loading="lazy" decoding="async" class="aligncenter size-full wp-image-358" src="https://i0.wp.com/asu77ussy.fr/wp-content/uploads/2019/04/Pierre_C%C3%A9lice_1995.png?resize=260%2C199" alt="" width="260" height="199" /></p>
<div>Pierre Célice est un peintre français né à Paris, le 25 novembre 1932 et décédé le 05 avril 2019.</div>
<div>En 1952, Pierre Célice rencontre le peintre Hayden et travaille alors à Montparnasse.</div>
<div>En 1965, il s&rsquo;installe en Seine-et-Marne et, en 1968, se consacre à la lithographie. À partir de 1970, parallèlement à la peinture, il exécute des œuvres monumentales, sculptures ou fresques.</div>
<div>À la fin des années 1970, Pierre Célice sort d&rsquo;une période longue et difficile, née principalement d&rsquo;un isolement volontaire à la campagne.</div>
<div>En 1982, il se réinstalle à Paris et participe à plusieurs expositions de groupe.</div>
<div>Début 2010, la mairie d&rsquo;Évreux confie à Pierre Célice la décoration du musée de la ville. L&rsquo;installation, temporaire, est en grande partie effacée à la fin de l&rsquo;exposition, le 16 mai 2010.</div>
<div align="center"><a href="http://pierre-celice.com/">http://pierre-celice.com/</a></div>
<div align="center"><img data-recalc-dims="1" loading="lazy" decoding="async" class="aligncenter wp-image-357 size-medium" src="https://i0.wp.com/asu77ussy.fr/wp-content/uploads/2019/04/C%C3%A9lice-acrylique-sur-toile-2005.jpg?resize=300%2C203&#038;ssl=1" alt="" width="300" height="203" srcset="https://i0.wp.com/asu77ussy.fr/wp-content/uploads/2019/04/C%C3%A9lice-acrylique-sur-toile-2005.jpg?resize=300%2C203&amp;ssl=1 300w, https://i0.wp.com/asu77ussy.fr/wp-content/uploads/2019/04/C%C3%A9lice-acrylique-sur-toile-2005.jpg?resize=768%2C520&amp;ssl=1 768w, https://i0.wp.com/asu77ussy.fr/wp-content/uploads/2019/04/C%C3%A9lice-acrylique-sur-toile-2005.jpg?w=811&amp;ssl=1 811w" sizes="auto, (max-width: 300px) 100vw, 300px" /></div>


<p>Source photo : https://commons.wikimedia.org/wiki/File:Pierre_C%C3%A9lice_(1995).png</p>



<p>Source texte : https://fr.wikipedia.org/wiki/Pierre_C%C3%A9lice</p>



<p></p>

<p>Pierre Célice est un peintre français né à Paris, le 25 novembre 1932 et décédé le 05 avril 2019. En</p>
