{"id":3133,"date":"2020-05-21T18:47:45","date_gmt":"2020-05-21T16:47:45","guid":{"rendered":"https:\/\/asu77ussy.fr\/?page_id=3133"},"modified":"2020-05-21T18:47:45","modified_gmt":"2020-05-21T16:47:45","slug":"un-joli-toit-pres-de-leglise-a-ussy","status":"publish","type":"page","link":"https:\/\/asu77ussy.fr\/index.php\/architecture\/un-joli-toit-pres-de-leglise-a-ussy\/","title":{"rendered":"Un joli toit pr\u00e8s de l&rsquo;\u00e9glise \u00e0 Ussy"},"content":{"rendered":"<p><img data-recalc-dims=\"1\" loading=\"lazy\" decoding=\"async\" class=\"aligncenter wp-image-3135 size-medium\" src=\"https:\/\/i0.wp.com\/asu77ussy.fr\/wp-content\/uploads\/2020\/05\/toit-restaure%CC%81.jpg?resize=300%2C225&#038;ssl=1\" alt=\"\" width=\"300\" height=\"225\" srcset=\"https:\/\/i0.wp.com\/asu77ussy.fr\/wp-content\/uploads\/2020\/05\/toit-restaure%CC%81.jpg?resize=300%2C225&amp;ssl=1 300w, https:\/\/i0.wp.com\/asu77ussy.fr\/wp-content\/uploads\/2020\/05\/toit-restaure%CC%81.jpg?w=640&amp;ssl=1 640w\" sizes=\"auto, (max-width: 300px) 100vw, 300px\" \/><\/p>\n<p><i>l&rsquo;A.S.U. salue la\u00a0 restauration\u00a0 tr\u00e8s r\u00e9ussie, du toit au n\u00b013 de la rue de Changis, face \u00e0 l&rsquo;\u00e9glise.<br \/>\n<\/i><\/p>\n<p><i>Le toit a \u00e9t\u00e9 enti\u00e8rement refait dans les r\u00e8gles de l&rsquo;art en petites tuiles plates rouges, agr\u00e9ment\u00e9 d&rsquo;un joli dessin sur le rampant et d&rsquo;un v\u00e9lux de taille discr\u00e8te.\u00a0 <\/i><i>Cette restauration\u00a0 est l&rsquo;oeuvre\u00a0 de\u00a0 <\/i><i>l&rsquo;entreprise de Couverture Zinguerie K.D.C. de ORLY sur MORIN.<\/i><\/p>\n<p><i>L&rsquo;A.S.U.\u00a0 applaudit de telles initiatives en<\/i><i> respect de l&rsquo;architecture briarde et de la r\u00e9glementation du p\u00e9rim\u00e8tre de l&rsquo;\u00e9glise class\u00e9e MH.\u00a0 L&#8217;embellissement du village, et en particulier du centre\u00a0 autour de l&rsquo;\u00e9glise,\u00a0 peut se concr\u00e9tiser\u00a0 au fil du temps, gr\u00e2ce \u00e0 de telles r\u00e9alisations qui, de surcro\u00eet,\u00a0 augmentent la valeur du patrimoine rural.\u00a0 F\u00e9licitations \u00e0 Mr Jo\u00ebl Ramel.<\/i><\/p>\n<p><img data-recalc-dims=\"1\" loading=\"lazy\" decoding=\"async\" class=\"aligncenter wp-image-3134 size-full\" src=\"https:\/\/i0.wp.com\/asu77ussy.fr\/wp-content\/uploads\/2020\/05\/toit-de%CC%81tail.jpg?resize=640%2C480&#038;ssl=1\" alt=\"\" width=\"640\" height=\"480\" srcset=\"https:\/\/i0.wp.com\/asu77ussy.fr\/wp-content\/uploads\/2020\/05\/toit-de%CC%81tail.jpg?w=640&amp;ssl=1 640w, https:\/\/i0.wp.com\/asu77ussy.fr\/wp-content\/uploads\/2020\/05\/toit-de%CC%81tail.jpg?resize=300%2C225&amp;ssl=1 300w\" sizes=\"auto, (max-width: 640px) 100vw, 640px\" \/><\/p>\n","protected":false},"excerpt":{"rendered":"<p>l&rsquo;A.S.U. salue la\u00a0 restauration\u00a0 tr\u00e8s r\u00e9ussie, du toit au n\u00b013 de la rue de Changis, face \u00e0 l&rsquo;\u00e9glise. Le toit<\/p>\n","protected":false},"author":1,"featured_media":0,"parent":3130,"menu_order":0,"comment_status":"closed","ping_status":"closed","template":"","meta":{"colormag_page_container_layout":"default_layout","colormag_page_sidebar_layout":"default_layout","jetpack_post_was_ever_published":false,"footnotes":""},"class_list":["post-3133","page","type-page","status-publish","hentry"],"jetpack_sharing_enabled":true,"jetpack_shortlink":"https:\/\/wp.me\/PaUFS9-Ox","_links":{"self":[{"href":"https:\/\/asu77ussy.fr\/index.php\/wp-json\/wp\/v2\/pages\/3133","targetHints":{"allow":["GET"]}}],"collection":[{"href":"https:\/\/asu77ussy.fr\/index.php\/wp-json\/wp\/v2\/pages"}],"about":[{"href":"https:\/\/asu77ussy.fr\/index.php\/wp-json\/wp\/v2\/types\/page"}],"author":[{"embeddable":true,"href":"https:\/\/asu77ussy.fr\/index.php\/wp-json\/wp\/v2\/users\/1"}],"replies":[{"embeddable":true,"href":"https:\/\/asu77ussy.fr\/index.php\/wp-json\/wp\/v2\/comments?post=3133"}],"version-history":[{"count":1,"href":"https:\/\/asu77ussy.fr\/index.php\/wp-json\/wp\/v2\/pages\/3133\/revisions"}],"predecessor-version":[{"id":3136,"href":"https:\/\/asu77ussy.fr\/index.php\/wp-json\/wp\/v2\/pages\/3133\/revisions\/3136"}],"up":[{"embeddable":true,"href":"https:\/\/asu77ussy.fr\/index.php\/wp-json\/wp\/v2\/pages\/3130"}],"wp:attachment":[{"href":"https:\/\/asu77ussy.fr\/index.php\/wp-json\/wp\/v2\/media?parent=3133"}],"curies":[{"name":"wp","href":"https:\/\/api.w.org\/{rel}","templated":true}]}}

Un joli toit près de l&rsquo;église à Ussy

<p><img data-recalc-dims="1" loading="lazy" decoding="async" class="aligncenter wp-image-3135 size-medium" src="https://i0.wp.com/asu77ussy.fr/wp-content/uploads/2020/05/toit-restaure%CC%81.jpg?resize=300%2C225&#038;ssl=1" alt="" width="300" height="225" srcset="https://i0.wp.com/asu77ussy.fr/wp-content/uploads/2020/05/toit-restaure%CC%81.jpg?resize=300%2C225&amp;ssl=1 300w, https://i0.wp.com/asu77ussy.fr/wp-content/uploads/2020/05/toit-restaure%CC%81.jpg?w=640&amp;ssl=1 640w" sizes="auto, (max-width: 300px) 100vw, 300px" /></p>
<p><i>l&rsquo;A.S.U. salue la  restauration  très réussie, du toit au n°13 de la rue de Changis, face à l&rsquo;église.<br />
</i></p>
<p><i>Le toit a été entièrement refait dans les règles de l&rsquo;art en petites tuiles plates rouges, agrémenté d&rsquo;un joli dessin sur le rampant et d&rsquo;un vélux de taille discrète.  </i><i>Cette restauration  est l&rsquo;oeuvre  de  </i><i>l&rsquo;entreprise de Couverture Zinguerie K.D.C. de ORLY sur MORIN.</i></p>
<p><i>L&rsquo;A.S.U.  applaudit de telles initiatives en</i><i> respect de l&rsquo;architecture briarde et de la réglementation du périmètre de l&rsquo;église classée MH.  L&#8217;embellissement du village, et en particulier du centre  autour de l&rsquo;église,  peut se concrétiser  au fil du temps, grâce à de telles réalisations qui, de surcroît,  augmentent la valeur du patrimoine rural.  Félicitations à Mr Joël Ramel.</i></p>
<p><img data-recalc-dims="1" loading="lazy" decoding="async" class="aligncenter wp-image-3134 size-full" src="https://i0.wp.com/asu77ussy.fr/wp-content/uploads/2020/05/toit-de%CC%81tail.jpg?resize=640%2C480&#038;ssl=1" alt="" width="640" height="480" srcset="https://i0.wp.com/asu77ussy.fr/wp-content/uploads/2020/05/toit-de%CC%81tail.jpg?w=640&amp;ssl=1 640w, https://i0.wp.com/asu77ussy.fr/wp-content/uploads/2020/05/toit-de%CC%81tail.jpg?resize=300%2C225&amp;ssl=1 300w" sizes="auto, (max-width: 640px) 100vw, 640px" /></p>

<p>l&rsquo;A.S.U. salue la  restauration  très réussie, du toit au n°13 de la rue de Changis, face à l&rsquo;église. Le toit</p>
