{"id":2495,"date":"2019-10-24T14:06:55","date_gmt":"2019-10-24T12:06:55","guid":{"rendered":"http:\/\/asu77ussy.fr\/?page_id=2495"},"modified":"2019-10-28T10:19:27","modified_gmt":"2019-10-28T09:19:27","slug":"benediction-du-drapeau-de-la-croix-de-guerre","status":"publish","type":"page","link":"https:\/\/asu77ussy.fr\/index.php\/decouvrir-ussy\/ussy-et-la-guerre-14-18\/benediction-du-drapeau-de-la-croix-de-guerre\/","title":{"rendered":"B\u00e9n\u00e9diction du drapeau de la croix de guerre (octobre 2019)"},"content":{"rendered":"<p>Le 6 octobre 2016, lors de la messe dominicale, en l\u2019Eglise Saint Authaire de Ussy sur MARNE, le P\u00e8re G\u00e9rald Josema AUGUSTIN a proc\u00e9d\u00e9 \u00e0 la b\u00e9n\u00e9diction du drapeau de la croix de guerre, en pr\u00e9sence des Anciens Combattants, de Mr le Maire, des habitants et fid\u00e8les de la paroisse. La c\u00e9r\u00e9monie s\u2019est poursuivie au monument aux morts avec le d\u00e9p\u00f4t de gerbe, un moment de recueillement et la Marseillaise.<\/p>\n<p>Ce drapeau a \u00e9t\u00e9 offert par la Mairie pour le centenaire de l\u2019armistice de 1914-1918 et les Anciens Combattants ont souhait\u00e9 cette&nbsp; c\u00e9r\u00e9monie de b\u00e9n\u00e9diction.<\/p>\n<p>La croix de guerre avait \u00e9t\u00e9 attribu\u00e9e&nbsp; \u00e0 USSY le 18 d\u00e9cembre 1920 au titre de&nbsp; \u00abCommune violemment bombard\u00e9e\u00bb, tant en 1914 qu\u2019en 1918,&nbsp; en raison du nombre de ses maisons enti\u00e8rement ou en partie d\u00e9truites, et au regard du courage, du calme, et de la dignit\u00e9 remarquables dont le village avait fait preuve malgr\u00e9 les souffrances endur\u00e9es.&nbsp; Elle avait \u00e9t\u00e9 remise officiellement \u00e0 Mr le Maire de Ussy Sur Marne, le 14 ao\u00fbt 1921 lors d&rsquo;une c\u00e9r\u00e9monie \u00e0 l\u2019H\u00f4tel de Ville de la Fert\u00e9 sous Jouarre.<\/p>\n<p>\u00ab Ce drapeau permettra de perp\u00e9tuer la m\u00e9moire du combattant, hommes et femmes associ\u00e9s pour la d\u00e9fense de leur pays et il transmettra un id\u00e9al de paix, de libert\u00e9 et de dignit\u00e9.\u00bb<\/p>\n<p>Alain DENOGEANT,<br><em>Pr\u00e9sident de l&rsquo;Association des Anciens Combattants de Ussy \u00ab\u00a0Les Poilus\u00a0\u00bb<\/em><\/p>\n<p><\/p>\n\n\n<div class=\"wp-block-jetpack-slideshow aligncenter\" data-autoplay=\"true\" data-delay=\"4\" data-effect=\"slide\"><div class=\"wp-block-jetpack-slideshow_container swiper-container\"><ul class=\"wp-block-jetpack-slideshow_swiper-wrapper swiper-wrapper\"><li class=\"wp-block-jetpack-slideshow_slide swiper-slide\"><figure><img data-recalc-dims=\"1\" loading=\"lazy\" decoding=\"async\" width=\"668\" height=\"1024\" alt=\"\" class=\"wp-block-jetpack-slideshow_image wp-image-2560\" data-id=\"2560\" src=\"https:\/\/i0.wp.com\/asu77ussy.fr\/wp-content\/uploads\/2019\/10\/IMG_1022-2-668x1024.jpg?resize=668%2C1024\"\/><\/figure><\/li><li class=\"wp-block-jetpack-slideshow_slide swiper-slide\"><figure><img data-recalc-dims=\"1\" loading=\"lazy\" decoding=\"async\" width=\"799\" height=\"1024\" alt=\"\" class=\"wp-block-jetpack-slideshow_image wp-image-2561\" data-id=\"2561\" src=\"https:\/\/i0.wp.com\/asu77ussy.fr\/wp-content\/uploads\/2019\/10\/IMG_1023-2-799x1024.jpg?resize=799%2C1024\"\/><\/figure><\/li><li class=\"wp-block-jetpack-slideshow_slide swiper-slide\"><figure><img data-recalc-dims=\"1\" loading=\"lazy\" decoding=\"async\" width=\"800\" height=\"534\" alt=\"\" class=\"wp-block-jetpack-slideshow_image wp-image-2569\" data-id=\"2569\" src=\"https:\/\/i0.wp.com\/asu77ussy.fr\/wp-content\/uploads\/2019\/10\/IMG_1044-2-1024x683.jpg?resize=800%2C534\"\/><\/figure><\/li><li class=\"wp-block-jetpack-slideshow_slide swiper-slide\"><figure><img data-recalc-dims=\"1\" loading=\"lazy\" decoding=\"async\" width=\"575\" height=\"1024\" alt=\"\" class=\"wp-block-jetpack-slideshow_image wp-image-2568\" data-id=\"2568\" src=\"https:\/\/i0.wp.com\/asu77ussy.fr\/wp-content\/uploads\/2019\/10\/IMG_1042-2-575x1024.jpg?resize=575%2C1024\"\/><\/figure><\/li><li class=\"wp-block-jetpack-slideshow_slide swiper-slide\"><figure><img data-recalc-dims=\"1\" loading=\"lazy\" decoding=\"async\" width=\"800\" height=\"634\" alt=\"\" class=\"wp-block-jetpack-slideshow_image wp-image-2567\" data-id=\"2567\" src=\"https:\/\/i0.wp.com\/asu77ussy.fr\/wp-content\/uploads\/2019\/10\/IMG_1041-2-1024x811.jpg?resize=800%2C634\"\/><\/figure><\/li><li class=\"wp-block-jetpack-slideshow_slide swiper-slide\"><figure><img data-recalc-dims=\"1\" loading=\"lazy\" decoding=\"async\" width=\"800\" height=\"534\" alt=\"\" class=\"wp-block-jetpack-slideshow_image wp-image-2566\" data-id=\"2566\" src=\"https:\/\/i0.wp.com\/asu77ussy.fr\/wp-content\/uploads\/2019\/10\/IMG_1034-2-1024x683.jpg?resize=800%2C534\"\/><\/figure><\/li><li class=\"wp-block-jetpack-slideshow_slide swiper-slide\"><figure><img data-recalc-dims=\"1\" loading=\"lazy\" decoding=\"async\" width=\"800\" height=\"534\" alt=\"\" class=\"wp-block-jetpack-slideshow_image wp-image-2565\" data-id=\"2565\" src=\"https:\/\/i0.wp.com\/asu77ussy.fr\/wp-content\/uploads\/2019\/10\/IMG_1030-2-1024x683.jpg?resize=800%2C534\"\/><\/figure><\/li><li class=\"wp-block-jetpack-slideshow_slide swiper-slide\"><figure><img data-recalc-dims=\"1\" loading=\"lazy\" decoding=\"async\" width=\"800\" height=\"534\" alt=\"\" class=\"wp-block-jetpack-slideshow_image wp-image-2564\" data-id=\"2564\" src=\"https:\/\/i0.wp.com\/asu77ussy.fr\/wp-content\/uploads\/2019\/10\/IMG_1029-2-1024x683.jpg?resize=800%2C534\"\/><\/figure><\/li><li class=\"wp-block-jetpack-slideshow_slide swiper-slide\"><figure><img data-recalc-dims=\"1\" loading=\"lazy\" decoding=\"async\" width=\"800\" height=\"534\" alt=\"\" class=\"wp-block-jetpack-slideshow_image wp-image-2563\" data-id=\"2563\" src=\"https:\/\/i0.wp.com\/asu77ussy.fr\/wp-content\/uploads\/2019\/10\/IMG_1027-2-1024x683.jpg?resize=800%2C534\"\/><\/figure><\/li><li class=\"wp-block-jetpack-slideshow_slide swiper-slide\"><figure><img data-recalc-dims=\"1\" loading=\"lazy\" decoding=\"async\" width=\"800\" height=\"534\" alt=\"\" class=\"wp-block-jetpack-slideshow_image wp-image-2562\" data-id=\"2562\" src=\"https:\/\/i0.wp.com\/asu77ussy.fr\/wp-content\/uploads\/2019\/10\/IMG_1024-2-1024x683.jpg?resize=800%2C534\"\/><\/figure><\/li><li class=\"wp-block-jetpack-slideshow_slide swiper-slide\"><figure><img data-recalc-dims=\"1\" height=\"534\" width=\"800\" decoding=\"async\" alt=\"\" class=\"wp-block-jetpack-slideshow_image wp-image-2570\" data-id=\"2570\" src=\"https:\/\/i0.wp.com\/asu77ussy.fr\/wp-content\/uploads\/2019\/10\/IMG_1048-2-1024x683.jpg?resize=800%2C534\"\/><\/figure><\/li><li class=\"wp-block-jetpack-slideshow_slide swiper-slide\"><figure><img data-recalc-dims=\"1\" loading=\"lazy\" decoding=\"async\" width=\"800\" height=\"534\" alt=\"\" class=\"wp-block-jetpack-slideshow_image wp-image-2571\" data-id=\"2571\" src=\"https:\/\/i0.wp.com\/asu77ussy.fr\/wp-content\/uploads\/2019\/10\/IMG_1049-1-1024x683.jpg?resize=800%2C534\"\/><\/figure><\/li><li class=\"wp-block-jetpack-slideshow_slide swiper-slide\"><figure><img data-recalc-dims=\"1\" loading=\"lazy\" decoding=\"async\" width=\"800\" height=\"534\" alt=\"\" class=\"wp-block-jetpack-slideshow_image wp-image-2572\" data-id=\"2572\" src=\"https:\/\/i0.wp.com\/asu77ussy.fr\/wp-content\/uploads\/2019\/10\/IMG_1052-2-1024x683.jpg?resize=800%2C534\"\/><\/figure><\/li><li class=\"wp-block-jetpack-slideshow_slide swiper-slide\"><figure><img data-recalc-dims=\"1\" loading=\"lazy\" decoding=\"async\" width=\"800\" height=\"534\" alt=\"\" class=\"wp-block-jetpack-slideshow_image wp-image-2573\" data-id=\"2573\" src=\"https:\/\/i0.wp.com\/asu77ussy.fr\/wp-content\/uploads\/2019\/10\/IMG_1054-3-1024x683.jpg?resize=800%2C534\"\/><\/figure><\/li><li class=\"wp-block-jetpack-slideshow_slide swiper-slide\"><figure><img data-recalc-dims=\"1\" loading=\"lazy\" decoding=\"async\" width=\"800\" height=\"534\" alt=\"\" class=\"wp-block-jetpack-slideshow_image wp-image-2482\" data-id=\"2482\" src=\"https:\/\/i0.wp.com\/asu77ussy.fr\/wp-content\/uploads\/2019\/10\/IMG_1046-1024x683.jpg?resize=800%2C534\"\/><\/figure><\/li><li class=\"wp-block-jetpack-slideshow_slide swiper-slide\"><figure><img data-recalc-dims=\"1\" loading=\"lazy\" decoding=\"async\" width=\"800\" height=\"534\" alt=\"\" class=\"wp-block-jetpack-slideshow_image wp-image-2574\" data-id=\"2574\" src=\"https:\/\/i0.wp.com\/asu77ussy.fr\/wp-content\/uploads\/2019\/10\/IMG_1056-2-1024x683.jpg?resize=800%2C534\"\/><\/figure><\/li><li class=\"wp-block-jetpack-slideshow_slide swiper-slide\"><figure><img data-recalc-dims=\"1\" loading=\"lazy\" decoding=\"async\" width=\"800\" height=\"534\" alt=\"\" class=\"wp-block-jetpack-slideshow_image wp-image-2575\" data-id=\"2575\" src=\"https:\/\/i0.wp.com\/asu77ussy.fr\/wp-content\/uploads\/2019\/10\/IMG_1057-2-1024x683.jpg?resize=800%2C534\"\/><\/figure><\/li><li class=\"wp-block-jetpack-slideshow_slide swiper-slide\"><figure><img data-recalc-dims=\"1\" loading=\"lazy\" decoding=\"async\" width=\"800\" height=\"534\" alt=\"\" class=\"wp-block-jetpack-slideshow_image wp-image-2576\" data-id=\"2576\" src=\"https:\/\/i0.wp.com\/asu77ussy.fr\/wp-content\/uploads\/2019\/10\/IMG_1058-2-1024x683.jpg?resize=800%2C534\"\/><\/figure><\/li><li class=\"wp-block-jetpack-slideshow_slide swiper-slide\"><figure><img data-recalc-dims=\"1\" loading=\"lazy\" decoding=\"async\" width=\"800\" height=\"534\" alt=\"\" class=\"wp-block-jetpack-slideshow_image wp-image-2577\" data-id=\"2577\" src=\"https:\/\/i0.wp.com\/asu77ussy.fr\/wp-content\/uploads\/2019\/10\/IMG_1059-3-1024x683.jpg?resize=800%2C534\"\/><\/figure><\/li><li class=\"wp-block-jetpack-slideshow_slide swiper-slide\"><figure><img data-recalc-dims=\"1\" loading=\"lazy\" decoding=\"async\" width=\"800\" height=\"534\" alt=\"\" class=\"wp-block-jetpack-slideshow_image wp-image-2579\" data-id=\"2579\" src=\"https:\/\/i0.wp.com\/asu77ussy.fr\/wp-content\/uploads\/2019\/10\/IMG_1061-2-1024x683.jpg?resize=800%2C534\"\/><\/figure><\/li><li class=\"wp-block-jetpack-slideshow_slide swiper-slide\"><figure><img data-recalc-dims=\"1\" loading=\"lazy\" decoding=\"async\" width=\"800\" height=\"534\" alt=\"\" class=\"wp-block-jetpack-slideshow_image wp-image-2578\" data-id=\"2578\" src=\"https:\/\/i0.wp.com\/asu77ussy.fr\/wp-content\/uploads\/2019\/10\/IMG_1060-2-1024x683.jpg?resize=800%2C534\"\/><\/figure><\/li><\/ul><a class=\"wp-block-jetpack-slideshow_button-prev swiper-button-prev swiper-button-white\" role=\"button\"><\/a><a class=\"wp-block-jetpack-slideshow_button-next swiper-button-next swiper-button-white\" role=\"button\"><\/a><a aria-label=\"Pause Slideshow\" class=\"wp-block-jetpack-slideshow_button-pause\" role=\"button\"><\/a><div class=\"wp-block-jetpack-slideshow_pagination swiper-pagination swiper-pagination-white\"><\/div><\/div><\/div>\n","protected":false},"excerpt":{"rendered":"<p>Le 6 octobre 2016, lors de la messe dominicale, en l\u2019Eglise Saint Authaire de Ussy sur MARNE, le P\u00e8re G\u00e9rald<\/p>\n","protected":false},"author":1,"featured_media":0,"parent":243,"menu_order":0,"comment_status":"closed","ping_status":"closed","template":"","meta":{"colormag_page_container_layout":"default_layout","colormag_page_sidebar_layout":"default_layout","jetpack_post_was_ever_published":false,"footnotes":""},"class_list":["post-2495","page","type-page","status-publish","hentry"],"jetpack_sharing_enabled":true,"jetpack_shortlink":"https:\/\/wp.me\/PaUFS9-Ef","_links":{"self":[{"href":"https:\/\/asu77ussy.fr\/index.php\/wp-json\/wp\/v2\/pages\/2495","targetHints":{"allow":["GET"]}}],"collection":[{"href":"https:\/\/asu77ussy.fr\/index.php\/wp-json\/wp\/v2\/pages"}],"about":[{"href":"https:\/\/asu77ussy.fr\/index.php\/wp-json\/wp\/v2\/types\/page"}],"author":[{"embeddable":true,"href":"https:\/\/asu77ussy.fr\/index.php\/wp-json\/wp\/v2\/users\/1"}],"replies":[{"embeddable":true,"href":"https:\/\/asu77ussy.fr\/index.php\/wp-json\/wp\/v2\/comments?post=2495"}],"version-history":[{"count":8,"href":"https:\/\/asu77ussy.fr\/index.php\/wp-json\/wp\/v2\/pages\/2495\/revisions"}],"predecessor-version":[{"id":2583,"href":"https:\/\/asu77ussy.fr\/index.php\/wp-json\/wp\/v2\/pages\/2495\/revisions\/2583"}],"up":[{"embeddable":true,"href":"https:\/\/asu77ussy.fr\/index.php\/wp-json\/wp\/v2\/pages\/243"}],"wp:attachment":[{"href":"https:\/\/asu77ussy.fr\/index.php\/wp-json\/wp\/v2\/media?parent=2495"}],"curies":[{"name":"wp","href":"https:\/\/api.w.org\/{rel}","templated":true}]}}