{"id":2450,"date":"2019-10-22T11:20:35","date_gmt":"2019-10-22T09:20:35","guid":{"rendered":"http:\/\/asu77ussy.fr\/?page_id=2450"},"modified":"2019-10-22T11:25:45","modified_gmt":"2019-10-22T09:25:45","slug":"etude-du-futur-pnr","status":"publish","type":"page","link":"https:\/\/asu77ussy.fr\/index.php\/environnement\/pnr\/etude-du-futur-pnr\/","title":{"rendered":"Etude du futur PNR (oct 2019)"},"content":{"rendered":"<p style=\"text-align: center;\">B\u00e9atrice Du Sault et Yvonne Ampen, ont particip\u00e9 au nom de l&rsquo;A.S.U. et pour USSY SUR MARNE, aux journ\u00e9es de visite des rapporteurs, dans le cadre de l&rsquo;\u00e9tude d&rsquo;opportunit\u00e9 du futur PNR BRIE&nbsp; ET DEUX MORINS.<\/p>\n<h6 style=\"text-align: center;\"><strong><em>Extrait de la lettre d&rsquo;information<\/em><\/strong><\/h6>\n<p><a href=\"http:\/\/asu77ussy.fr\/wp-content\/uploads\/2019\/10\/CLD-2019-10-19.pdf\"><img data-recalc-dims=\"1\" loading=\"lazy\" decoding=\"async\" width=\"272\" height=\"400\" class=\"aligncenter wp-image-2452 size-full\" alt=\"Octobre 2019\" src=\"https:\/\/i0.wp.com\/asu77ussy.fr\/wp-content\/uploads\/2019\/10\/Capture-e1571735631543.jpg?resize=272%2C400\"><\/a><\/p>\n","protected":false},"excerpt":{"rendered":"<p>B\u00e9atrice Du Sault et Yvonne Ampen, ont particip\u00e9 au nom de l&rsquo;A.S.U. et pour USSY SUR MARNE, aux journ\u00e9es de<\/p>\n","protected":false},"author":1,"featured_media":0,"parent":514,"menu_order":0,"comment_status":"closed","ping_status":"closed","template":"","meta":{"colormag_page_container_layout":"default_layout","colormag_page_sidebar_layout":"default_layout","jetpack_post_was_ever_published":false,"footnotes":""},"class_list":["post-2450","page","type-page","status-publish","hentry"],"jetpack_sharing_enabled":true,"jetpack_shortlink":"https:\/\/wp.me\/PaUFS9-Dw","_links":{"self":[{"href":"https:\/\/asu77ussy.fr\/index.php\/wp-json\/wp\/v2\/pages\/2450","targetHints":{"allow":["GET"]}}],"collection":[{"href":"https:\/\/asu77ussy.fr\/index.php\/wp-json\/wp\/v2\/pages"}],"about":[{"href":"https:\/\/asu77ussy.fr\/index.php\/wp-json\/wp\/v2\/types\/page"}],"author":[{"embeddable":true,"href":"https:\/\/asu77ussy.fr\/index.php\/wp-json\/wp\/v2\/users\/1"}],"replies":[{"embeddable":true,"href":"https:\/\/asu77ussy.fr\/index.php\/wp-json\/wp\/v2\/comments?post=2450"}],"version-history":[{"count":5,"href":"https:\/\/asu77ussy.fr\/index.php\/wp-json\/wp\/v2\/pages\/2450\/revisions"}],"predecessor-version":[{"id":2458,"href":"https:\/\/asu77ussy.fr\/index.php\/wp-json\/wp\/v2\/pages\/2450\/revisions\/2458"}],"up":[{"embeddable":true,"href":"https:\/\/asu77ussy.fr\/index.php\/wp-json\/wp\/v2\/pages\/514"}],"wp:attachment":[{"href":"https:\/\/asu77ussy.fr\/index.php\/wp-json\/wp\/v2\/media?parent=2450"}],"curies":[{"name":"wp","href":"https:\/\/api.w.org\/{rel}","templated":true}]}}