{"id":1914,"date":"2017-05-11T12:37:57","date_gmt":"2017-05-11T10:37:57","guid":{"rendered":"http:\/\/asu77ussy.fr\/?page_id=1914"},"modified":"2020-07-07T10:03:16","modified_gmt":"2020-07-07T08:03:16","slug":"ussy-village-plaine-de-molien-bois-de-voliard-9-5-km","status":"publish","type":"page","link":"https:\/\/asu77ussy.fr\/index.php\/decouvrir-ussy\/randonnees\/ussy-village-plaine-de-molien-bois-de-voliard-9-5-km\/","title":{"rendered":"Plaine de Molien &#038; Bois de Voliard &#8211; 9 + 5 km"},"content":{"rendered":"<h3 class=\"post-title entry-title\"><img data-recalc-dims=\"1\" loading=\"lazy\" decoding=\"async\" width=\"800\" height=\"415\" class=\"aligncenter wp-image-2056 size-large\" alt=\"\" src=\"https:\/\/i0.wp.com\/asu77ussy.fr\/wp-content\/uploads\/2019\/09\/Ussy-village-%E2%80%93-Plaine-de-Molien-Bois-de-Voliard-%E2%80%93-9-5-km-1024x531.png?resize=800%2C415\"><\/h3>\n<div class=\"post-header\">\n<div class=\"post-header-line-1\">D\u00e9part du p\u00e2tis, le long de la Marne. Laisser le terrain de p\u00e9tanque sur votre droite<\/div>\n<\/div>\n<div class=\"post-body entry-content\" id=\"post-body-6047914673818005073\">\n<div class=\"Standard\">et longer la rivi\u00e8re. Laisser sur votre droite la rue de la Saur et emprunter le chemin<\/div>\n<div class=\"Standard\">pi\u00e9tonnier.<\/div>\n<div class=\"Standard\">Prendre \u00e0 droite la \u00ab&nbsp;ruelle des Vieux&nbsp;Moulins&nbsp;\u00bb qui monte l\u00e9g\u00e8rement et continuer tout droit dans la rue des Hopitaux.<\/div>\n<div class=\"Standard\">Au croisement de la rue de Changis prendre \u00e0 droite puis \u00e0 gauche, rue de Bournonville.<\/div>\n<div class=\"Standard\">Au bout de cette rue, \u00e0 gauche, suivre la voie de chemin de fer, puis prendre \u00e0 droite sous le pont.<\/div>\n<div class=\"Standard\">Suivre le chemin le long du Ru de Courtablon.<\/div>\n<div class=\"Standard\">Vous arrivez rue de la Dehors, prendre \u00e0 gauche, traverser le Ru ou passer sur le petit pont romain.<\/div>\n<div class=\"Standard\">Suivre le chemin pav\u00e9 jusqu&rsquo;au bosquet et continuer en face (laisser lepremierchemin situ\u00e9 \u00e0 droite) entre Malbranche et les Chauds Soleils.<\/div>\n<div class=\"Standard\">Prendre \u00e0 droite le second chemin entre les Chauds Soleils et le Salv\u00e9.<\/div>\n<div class=\"Standard\">Suivre tout droit jusqu&rsquo;au croisement de&nbsp;la D21 \u00e0 la Croix de Molien.<\/div>\n<div class=\"Standard\">Prendre \u00e0 gauche et traverser la D3. PRUDENCE !<\/div>\n<div class=\"Standard\">En face, la rue Samuel Beckett, passer devant la maison de l&rsquo;\u00e9crivain sur la gauche(priv\u00e9). Direction Molien.<\/div>\n<div class=\"Standard\">Traverser le hameau. Apr\u00e8s la boutique des vergers, prendre \u00e0 droite, descendre vers la ferme de Courtablon. Passer le Ru (ou passage sur un petit pont).<\/div>\n<div class=\"Standard\">Continuer. Laisser le premier chemin \u00e0 droite (les Monts Moyens).<\/div>\n<div class=\"Standard\">Prendre le second&nbsp; chemin \u00e0 droite (Fond de Voliard) retour vers le village.<\/div>\n<div class=\"Standard\"><\/div>\n<div class=\"Standard\">&nbsp;&nbsp;&nbsp;&nbsp;&nbsp;&nbsp;&nbsp;&nbsp;&nbsp;&nbsp;&nbsp;&nbsp;&nbsp;&nbsp;&nbsp;&nbsp;&nbsp;&nbsp;&nbsp;&nbsp;&nbsp;&nbsp;&nbsp;&nbsp;&nbsp;&nbsp;&nbsp;&nbsp;&nbsp;&nbsp;&nbsp;&nbsp;&nbsp;&nbsp;&nbsp;&nbsp;&nbsp;&nbsp;&nbsp;&nbsp;&nbsp;&nbsp;&nbsp;&nbsp;&nbsp;&nbsp;OPTION<\/div>\n<div class=\"Standard\">Continuer quelques m\u00e8tres et prendre \u00e0 gauche pour contourner le bois de Voliard.<\/div>\n<div class=\"Standard\">Au niveau d&rsquo;une petite clairi\u00e8re de sapins, prendre \u00e0 droite, continuer ,laisser le<\/div>\n<div class=\"Standard\">croisement. Prendre le temps de regarder les paysages vallonn\u00e9s (colza en avril-mai) .<\/div>\n<div class=\"Standard\">Continuer jusqu&rsquo;au hameau de Morintru (vue sur divers villages).<\/div>\n<div class=\"Standard\">A la sortie du chemin prendre sur quelques m\u00e8tres \u00e0 gauche.<\/div>\n<div class=\"Standard\">Puis encore \u00e0 gauche pour reprendre le bois.<\/div>\n<div class=\"Standard\">Tout droit et au bout \u00e0 gauche. Descendre.<\/div>\n<div class=\"Standard\">Retour au croisement laiss\u00e9 plus t\u00f4t.<\/div>\n<div class=\"Standard\">Entrer dans le joli bois, descendre. Prendre \u00e0 gauche \u00e0 la sortie du bois.<\/div>\n<div class=\"Standard\">Marcher quelques m\u00e8tres et reprendre le chemin de Fond de Voliard pour retourner vers le village.<\/div>\n<div class=\"Standard\"><\/div>\n<div class=\"Standard\">Prendre ce chemin et descendre vers la D21.Traverser. PRUDENCE !<\/div>\n<div class=\"Standard\">Prendre \u00e0 gauche, passer sur le pont du chemin de fer. Entrer dans le village.<\/div>\n<div class=\"Standard\">Tourner \u00e0 gauche et descendre la ruelle du Montcel.<\/div>\n<div class=\"Standard\">Continuer tout droit jusqu&rsquo;au pont, passer en dessous et traverser le camping.<\/div>\n<div class=\"Standard\">Arriv\u00e9e au P\u00e2tis.<\/div>\n<div class=\"Standard\"><\/div>\n<div class=\"Standard\">Parcours bleu 9 kms&nbsp;&#8211; Option en orange&nbsp;4,7 kms<\/p>\n<div><\/div>\n<div class=\"Standard\"><em>NOTA: cette randonn\u00e9e a \u00e9t\u00e9 r\u00e9alis\u00e9e par des marcheurs b\u00e9n\u00e9voles, elle peut comporter des erreurs ou des explications qui ne sont pas claires. N&rsquo;h\u00e9sitez pas \u00e0 nous faire conna\u00eetre les difficult\u00e9s que vous aurez rencontr\u00e9 \u00e0 <a>asu77260<\/a><a>@gmail.com<\/a><\/em><\/div>\n<div class=\"Standard\">\n<div><\/div>\n<div class=\"separator\"><a href=\"https:\/\/i0.wp.com\/1.bp.blogspot.com\/-rUhpLs3n39k\/WPdkc1lHcYI\/AAAAAAAACtk\/yVidBh-pKEcYvbPQtH1t7jMIPzoh2rhYwCPcB\/s1600\/Ussy%2Bville%2Bet%2Bcampagne.jpg?ssl=1\"><img data-recalc-dims=\"1\" loading=\"lazy\" decoding=\"async\" width=\"640\" height=\"547\" src=\"https:\/\/i0.wp.com\/1.bp.blogspot.com\/-rUhpLs3n39k\/WPdkc1lHcYI\/AAAAAAAACtk\/yVidBh-pKEcYvbPQtH1t7jMIPzoh2rhYwCPcB\/s640\/Ussy%2Bville%2Bet%2Bcampagne.jpg?resize=640%2C547&#038;ssl=1\" border=\"0\"><\/a><\/div>\n<\/div>\n<\/div>\n<\/div>\n<pre><\/pre>\n","protected":false},"excerpt":{"rendered":"<p>D\u00e9part du p\u00e2tis, le long de la Marne. Laisser le terrain de p\u00e9tanque sur votre droite et longer la rivi\u00e8re.<\/p>\n","protected":false},"author":1,"featured_media":0,"parent":220,"menu_order":0,"comment_status":"closed","ping_status":"closed","template":"","meta":{"colormag_page_container_layout":"no_sidebar_content_centered","colormag_page_sidebar_layout":"no_sidebar","jetpack_post_was_ever_published":false,"footnotes":""},"class_list":["post-1914","page","type-page","status-publish","hentry"],"jetpack_sharing_enabled":true,"jetpack_shortlink":"https:\/\/wp.me\/PaUFS9-uS","_links":{"self":[{"href":"https:\/\/asu77ussy.fr\/index.php\/wp-json\/wp\/v2\/pages\/1914","targetHints":{"allow":["GET"]}}],"collection":[{"href":"https:\/\/asu77ussy.fr\/index.php\/wp-json\/wp\/v2\/pages"}],"about":[{"href":"https:\/\/asu77ussy.fr\/index.php\/wp-json\/wp\/v2\/types\/page"}],"author":[{"embeddable":true,"href":"https:\/\/asu77ussy.fr\/index.php\/wp-json\/wp\/v2\/users\/1"}],"replies":[{"embeddable":true,"href":"https:\/\/asu77ussy.fr\/index.php\/wp-json\/wp\/v2\/comments?post=1914"}],"version-history":[{"count":4,"href":"https:\/\/asu77ussy.fr\/index.php\/wp-json\/wp\/v2\/pages\/1914\/revisions"}],"predecessor-version":[{"id":3261,"href":"https:\/\/asu77ussy.fr\/index.php\/wp-json\/wp\/v2\/pages\/1914\/revisions\/3261"}],"up":[{"embeddable":true,"href":"https:\/\/asu77ussy.fr\/index.php\/wp-json\/wp\/v2\/pages\/220"}],"wp:attachment":[{"href":"https:\/\/asu77ussy.fr\/index.php\/wp-json\/wp\/v2\/media?parent=1914"}],"curies":[{"name":"wp","href":"https:\/\/api.w.org\/{rel}","templated":true}]}}