{"id":1857,"date":"2019-09-01T11:14:01","date_gmt":"2019-09-01T09:14:01","guid":{"rendered":"http:\/\/asu77ussy.fr\/?page_id=1857"},"modified":"2019-09-01T11:15:55","modified_gmt":"2019-09-01T09:15:55","slug":"bateau-lavoir","status":"publish","type":"page","link":"https:\/\/asu77ussy.fr\/index.php\/decouvrir-ussy\/petit-patrimoine\/bateau-lavoir\/","title":{"rendered":"Bateau-Lavoir"},"content":{"rendered":"<h3><\/h3>\n<p><img data-recalc-dims=\"1\" loading=\"lazy\" decoding=\"async\" src=\"https:\/\/i0.wp.com\/2.bp.blogspot.com\/-IF8LEOJiHRc\/WRsUbEK9B6I\/AAAAAAAACxM\/APDOn7Jg2v07S4xKP5tkUMcH5xX0U-ZuACLcB\/s640\/Laveuses%2Bpont%2Bd%2527Ussy.jpg?resize=640%2C420&#038;ssl=1\" width=\"640\" height=\"420\" border=\"0\"><\/p>\n<p>Ussy a connu, d\u00e8s les ann\u00e9es 1830, un lavoir, situ\u00e9 sur le p\u00e2tis, au pied des escaliers.<\/p>\n<p>Ce lavoir fut couvert au d\u00e9but du XX\u00e8me si\u00e8cle, comme en t\u00e9moigne une devis descriptif (ADSM OP 478\/1) d\u00e9taill\u00e9 et un plan de l\u2019architecte fertois C&nbsp;. CRESSON, dat\u00e9 du 25 ao\u00fbt 1902 et approuv\u00e9 \u00e0 Melun le 5 janvier 1903.<br \/>\n<img data-recalc-dims=\"1\" loading=\"lazy\" decoding=\"async\" class=\"aligncenter\" src=\"https:\/\/i0.wp.com\/1.bp.blogspot.com\/-JBlpm1xUJOs\/WRQjpblV2UI\/AAAAAAAACwc\/Jq6x14cMrCMDOksyTilTIvovClWHnvjowCLcB\/s640\/Lavoir%2BADSM%2B40P%2B478-1-2.jpg?resize=420%2C640&#038;ssl=1\" width=\"420\" height=\"640\" border=\"0\"><\/p>\n<p><img data-recalc-dims=\"1\" loading=\"lazy\" decoding=\"async\" class=\"alignleft\" src=\"https:\/\/i0.wp.com\/2.bp.blogspot.com\/-1DU9aZHxhxg\/WRQlavGHLEI\/AAAAAAAACws\/XHXNT9MIAycZZnWT-fdorpUGUOFri7zFwCLcB\/s640\/2007-06-Fragments%2BAutrefois%2Bla%2Blessive-le%2Blavoir%2B%2B%25286%25293.jpg?resize=310%2C640&#038;ssl=1\" width=\"310\" height=\"640\" border=\"0\">L\u2019escalier d\u2019acc\u00e8s menait \u00e0 une fontaine aliment\u00e9e par une source au d\u00e9bit tr\u00e8s important qui fournissait aussi l\u2019eau potable. Quand le niveau de la Marne baissait, le niveau de la source baissait \u00e9galement. La fontaine d\u00e9bouchait sur un lavoir rectangulaire de 15 m\u00e8tres de long pour 9 m\u00e8tres de large. Il s\u2019agissait d\u2019un b\u00e2timent en meuli\u00e8re. Six colonnes en fonte \u00e0 chapiteaux soutenaient les topits couvrant les deux appentis de part et d\u2019autre du bassin central (sur le mod\u00e8le de l\u2019impluvium&nbsp;\u00bb des villas romaines).<\/p>\n<p><img data-recalc-dims=\"1\" loading=\"lazy\" decoding=\"async\" src=\"https:\/\/i0.wp.com\/2.bp.blogspot.com\/-93n2C7V_wEY\/WRQlHuSewUI\/AAAAAAAACwo\/qSJZ9GB7rgYo8h9vVJeFXLuA1uMEN7DXgCLcB\/s640\/2007-06-Fragments%2BAutrefois%2Bla%2Blessive-le%2Blavoir%2B%2B%25286%25292.jpg?resize=640%2C220&#038;ssl=1\" width=\"640\" height=\"220\" border=\"0\"><\/p>\n<p><img data-recalc-dims=\"1\" loading=\"lazy\" decoding=\"async\" src=\"https:\/\/i0.wp.com\/2.bp.blogspot.com\/-cd0KqyQX_Wc\/WZXV0d8I5wI\/AAAAAAAADJE\/2oHUEECD3fQc1FdXih2GdLWm2hRnQmcmgCEwYBhgL\/s640\/IMG_4721.JPG?resize=640%2C480&#038;ssl=1\" width=\"640\" height=\"480\" border=\"0\" data-original-height=\"1200\" data-original-width=\"1600\"><\/p>\n<p>Il exista aussi \u00e0 Ussy un b\u00e2teau-lavoir communal, environ \u00e0 200 m\u00e8tres en amont du lavoir, comme le confirme Monsieur LUCAS&nbsp;: (entretien d\u2019octobre 1986 in\/Histoire d\u2019eau en Seine \u00e0 Marne \u2013 Tome III \u2013 H\u00e9l\u00e8ne FATOUX) \u00ab&nbsp;il mesurait environ 15 m\u00e8tres de long sur 4 m\u00e8tres de large (\u2026) il a \u00e9t\u00e9 \u00e9tabli \u00e0 l\u2019emplacement de l\u2019ancien bac (\u2026) il a sombr\u00e9 deux fois dans la Marne \u00e0 cause des crues&nbsp;; chaque fois, il fut renflou\u00e9 et remis en service. Depuis 1964, la commune y a effectu\u00e9, \u00e0 trois reprises, des travaux d\u2019entretien&nbsp;; une cloison s\u00e9pare le c\u00f4t\u00e9 berge du c\u00f4t\u00e9 rivi\u00e8re et dix laveuses peuvent y travailler sur chaque c\u00f4t\u00e9. Le toit est en t\u00f4le ondul\u00e9e peint en rouge&nbsp;; de nos jours, deux \u00e0 trois personnes s\u2019y rendent encore (dixit Paule SAVANE lors de la r\u00e9daction de ce nupm\u00e9ro de FRAGMENT d\u2019HISTOIRE de juin 2007). Il est \u00e9galement utilis\u00e9 par les membres du camping municipal.<\/p>\n<p>Le bateau-lavoir \u00e9tait, en 1989 l\u2019un des seuls survivants flottant encore sur la Marne.<\/p>\n<p><img data-recalc-dims=\"1\" loading=\"lazy\" decoding=\"async\" src=\"https:\/\/i0.wp.com\/2.bp.blogspot.com\/-Y7nR6WM1zmg\/WPdl-zx3bJI\/AAAAAAAACtw\/ClWCv6p_VsYVRLYSZNHlm_y-qO9SWZ_jACPcB\/s640\/CCI06042017%2BLavoir.jpg?resize=640%2C449&#038;ssl=1\" width=\"640\" height=\"449\" border=\"0\"><\/p>\n<p>Photo de Madame Madeleine LAFLEUR<\/p>\n<pre>mardi 16 mai 2017<\/pre>\n","protected":false},"excerpt":{"rendered":"<p>Ussy a connu, d\u00e8s les ann\u00e9es 1830, un lavoir, situ\u00e9 sur le p\u00e2tis, au pied des escaliers. Ce lavoir fut<\/p>\n","protected":false},"author":1,"featured_media":0,"parent":164,"menu_order":0,"comment_status":"closed","ping_status":"closed","template":"","meta":{"colormag_page_container_layout":"no_sidebar_content_centered","colormag_page_sidebar_layout":"no_sidebar","jetpack_post_was_ever_published":false,"footnotes":""},"class_list":["post-1857","page","type-page","status-publish","hentry"],"jetpack_sharing_enabled":true,"jetpack_shortlink":"https:\/\/wp.me\/PaUFS9-tX","_links":{"self":[{"href":"https:\/\/asu77ussy.fr\/index.php\/wp-json\/wp\/v2\/pages\/1857","targetHints":{"allow":["GET"]}}],"collection":[{"href":"https:\/\/asu77ussy.fr\/index.php\/wp-json\/wp\/v2\/pages"}],"about":[{"href":"https:\/\/asu77ussy.fr\/index.php\/wp-json\/wp\/v2\/types\/page"}],"author":[{"embeddable":true,"href":"https:\/\/asu77ussy.fr\/index.php\/wp-json\/wp\/v2\/users\/1"}],"replies":[{"embeddable":true,"href":"https:\/\/asu77ussy.fr\/index.php\/wp-json\/wp\/v2\/comments?post=1857"}],"version-history":[{"count":2,"href":"https:\/\/asu77ussy.fr\/index.php\/wp-json\/wp\/v2\/pages\/1857\/revisions"}],"predecessor-version":[{"id":1860,"href":"https:\/\/asu77ussy.fr\/index.php\/wp-json\/wp\/v2\/pages\/1857\/revisions\/1860"}],"up":[{"embeddable":true,"href":"https:\/\/asu77ussy.fr\/index.php\/wp-json\/wp\/v2\/pages\/164"}],"wp:attachment":[{"href":"https:\/\/asu77ussy.fr\/index.php\/wp-json\/wp\/v2\/media?parent=1857"}],"curies":[{"name":"wp","href":"https:\/\/api.w.org\/{rel}","templated":true}]}}