{"id":1814,"date":"2019-08-28T16:59:09","date_gmt":"2019-08-28T14:59:09","guid":{"rendered":"http:\/\/asu77ussy.fr\/?page_id=1814"},"modified":"2024-06-13T16:28:17","modified_gmt":"2024-06-13T14:28:17","slug":"pierre-celice-2","status":"publish","type":"page","link":"https:\/\/asu77ussy.fr\/index.php\/artistes-a-ussy\/pierre-celice-2\/","title":{"rendered":"Pierre CELICE"},"content":{"rendered":"<h5 style=\"text-align: center;\"><span style=\"color: #003300;\"><em><a style=\"color: #003300;\" href=\"https:\/\/asu77ussy.fr\/index.php\/artistes-a-ussy\/pierre-celice-2\/pierre-celice\/\">Qui est Pierre CELICE ?<\/a><\/em><\/span><\/h5>\n<h5 style=\"text-align: center;\"><span style=\"color: #003300;\"><em><a style=\"color: #003300;\" href=\"https:\/\/asu77ussy.fr\/index.php\/artistes-a-ussy\/pierre-celice-2\/pierre-celice-la-spontaneite-revendiquee\/\">Pierre C\u00e9lice \u2013 La spontan\u00e9it\u00e9 revendiqu\u00e9e<\/a><\/em><\/span><\/h5>\n<h5 style=\"text-align: center;\"><span style=\"color: #003300;\"><em><a style=\"color: #003300;\" href=\"https:\/\/asu77ussy.fr\/index.php\/artistes-a-ussy\/pierre-celice-2\/pierre-celice-dans-les-galeries-dart\/\">Pierre CELICE dans les galeries d&rsquo;art<\/a><\/em><\/span><\/h5>\n<h5 style=\"text-align: center;\"><span style=\"color: #003300;\"><a style=\"color: #003300;\" href=\"https:\/\/asu77ussy.fr\/index.php\/artistes-a-ussy\/pierre-celice-2\/la-rencontre-de-pierre-celice-et-de-henri-hayden\/\" target=\"_blank\" rel=\"noopener\"><em>La rencontre de Pierre CELICE et de Henri Hayden<\/em><\/a><\/span><\/h5>\n\n\n<p><\/p>\n","protected":false},"excerpt":{"rendered":"<p>Qui est Pierre CELICE ? Pierre C\u00e9lice \u2013 La spontan\u00e9it\u00e9 revendiqu\u00e9e Pierre CELICE dans les galeries d&rsquo;art La rencontre de<\/p>\n","protected":false},"author":1,"featured_media":0,"parent":795,"menu_order":0,"comment_status":"closed","ping_status":"closed","template":"","meta":{"colormag_page_container_layout":"default_layout","colormag_page_sidebar_layout":"default_layout","jetpack_post_was_ever_published":false,"footnotes":""},"class_list":["post-1814","page","type-page","status-publish","hentry"],"jetpack_sharing_enabled":true,"jetpack_shortlink":"https:\/\/wp.me\/PaUFS9-tg","_links":{"self":[{"href":"https:\/\/asu77ussy.fr\/index.php\/wp-json\/wp\/v2\/pages\/1814","targetHints":{"allow":["GET"]}}],"collection":[{"href":"https:\/\/asu77ussy.fr\/index.php\/wp-json\/wp\/v2\/pages"}],"about":[{"href":"https:\/\/asu77ussy.fr\/index.php\/wp-json\/wp\/v2\/types\/page"}],"author":[{"embeddable":true,"href":"https:\/\/asu77ussy.fr\/index.php\/wp-json\/wp\/v2\/users\/1"}],"replies":[{"embeddable":true,"href":"https:\/\/asu77ussy.fr\/index.php\/wp-json\/wp\/v2\/comments?post=1814"}],"version-history":[{"count":8,"href":"https:\/\/asu77ussy.fr\/index.php\/wp-json\/wp\/v2\/pages\/1814\/revisions"}],"predecessor-version":[{"id":6522,"href":"https:\/\/asu77ussy.fr\/index.php\/wp-json\/wp\/v2\/pages\/1814\/revisions\/6522"}],"up":[{"embeddable":true,"href":"https:\/\/asu77ussy.fr\/index.php\/wp-json\/wp\/v2\/pages\/795"}],"wp:attachment":[{"href":"https:\/\/asu77ussy.fr\/index.php\/wp-json\/wp\/v2\/media?parent=1814"}],"curies":[{"name":"wp","href":"https:\/\/api.w.org\/{rel}","templated":true}]}}

<h5 style="text-align: center;"><span style="color: #003300;"><em><a style="color: #003300;" href="https://asu77ussy.fr/index.php/artistes-a-ussy/pierre-celice-2/pierre-celice/">Qui est Pierre CELICE ?</a></em></span></h5>
<h5 style="text-align: center;"><span style="color: #003300;"><em><a style="color: #003300;" href="https://asu77ussy.fr/index.php/artistes-a-ussy/pierre-celice-2/pierre-celice-la-spontaneite-revendiquee/">Pierre Célice – La spontanéité revendiquée</a></em></span></h5>
<h5 style="text-align: center;"><span style="color: #003300;"><em><a style="color: #003300;" href="https://asu77ussy.fr/index.php/artistes-a-ussy/pierre-celice-2/pierre-celice-dans-les-galeries-dart/">Pierre CELICE dans les galeries d&rsquo;art</a></em></span></h5>
<h5 style="text-align: center;"><span style="color: #003300;"><a style="color: #003300;" href="https://asu77ussy.fr/index.php/artistes-a-ussy/pierre-celice-2/la-rencontre-de-pierre-celice-et-de-henri-hayden/" target="_blank" rel="noopener"><em>La rencontre de Pierre CELICE et de Henri Hayden</em></a></span></h5>


<p></p>

<p>Qui est Pierre CELICE ? Pierre Célice – La spontanéité revendiquée Pierre CELICE dans les galeries d&rsquo;art La rencontre de</p>
