{"id":1746,"date":"2019-08-23T11:10:00","date_gmt":"2019-08-23T09:10:00","guid":{"rendered":"http:\/\/asu77ussy.fr\/?page_id=1746"},"modified":"2026-04-14T20:47:46","modified_gmt":"2026-04-14T18:47:46","slug":"celebration-saint-colombin-a-ussy-sur-marne","status":"publish","type":"page","link":"https:\/\/asu77ussy.fr\/index.php\/saint-colomban\/celebration-saint-colombin-a-ussy-sur-marne\/","title":{"rendered":"14\u00e8me centenaire de la mort de St Colomban nov 2015"},"content":{"rendered":"<p>Dimanche 22 novembre 2015 , une centaine de personnes se sont rassembl\u00e9es \u00e0 l\u2019\u00e9glise d&rsquo;Ussy-sur-Marne, \u00a0\u00e0 l\u2019occasion de la c\u00e9l\u00e9bration du <img data-recalc-dims=\"1\" loading=\"lazy\" decoding=\"async\" class=\"alignleft\" src=\"https:\/\/i0.wp.com\/4.bp.blogspot.com\/-BiHWW6opN8o\/VlhdiggJgfI\/AAAAAAAACJk\/LV3x7jEoKJQ\/s320\/Vitrail.JPG?resize=213%2C320&#038;ssl=1\" width=\"213\" height=\"320\" border=\"0\" \/>14<sup>\u00e8me<\/sup>centenaire de la mort du moine irlandais saint Colomban (615-2015).<\/p>\n<p>Une description du vitrail du Ch\u0153ur (1888) comment\u00e9e par le <strong>P\u00e8re Henri Imbert<\/strong>, a ouvert la manifestation et permis de d\u00e9couvrir la rencontre du <strong>saint Patron de l\u2019\u00e9glise, AUTHAIRE avec COLOMBAN<\/strong>\u00a0en l\u2019an 610 ,et \u00a0r\u00e9v\u00e9l\u00e9 \u00e0 nombre de participants, l\u2019existence de ce vitrail r\u00e9nov\u00e9 en 2013.<\/p>\n<p>Ensuite, la conf\u00e9rence de <strong>Vincent Majewski<\/strong>, appuy\u00e9e sur les documents <img data-recalc-dims=\"1\" loading=\"lazy\" decoding=\"async\" class=\"alignright\" src=\"https:\/\/i0.wp.com\/1.bp.blogspot.com\/-XYikYBBE5Gk\/VlheJbOT_rI\/AAAAAAAACJ0\/CrNM2eMLXKg\/s200\/Vincent%2BMajewski.JPG?resize=173%2C200&#038;ssl=1\" width=\"173\" height=\"200\" border=\"0\" \/>d\u2019archives de Jonas de Bobbio, biographe de Colomban, \u00a0a captiv\u00e9 \u00a0l\u2019auditoire.<\/p>\n<p>L\u2019historien \u00a0a racont\u00e9 de fa\u00e7on claire et p\u00e9dagogique\u00a0 le contexte politique et religieux de l\u2019\u00e9poque en <strong>Gaule M\u00e9rovingienne<\/strong>, les d\u00e9m\u00eal\u00e9es du moine irlandais avec les Seigneurs r\u00e9gnants, puis son exil, et son passage en\u00a0 Brie du Nord , cherchant refuge aupr\u00e8s de Authaire \u00e0 <strong>Vulciacum<\/strong> (Ussy) .<\/p>\n<p>A la\u00a0 suite de cette rencontre, des sites monastiques \u00a0se sont d\u00e9velopp\u00e9s en Brie du Nord, dont <strong>Jouarre<\/strong>, fond\u00e9 par <strong>ADON<\/strong>, fils a\u00een\u00e9 d&rsquo; Authaire.\u00a0 Le sarcophage d&rsquo;ADON\u00a0 repose dans la crypte m\u00e9rovingienne de Jouarre.<\/p>\n<p>Colomban avait fond\u00e9 un premier monast\u00e8re en 590, \u00e0 <strong>Luxeuil-Les-Bains<\/strong> (Haute-Sa\u00f4ne)\u00a0\u00a0avant son passage \u00e0 Ussy.\u00a0 Un document \u00e9dit\u00e9 par Les Amis de Colomban de Luxeuil a \u00e9t\u00e9 distribu\u00e9 aux participants, et des brochures relatives \u00e0 \u00a0Authaire, \u00a0et \u00e0 l\u2019\u00e9glise d&rsquo;Ussy propos\u00e9es \u00e0 la consultation et \u00e0 la vente.<\/p>\n<p><img data-recalc-dims=\"1\" loading=\"lazy\" decoding=\"async\" class=\"alignleft\" src=\"https:\/\/i0.wp.com\/2.bp.blogspot.com\/-BlM9tjQ729o\/VlhfrT0GWuI\/AAAAAAAACJ8\/dJEhQ5fcfCU\/s200\/IMG_4401-2.JPG?resize=181%2C200&#038;ssl=1\" width=\"181\" height=\"200\" border=\"0\" \/>L\u2019office des V\u00eapres chant\u00e9 notamment par trois moniales de Jouarre , et pr\u00e9sid\u00e9\u00a0 par le <strong>P\u00e8re Philippe Legrand<\/strong>, <strong>Vicaire de la Cath\u00e9drale de Meaux<\/strong>, a donn\u00e9 sa dimension spirituelle \u00e0 cette manifestation \u00a0historique et culturelle, Une \u00a0\u00e9mouvante pri\u00e8re compos\u00e9e par COLOMBAN lui m\u00eame, \u00a0a \u00e9t\u00e9 proclam\u00e9e comme un point d\u2019orgue final.<\/p>\n<p>Cette c\u00e9l\u00e9bration a \u00e9t\u00e9 organis\u00e9e par le Service Dioc\u00e9sain des P\u00e8lerinages, \u00a0avec le concours de la Paroisse du secteur de Saint-Jean dont d\u00e9pend Ussy, de l&rsquo;association Saint Authaire et de l\u2019ASU (Association pour la Sauvegarde d\u2018Ussy).<\/p>\n<p>C\u2019est un premier pas pour Ussy et Jouarre, au regard de leur projet d\u2019insertion dans \u00a0le <strong>CHEMIN EUROPEEN de SAINT COLOMBAN<\/strong>.<\/p>\n<p><img data-recalc-dims=\"1\" loading=\"lazy\" decoding=\"async\" class=\"aligncenter\" src=\"https:\/\/i0.wp.com\/2.bp.blogspot.com\/-YOQQRkDCwkY\/Vlhoe7UFKGI\/AAAAAAAACKM\/4gZXfzteuWg\/s320\/3.%2BLes%2Bauditeurs.JPG?resize=320%2C170&#038;ssl=1\" width=\"320\" height=\"170\" border=\"0\" \/><\/p>\n<p>Ce \u00ab\u00a0Chemin\u00a0\u00bb sera \u00e0 l\u2019image de celui de <strong>Compostelle<\/strong>, et \u00e0 l\u2019\u00e9chelle de l\u2019Europe, entre l\u2019Irlande et l\u2019Italie en passant par l\u2019Angleterre, la France, l\u2019Allemagne, la Suisse et l\u2019Italie, sur les traces de la \u00ab p\u00e9r\u00e9grination \u00bb de saint Colomban, le \u00ab Randonneur de Dieu \u00bb d\u00e9c\u00e9d\u00e9 \u00e0 Bobbio en Italie en l\u2019an 615.<\/p>\n<p><em>Yvonne AMPEN<\/em><\/p>\n<p><em>Pr\u00e9sidente de l&rsquo;association Saint Authaire<\/em><\/p>\n<p style=\"text-align: center;\"><em>&#8212;&#8212;&#8212;&#8212;&#8212;&#8212;&#8212;&#8212;&#8212;&#8212;&#8212;&#8212;&#8212;&#8212;&#8212;&#8212;&#8212;-<\/em><\/p>\n<p>Pour toute information compl\u00e9mentaire\u00a0:<\/p>\n<p><strong>Association Saint Authaire <\/strong>\u00e0 Ussy : \u00a001 60 22 13 55<\/p>\n<p><strong>A.S.U<\/strong>.\u00a0 <em>Association de Sauvegarde d&rsquo;U<\/em><em>ssy <a href=\"https:\/\/asu77ussy.fr\/\">Association pour la Sauvegarde d&rsquo;Ussy \u2013 77260 USSY-SUR-MARNE<\/a><\/em><\/p>\n<p><strong>Les Amis de Saint COLOMBAN\u00a0 <\/strong><a href=\"http:\/\/www.amisaintcolomban.org\/\">www.<strong>amisaintcolomban<\/strong>.org\/<\/a><\/p>\n<p><img data-recalc-dims=\"1\" loading=\"lazy\" decoding=\"async\" class=\"aligncenter\" src=\"https:\/\/i0.wp.com\/1.bp.blogspot.com\/--go9ELqSjqQ\/VlhoovSLe_I\/AAAAAAAACKU\/Lf86KU3fUmw\/s320\/1.%2BEglise%2Bd%2527Ussy%2Bsur%2BMarne.JPG?resize=320%2C213&#038;ssl=1\" width=\"320\" height=\"213\" border=\"0\" \/><\/p>\n<pre>Dimanche 22 novembre 2015<\/pre>\n","protected":false},"excerpt":{"rendered":"<p>Dimanche 22 novembre 2015 , une centaine de personnes se sont rassembl\u00e9es \u00e0 l\u2019\u00e9glise d&rsquo;Ussy-sur-Marne, \u00a0\u00e0 l\u2019occasion de la c\u00e9l\u00e9bration<\/p>\n","protected":false},"author":1,"featured_media":0,"parent":463,"menu_order":0,"comment_status":"closed","ping_status":"closed","template":"","meta":{"colormag_page_container_layout":"no_sidebar_content_centered","colormag_page_sidebar_layout":"no_sidebar","jetpack_post_was_ever_published":false,"footnotes":""},"class_list":["post-1746","page","type-page","status-publish","hentry"],"jetpack_sharing_enabled":true,"jetpack_shortlink":"https:\/\/wp.me\/PaUFS9-sa","_links":{"self":[{"href":"https:\/\/asu77ussy.fr\/index.php\/wp-json\/wp\/v2\/pages\/1746","targetHints":{"allow":["GET"]}}],"collection":[{"href":"https:\/\/asu77ussy.fr\/index.php\/wp-json\/wp\/v2\/pages"}],"about":[{"href":"https:\/\/asu77ussy.fr\/index.php\/wp-json\/wp\/v2\/types\/page"}],"author":[{"embeddable":true,"href":"https:\/\/asu77ussy.fr\/index.php\/wp-json\/wp\/v2\/users\/1"}],"replies":[{"embeddable":true,"href":"https:\/\/asu77ussy.fr\/index.php\/wp-json\/wp\/v2\/comments?post=1746"}],"version-history":[{"count":8,"href":"https:\/\/asu77ussy.fr\/index.php\/wp-json\/wp\/v2\/pages\/1746\/revisions"}],"predecessor-version":[{"id":7108,"href":"https:\/\/asu77ussy.fr\/index.php\/wp-json\/wp\/v2\/pages\/1746\/revisions\/7108"}],"up":[{"embeddable":true,"href":"https:\/\/asu77ussy.fr\/index.php\/wp-json\/wp\/v2\/pages\/463"}],"wp:attachment":[{"href":"https:\/\/asu77ussy.fr\/index.php\/wp-json\/wp\/v2\/media?parent=1746"}],"curies":[{"name":"wp","href":"https:\/\/api.w.org\/{rel}","templated":true}]}}

14ème centenaire de la mort de St Colomban nov 2015

<p>Dimanche 22 novembre 2015 , une centaine de personnes se sont rassemblées à l’église d&rsquo;Ussy-sur-Marne,  à l’occasion de la célébration du <img data-recalc-dims="1" loading="lazy" decoding="async" class="alignleft" src="https://i0.wp.com/4.bp.blogspot.com/-BiHWW6opN8o/VlhdiggJgfI/AAAAAAAACJk/LV3x7jEoKJQ/s320/Vitrail.JPG?resize=213%2C320&#038;ssl=1" width="213" height="320" border="0" />14<sup>ème</sup>centenaire de la mort du moine irlandais saint Colomban (615-2015).</p>
<p>Une description du vitrail du Chœur (1888) commentée par le <strong>Père Henri Imbert</strong>, a ouvert la manifestation et permis de découvrir la rencontre du <strong>saint Patron de l’église, AUTHAIRE avec COLOMBAN</strong> en l’an 610 ,et  révélé à nombre de participants, l’existence de ce vitrail rénové en 2013.</p>
<p>Ensuite, la conférence de <strong>Vincent Majewski</strong>, appuyée sur les documents <img data-recalc-dims="1" loading="lazy" decoding="async" class="alignright" src="https://i0.wp.com/1.bp.blogspot.com/-XYikYBBE5Gk/VlheJbOT_rI/AAAAAAAACJ0/CrNM2eMLXKg/s200/Vincent%2BMajewski.JPG?resize=173%2C200&#038;ssl=1" width="173" height="200" border="0" />d’archives de Jonas de Bobbio, biographe de Colomban,  a captivé  l’auditoire.</p>
<p>L’historien  a raconté de façon claire et pédagogique  le contexte politique et religieux de l’époque en <strong>Gaule Mérovingienne</strong>, les démêlées du moine irlandais avec les Seigneurs régnants, puis son exil, et son passage en  Brie du Nord , cherchant refuge auprès de Authaire à <strong>Vulciacum</strong> (Ussy) .</p>
<p>A la  suite de cette rencontre, des sites monastiques  se sont développés en Brie du Nord, dont <strong>Jouarre</strong>, fondé par <strong>ADON</strong>, fils aîné d&rsquo; Authaire.  Le sarcophage d&rsquo;ADON  repose dans la crypte mérovingienne de Jouarre.</p>
<p>Colomban avait fondé un premier monastère en 590, à <strong>Luxeuil-Les-Bains</strong> (Haute-Saône)  avant son passage à Ussy.  Un document édité par Les Amis de Colomban de Luxeuil a été distribué aux participants, et des brochures relatives à  Authaire,  et à l’église d&rsquo;Ussy proposées à la consultation et à la vente.</p>
<p><img data-recalc-dims="1" loading="lazy" decoding="async" class="alignleft" src="https://i0.wp.com/2.bp.blogspot.com/-BlM9tjQ729o/VlhfrT0GWuI/AAAAAAAACJ8/dJEhQ5fcfCU/s200/IMG_4401-2.JPG?resize=181%2C200&#038;ssl=1" width="181" height="200" border="0" />L’office des Vêpres chanté notamment par trois moniales de Jouarre , et présidé  par le <strong>Père Philippe Legrand</strong>, <strong>Vicaire de la Cathédrale de Meaux</strong>, a donné sa dimension spirituelle à cette manifestation  historique et culturelle, Une  émouvante prière composée par COLOMBAN lui même,  a été proclamée comme un point d’orgue final.</p>
<p>Cette célébration a été organisée par le Service Diocésain des Pèlerinages,  avec le concours de la Paroisse du secteur de Saint-Jean dont dépend Ussy, de l&rsquo;association Saint Authaire et de l’ASU (Association pour la Sauvegarde d‘Ussy).</p>
<p>C’est un premier pas pour Ussy et Jouarre, au regard de leur projet d’insertion dans  le <strong>CHEMIN EUROPEEN de SAINT COLOMBAN</strong>.</p>
<p><img data-recalc-dims="1" loading="lazy" decoding="async" class="aligncenter" src="https://i0.wp.com/2.bp.blogspot.com/-YOQQRkDCwkY/Vlhoe7UFKGI/AAAAAAAACKM/4gZXfzteuWg/s320/3.%2BLes%2Bauditeurs.JPG?resize=320%2C170&#038;ssl=1" width="320" height="170" border="0" /></p>
<p>Ce « Chemin » sera à l’image de celui de <strong>Compostelle</strong>, et à l’échelle de l’Europe, entre l’Irlande et l’Italie en passant par l’Angleterre, la France, l’Allemagne, la Suisse et l’Italie, sur les traces de la « pérégrination » de saint Colomban, le « Randonneur de Dieu » décédé à Bobbio en Italie en l’an 615.</p>
<p><em>Yvonne AMPEN</em></p>
<p><em>Présidente de l&rsquo;association Saint Authaire</em></p>
<p style="text-align: center;"><em>&#8212;&#8212;&#8212;&#8212;&#8212;&#8212;&#8212;&#8212;&#8212;&#8212;&#8212;&#8212;&#8212;&#8212;&#8212;&#8212;&#8212;-</em></p>
<p>Pour toute information complémentaire :</p>
<p><strong>Association Saint Authaire </strong>à Ussy :  01 60 22 13 55</p>
<p><strong>A.S.U</strong>.  <em>Association de Sauvegarde d&rsquo;U</em><em>ssy <a href="https://asu77ussy.fr/">Association pour la Sauvegarde d&rsquo;Ussy – 77260 USSY-SUR-MARNE</a></em></p>
<p><strong>Les Amis de Saint COLOMBAN  </strong><a href="http://www.amisaintcolomban.org/">www.<strong>amisaintcolomban</strong>.org/</a></p>
<p><img data-recalc-dims="1" loading="lazy" decoding="async" class="aligncenter" src="https://i0.wp.com/1.bp.blogspot.com/--go9ELqSjqQ/VlhoovSLe_I/AAAAAAAACKU/Lf86KU3fUmw/s320/1.%2BEglise%2Bd%2527Ussy%2Bsur%2BMarne.JPG?resize=320%2C213&#038;ssl=1" width="320" height="213" border="0" /></p>
<pre>Dimanche 22 novembre 2015</pre>

<p>Dimanche 22 novembre 2015 , une centaine de personnes se sont rassemblées à l’église d&rsquo;Ussy-sur-Marne,  à l’occasion de la célébration</p>
