{"id":1737,"date":"2019-08-23T10:55:42","date_gmt":"2019-08-23T08:55:42","guid":{"rendered":"http:\/\/asu77ussy.fr\/?page_id=1737"},"modified":"2019-10-04T21:36:02","modified_gmt":"2019-10-04T19:36:02","slug":"inauguration","status":"publish","type":"page","link":"https:\/\/asu77ussy.fr\/index.php\/saint-colomban\/inauguration\/","title":{"rendered":"Inauguration statue Saint Colomban sept 2016"},"content":{"rendered":"<h3><img data-recalc-dims=\"1\" loading=\"lazy\" decoding=\"async\" class=\"size-medium wp-image-1584 aligncenter\" src=\"https:\/\/i0.wp.com\/www.lesamisbretonsdecolomban.fr\/wp-content\/uploads\/2016\/08\/statue-devoilee-2-300x128.jpg?resize=320%2C136\" sizes=\"auto, (max-width: 300px) 100vw, 300px\" srcset=\"http:\/\/www.lesamisbretonsdecolomban.fr\/wp-content\/uploads\/2016\/08\/statue-devoilee-2-300x128.jpg 300w, http:\/\/www.lesamisbretonsdecolomban.fr\/wp-content\/uploads\/2016\/08\/statue-devoilee-2-768x327.jpg 768w, http:\/\/www.lesamisbretonsdecolomban.fr\/wp-content\/uploads\/2016\/08\/statue-devoilee-2-1024x437.jpg 1024w\" alt=\"statue-devoilee-apres\" width=\"320\" height=\"136\" \/><\/h3>\n<p>UNE STATUE repr\u00e9sentant SAINT COLOMBAN a \u00e9t\u00e9 inaugur\u00e9e en Bretagne, \u00e0 la Vall\u00e9e des Saints.<br \/>\nRevue de presse et photos de <strong>l&rsquo;inauguration de la statue de Saint-Colomban <\/strong>\u00e0 la vall\u00e9e des Saints par nos Amis bretons de Colomban\u00a0;<\/p>\n<p><a href=\"http:\/\/www.lesamisbretonsdecolomban.fr\/2016\/08\/un-bel-apres-midi-a-la-vallee-des-saints\/\">http:\/\/www.lesamisbretonsdecolomban.fr\/2016\/08\/un-bel-apres-midi-a-la-vallee-des-saints\/<\/a><\/p>\n<p>ou sur Facebook<\/p>\n<p><a href=\"https:\/\/www.facebook.com\/VDS-Colomban-374693546065462\/\">https:\/\/www.facebook.com\/VDS-Colomban-374693546065462\/<\/a><\/p>\n<pre>vendredi 16 septembre 2016<\/pre>\n","protected":false},"excerpt":{"rendered":"<p>UNE STATUE repr\u00e9sentant SAINT COLOMBAN a \u00e9t\u00e9 inaugur\u00e9e en Bretagne, \u00e0 la Vall\u00e9e des Saints. Revue de presse et photos<\/p>\n","protected":false},"author":1,"featured_media":0,"parent":463,"menu_order":0,"comment_status":"closed","ping_status":"closed","template":"","meta":{"colormag_page_container_layout":"no_sidebar_content_centered","colormag_page_sidebar_layout":"no_sidebar","jetpack_post_was_ever_published":false,"footnotes":""},"class_list":["post-1737","page","type-page","status-publish","hentry"],"jetpack_sharing_enabled":true,"jetpack_shortlink":"https:\/\/wp.me\/PaUFS9-s1","_links":{"self":[{"href":"https:\/\/asu77ussy.fr\/index.php\/wp-json\/wp\/v2\/pages\/1737","targetHints":{"allow":["GET"]}}],"collection":[{"href":"https:\/\/asu77ussy.fr\/index.php\/wp-json\/wp\/v2\/pages"}],"about":[{"href":"https:\/\/asu77ussy.fr\/index.php\/wp-json\/wp\/v2\/types\/page"}],"author":[{"embeddable":true,"href":"https:\/\/asu77ussy.fr\/index.php\/wp-json\/wp\/v2\/users\/1"}],"replies":[{"embeddable":true,"href":"https:\/\/asu77ussy.fr\/index.php\/wp-json\/wp\/v2\/comments?post=1737"}],"version-history":[{"count":2,"href":"https:\/\/asu77ussy.fr\/index.php\/wp-json\/wp\/v2\/pages\/1737\/revisions"}],"predecessor-version":[{"id":2302,"href":"https:\/\/asu77ussy.fr\/index.php\/wp-json\/wp\/v2\/pages\/1737\/revisions\/2302"}],"up":[{"embeddable":true,"href":"https:\/\/asu77ussy.fr\/index.php\/wp-json\/wp\/v2\/pages\/463"}],"wp:attachment":[{"href":"https:\/\/asu77ussy.fr\/index.php\/wp-json\/wp\/v2\/media?parent=1737"}],"curies":[{"name":"wp","href":"https:\/\/api.w.org\/{rel}","templated":true}]}}

<h3><img data-recalc-dims="1" loading="lazy" decoding="async" class="size-medium wp-image-1584 aligncenter" src="https://i0.wp.com/www.lesamisbretonsdecolomban.fr/wp-content/uploads/2016/08/statue-devoilee-2-300x128.jpg?resize=320%2C136" sizes="auto, (max-width: 300px) 100vw, 300px" srcset="http://www.lesamisbretonsdecolomban.fr/wp-content/uploads/2016/08/statue-devoilee-2-300x128.jpg 300w, http://www.lesamisbretonsdecolomban.fr/wp-content/uploads/2016/08/statue-devoilee-2-768x327.jpg 768w, http://www.lesamisbretonsdecolomban.fr/wp-content/uploads/2016/08/statue-devoilee-2-1024x437.jpg 1024w" alt="statue-devoilee-apres" width="320" height="136" /></h3>
<p>UNE STATUE représentant SAINT COLOMBAN a été inaugurée en Bretagne, à la Vallée des Saints.<br />
Revue de presse et photos de <strong>l&rsquo;inauguration de la statue de Saint-Colomban </strong>à la vallée des Saints par nos Amis bretons de Colomban ;</p>
<p><a href="http://www.lesamisbretonsdecolomban.fr/2016/08/un-bel-apres-midi-a-la-vallee-des-saints/">http://www.lesamisbretonsdecolomban.fr/2016/08/un-bel-apres-midi-a-la-vallee-des-saints/</a></p>
<p>ou sur Facebook</p>
<p><a href="https://www.facebook.com/VDS-Colomban-374693546065462/">https://www.facebook.com/VDS-Colomban-374693546065462/</a></p>
<pre>vendredi 16 septembre 2016</pre>

<p>UNE STATUE représentant SAINT COLOMBAN a été inaugurée en Bretagne, à la Vallée des Saints. Revue de presse et photos</p>
