{"id":1733,"date":"2019-08-23T10:51:58","date_gmt":"2019-08-23T08:51:58","guid":{"rendered":"http:\/\/asu77ussy.fr\/?page_id=1733"},"modified":"2019-11-21T15:22:23","modified_gmt":"2019-11-21T14:22:23","slug":"sculpture-de-saint-colomban-sur-kto-tv","status":"publish","type":"page","link":"https:\/\/asu77ussy.fr\/index.php\/saint-colomban\/sculpture-de-saint-colomban-sur-kto-tv\/","title":{"rendered":"Sculpture de Saint Colomban oct 2018"},"content":{"rendered":"<p>Chers Amis Colombaniens<\/p>\n<p>Emmanuel Querry, responsable des Emissions Magazines \u00e0 KTO et Ami de saint Colomban,&nbsp;a r\u00e9alis\u00e9 un reportage&nbsp;sur Didier Hardellet et sa sculpture de saint Colomban, dans la Vall\u00e9e des Saints.<\/p>\n<p>&nbsp;Cela s&rsquo;\u2019appelle \u00ab&nbsp;Portrait d\u2019&rsquo;artiste&nbsp;\u00bb Didier Hardellet, sculpteur<\/p>\n<p><strong>&nbsp;La premi\u00e8re diffusion a eu lieumardi 18 octobre \u00e0 20h35<\/strong><\/p>\n<p>Ce programme sera accessible sur You Tube&nbsp;: voici un lien&nbsp;permettant de <img data-recalc-dims=\"1\" loading=\"lazy\" decoding=\"async\" width=\"200\" height=\"112\" class=\"alignright\" src=\"https:\/\/i0.wp.com\/4.bp.blogspot.com\/-vUzpdVnM22g\/WAYxTLH2VjI\/AAAAAAAACiM\/u3UoCbtgYlAY2tPbeGUZr4bVNPlM1M-RgCLcB\/s200\/sans-titre.png?resize=200%2C112&#038;ssl=1\" border=\"0\">retrouver ce programme : <a href=\"http:\/\/www.ktotv.com\/video\/00108634\/didier-hardellet-sculpteur\">http:\/\/www.ktotv.com\/video\/00108634\/didier-hardellet-sculpteur<\/a><\/p>\n<p>Voici toutes les mani\u00e8res de recevoir KTO&nbsp;: <a href=\"http:\/\/www.ktotv.com\/recevoir-kto\">http:\/\/www.ktotv.com\/recevoir-kto<\/a>&nbsp;<\/p>\n<p>Amiti\u00e9s colombaniennes \u00e0 tous.<\/p>\n<p>Jacques Prudhon<br \/>\nPr\u00e9sident de l&rsquo;association \u00ab\u00a0Les Amis de Saint Colomban\u00a0\u00bb<br \/>\n12 rue Saint Colomban<br \/>\n70 300&nbsp;&nbsp;&nbsp;&nbsp;&nbsp;&nbsp;&nbsp;&nbsp; Luxeuil les Bains<br \/>\nt\u00e9l: 03 84 40 30 03<br \/>\njacques.prudhon@wanadoo.fr<br \/>\n<a href=\"http:\/\/www.amisaintcolomban.org\/\">www.amisaintcolomban.org<\/a><\/p>\n<pre>mardi 18 octobre 2016<\/pre>\n","protected":false},"excerpt":{"rendered":"<p>Chers Amis Colombaniens Emmanuel Querry, responsable des Emissions Magazines \u00e0 KTO et Ami de saint Colomban,&nbsp;a r\u00e9alis\u00e9 un reportage&nbsp;sur Didier<\/p>\n","protected":false},"author":1,"featured_media":0,"parent":463,"menu_order":0,"comment_status":"closed","ping_status":"closed","template":"","meta":{"colormag_page_container_layout":"no_sidebar_content_centered","colormag_page_sidebar_layout":"no_sidebar","jetpack_post_was_ever_published":false,"footnotes":""},"class_list":["post-1733","page","type-page","status-publish","hentry"],"jetpack_sharing_enabled":true,"jetpack_shortlink":"https:\/\/wp.me\/PaUFS9-rX","_links":{"self":[{"href":"https:\/\/asu77ussy.fr\/index.php\/wp-json\/wp\/v2\/pages\/1733","targetHints":{"allow":["GET"]}}],"collection":[{"href":"https:\/\/asu77ussy.fr\/index.php\/wp-json\/wp\/v2\/pages"}],"about":[{"href":"https:\/\/asu77ussy.fr\/index.php\/wp-json\/wp\/v2\/types\/page"}],"author":[{"embeddable":true,"href":"https:\/\/asu77ussy.fr\/index.php\/wp-json\/wp\/v2\/users\/1"}],"replies":[{"embeddable":true,"href":"https:\/\/asu77ussy.fr\/index.php\/wp-json\/wp\/v2\/comments?post=1733"}],"version-history":[{"count":2,"href":"https:\/\/asu77ussy.fr\/index.php\/wp-json\/wp\/v2\/pages\/1733\/revisions"}],"predecessor-version":[{"id":2643,"href":"https:\/\/asu77ussy.fr\/index.php\/wp-json\/wp\/v2\/pages\/1733\/revisions\/2643"}],"up":[{"embeddable":true,"href":"https:\/\/asu77ussy.fr\/index.php\/wp-json\/wp\/v2\/pages\/463"}],"wp:attachment":[{"href":"https:\/\/asu77ussy.fr\/index.php\/wp-json\/wp\/v2\/media?parent=1733"}],"curies":[{"name":"wp","href":"https:\/\/api.w.org\/{rel}","templated":true}]}}

<p>Chers Amis Colombaniens</p>
<p>Emmanuel Querry, responsable des Emissions Magazines à KTO et Ami de saint Colomban,&nbsp;a réalisé un reportage&nbsp;sur Didier Hardellet et sa sculpture de saint Colomban, dans la Vallée des Saints.</p>
<p>&nbsp;Cela s&rsquo;’appelle «&nbsp;Portrait d’&rsquo;artiste&nbsp;» Didier Hardellet, sculpteur</p>
<p><strong>&nbsp;La première diffusion a eu lieumardi 18 octobre à 20h35</strong></p>
<p>Ce programme sera accessible sur You Tube&nbsp;: voici un lien&nbsp;permettant de <img data-recalc-dims="1" loading="lazy" decoding="async" width="200" height="112" class="alignright" src="https://i0.wp.com/4.bp.blogspot.com/-vUzpdVnM22g/WAYxTLH2VjI/AAAAAAAACiM/u3UoCbtgYlAY2tPbeGUZr4bVNPlM1M-RgCLcB/s200/sans-titre.png?resize=200%2C112&#038;ssl=1" border="0">retrouver ce programme : <a href="http://www.ktotv.com/video/00108634/didier-hardellet-sculpteur">http://www.ktotv.com/video/00108634/didier-hardellet-sculpteur</a></p>
<p>Voici toutes les manières de recevoir KTO&nbsp;: <a href="http://www.ktotv.com/recevoir-kto">http://www.ktotv.com/recevoir-kto</a>&nbsp;</p>
<p>Amitiés colombaniennes à tous.</p>
<p>Jacques Prudhon<br />
Président de l&rsquo;association « Les Amis de Saint Colomban »<br />
12 rue Saint Colomban<br />
70 300&nbsp;&nbsp;&nbsp;&nbsp;&nbsp;&nbsp;&nbsp;&nbsp; Luxeuil les Bains<br />
tél: 03 84 40 30 03<br />
jacques.prudhon@wanadoo.fr<br />
<a href="http://www.amisaintcolomban.org/">www.amisaintcolomban.org</a></p>
<pre>mardi 18 octobre 2016</pre>

<p>Chers Amis Colombaniens Emmanuel Querry, responsable des Emissions Magazines à KTO et Ami de saint Colomban,&nbsp;a réalisé un reportage&nbsp;sur Didier</p>
