{"id":1731,"date":"2019-08-23T10:48:41","date_gmt":"2019-08-23T08:48:41","guid":{"rendered":"http:\/\/asu77ussy.fr\/?page_id=1731"},"modified":"2019-11-21T15:18:48","modified_gmt":"2019-11-21T14:18:48","slug":"saint-colomban-et-les-origines-de-leurope","status":"publish","type":"page","link":"https:\/\/asu77ussy.fr\/index.php\/saint-colomban\/saint-colomban-et-les-origines-de-leurope\/","title":{"rendered":"St Colomban et les origines de l&rsquo;Europe mars 2017"},"content":{"rendered":"<p>La chaine de t\u00e9l\u00e9vision ARTE a diffus\u00e9, samedi 11 mars, un documentaire sur l&rsquo;histoire de l&rsquo;Europe. Le deuxi\u00e8me \u00e9pisode consacre quelques instants aux saints Colomban et Gall qui permettent aux t\u00e9l\u00e9spectateurs de comprendre le r\u00f4le des saint irlandais dans les origines de l&rsquo;Europe.<\/p>\n<p><a href=\"http:\/\/www.arte.tv\/guide\/fr\/062161-002-A\/notre-europe-quelle-histoire-2-10\">http:\/\/www.arte.tv\/guide\/fr\/062161-002-A\/notre-europe-quelle-histoire-2-10<\/a><\/p>\n<p>Jacques Prudhon<br \/>\nPr\u00e9sident de l&rsquo;association \u00ab\u00a0Les Amis de Saint Colomban\u00a0\u00bb<\/p>\n<pre>vendredi 24 mars 2017<\/pre>\n","protected":false},"excerpt":{"rendered":"<p>La chaine de t\u00e9l\u00e9vision ARTE a diffus\u00e9, samedi 11 mars, un documentaire sur l&rsquo;histoire de l&rsquo;Europe. Le deuxi\u00e8me \u00e9pisode consacre<\/p>\n","protected":false},"author":1,"featured_media":0,"parent":463,"menu_order":0,"comment_status":"closed","ping_status":"closed","template":"","meta":{"colormag_page_container_layout":"no_sidebar_content_centered","colormag_page_sidebar_layout":"no_sidebar","jetpack_post_was_ever_published":false,"footnotes":""},"class_list":["post-1731","page","type-page","status-publish","hentry"],"jetpack_sharing_enabled":true,"jetpack_shortlink":"https:\/\/wp.me\/PaUFS9-rV","_links":{"self":[{"href":"https:\/\/asu77ussy.fr\/index.php\/wp-json\/wp\/v2\/pages\/1731","targetHints":{"allow":["GET"]}}],"collection":[{"href":"https:\/\/asu77ussy.fr\/index.php\/wp-json\/wp\/v2\/pages"}],"about":[{"href":"https:\/\/asu77ussy.fr\/index.php\/wp-json\/wp\/v2\/types\/page"}],"author":[{"embeddable":true,"href":"https:\/\/asu77ussy.fr\/index.php\/wp-json\/wp\/v2\/users\/1"}],"replies":[{"embeddable":true,"href":"https:\/\/asu77ussy.fr\/index.php\/wp-json\/wp\/v2\/comments?post=1731"}],"version-history":[{"count":3,"href":"https:\/\/asu77ussy.fr\/index.php\/wp-json\/wp\/v2\/pages\/1731\/revisions"}],"predecessor-version":[{"id":2641,"href":"https:\/\/asu77ussy.fr\/index.php\/wp-json\/wp\/v2\/pages\/1731\/revisions\/2641"}],"up":[{"embeddable":true,"href":"https:\/\/asu77ussy.fr\/index.php\/wp-json\/wp\/v2\/pages\/463"}],"wp:attachment":[{"href":"https:\/\/asu77ussy.fr\/index.php\/wp-json\/wp\/v2\/media?parent=1731"}],"curies":[{"name":"wp","href":"https:\/\/api.w.org\/{rel}","templated":true}]}}

<p>La chaine de télévision ARTE a diffusé, samedi 11 mars, un documentaire sur l&rsquo;histoire de l&rsquo;Europe. Le deuxième épisode consacre quelques instants aux saints Colomban et Gall qui permettent aux téléspectateurs de comprendre le rôle des saint irlandais dans les origines de l&rsquo;Europe.</p>
<p><a href="http://www.arte.tv/guide/fr/062161-002-A/notre-europe-quelle-histoire-2-10">http://www.arte.tv/guide/fr/062161-002-A/notre-europe-quelle-histoire-2-10</a></p>
<p>Jacques Prudhon<br />
Président de l&rsquo;association « Les Amis de Saint Colomban »</p>
<pre>vendredi 24 mars 2017</pre>

<p>La chaine de télévision ARTE a diffusé, samedi 11 mars, un documentaire sur l&rsquo;histoire de l&rsquo;Europe. Le deuxième épisode consacre</p>
