{"id":1720,"date":"2019-08-22T10:46:30","date_gmt":"2019-08-22T08:46:30","guid":{"rendered":"http:\/\/asu77ussy.fr\/?page_id=1720"},"modified":"2019-11-21T15:16:49","modified_gmt":"2019-11-21T14:16:49","slug":"visite-a-la-tour-romane-de-jouarre","status":"publish","type":"page","link":"https:\/\/asu77ussy.fr\/index.php\/monuments-patrimoine\/visite-a-la-tour-romane-de-jouarre\/","title":{"rendered":"Exposition IRLANDE EN BRIE ao\u00fbt 2017"},"content":{"rendered":"<h3 class=\"post-title entry-title\" style=\"text-align: center;\">Exposition de mars \u00e0 octobre 2017<\/h3>\n<div class=\"post-header\">\n<div class=\"post-header-line-1\"><\/div>\n<\/div>\n<div class=\"post-body entry-content\" id=\"post-body-2504636377151270507\">\n<div class=\"separator\"><a href=\"https:\/\/i0.wp.com\/4.bp.blogspot.com\/-jsUjE8E-iXA\/WZV1rmmci-I\/AAAAAAAADIE\/xHYA1FYcxRkuotHRB7zwiqbOafTpYjDFgCLcBGAs\/s1600\/IMG_4700.JPG?ssl=1\"><img data-recalc-dims=\"1\" loading=\"lazy\" decoding=\"async\" width=\"640\" height=\"480\" src=\"https:\/\/i0.wp.com\/4.bp.blogspot.com\/-jsUjE8E-iXA\/WZV1rmmci-I\/AAAAAAAADIE\/xHYA1FYcxRkuotHRB7zwiqbOafTpYjDFgCLcBGAs\/s640\/IMG_4700.JPG?resize=640%2C480&#038;ssl=1\" border=\"0\" data-original-height=\"1200\" data-original-width=\"1600\"><\/a><\/div>\n<p>Accompagn\u00e9e par Madeleine LAFLEUR (membre active de l&rsquo;A.S.U.) et B\u00e9atrice DU SAULT (Tr\u00e9sori\u00e8re de l&rsquo;Association), je me suis rendue \u00e0 l&rsquo;Abbaye de Jouarre ce samedi du mois d&rsquo;ao\u00fbt, afin de voir l&rsquo;exposition <i>IRLANDE EN BRIE<\/i>.<\/p>\n<div class=\"separator\"><a href=\"https:\/\/i0.wp.com\/1.bp.blogspot.com\/-WsMMXiTmU5o\/WZV1vzFwXGI\/AAAAAAAADII\/K5mTZWw2gMgzs_2TpF3fAmm55M34pZPaACLcBGAs\/s1600\/IMG_4702.JPG?ssl=1\"><img data-recalc-dims=\"1\" loading=\"lazy\" decoding=\"async\" width=\"240\" height=\"320\" src=\"https:\/\/i0.wp.com\/1.bp.blogspot.com\/-WsMMXiTmU5o\/WZV1vzFwXGI\/AAAAAAAADII\/K5mTZWw2gMgzs_2TpF3fAmm55M34pZPaACLcBGAs\/s320\/IMG_4702.JPG?resize=240%2C320&#038;ssl=1\" border=\"0\" data-original-height=\"1600\" data-original-width=\"1200\"><\/a><a href=\"https:\/\/i0.wp.com\/1.bp.blogspot.com\/-e73LffHQEqg\/WZV1yiHPLPI\/AAAAAAAADIM\/5g10VYVda1cefIe4DM5YqgWvPDJ-97AKACLcBGAs\/s1600\/IMG_4706.JPG?ssl=1\"><img data-recalc-dims=\"1\" loading=\"lazy\" decoding=\"async\" width=\"320\" height=\"240\" class=\"alignright\" src=\"https:\/\/i0.wp.com\/1.bp.blogspot.com\/-e73LffHQEqg\/WZV1yiHPLPI\/AAAAAAAADIM\/5g10VYVda1cefIe4DM5YqgWvPDJ-97AKACLcBGAs\/s320\/IMG_4706.JPG?resize=320%2C240&#038;ssl=1\" border=\"0\" data-original-height=\"1200\" data-original-width=\"1600\"><\/a><\/div>\n<p>Arriv\u00e9e au premier \u00e9tage de la Tour Romane (ancien clocher de l&rsquo;\u00e9glise abbatiale) par un petit escalier en colima\u00e7on d\u00e9bouchant sur une premi\u00e8re salle o\u00f9 est retrac\u00e9e l&rsquo;histoire de l&rsquo;Abbaye.<\/p>\n<div class=\"separator\"><a href=\"https:\/\/i0.wp.com\/2.bp.blogspot.com\/-fNehTB9KniU\/WZV12ROBTzI\/AAAAAAAADIQ\/SRhL4N0NJLodvIE9-iium-tSPMzZluOoACLcBGAs\/s1600\/IMG_4707.JPG?ssl=1\"><img data-recalc-dims=\"1\" loading=\"lazy\" decoding=\"async\" width=\"480\" height=\"640\" class=\"aligncenter\" src=\"https:\/\/i0.wp.com\/2.bp.blogspot.com\/-fNehTB9KniU\/WZV12ROBTzI\/AAAAAAAADIQ\/SRhL4N0NJLodvIE9-iium-tSPMzZluOoACLcBGAs\/s640\/IMG_4707.JPG?resize=480%2C640&#038;ssl=1\" border=\"0\" data-original-height=\"1600\" data-original-width=\"1200\"><\/a><\/div>\n<div class=\"separator\"><a href=\"https:\/\/i0.wp.com\/4.bp.blogspot.com\/-TtrP6W9rtR4\/WZV15S6_oNI\/AAAAAAAADIU\/xA-5kAanMtoMa3RwFjpRw3W5Ja9dFaaRwCLcBGAs\/s1600\/IMG_4709.JPG?ssl=1\"><img data-recalc-dims=\"1\" loading=\"lazy\" decoding=\"async\" width=\"640\" height=\"480\" src=\"https:\/\/i0.wp.com\/4.bp.blogspot.com\/-TtrP6W9rtR4\/WZV15S6_oNI\/AAAAAAAADIU\/xA-5kAanMtoMa3RwFjpRw3W5Ja9dFaaRwCLcBGAs\/s640\/IMG_4709.JPG?resize=640%2C480&#038;ssl=1\" border=\"0\" data-original-height=\"1200\" data-original-width=\"1600\"><\/a><\/div>\n<div class=\"separator\"><a href=\"https:\/\/i0.wp.com\/4.bp.blogspot.com\/-8ReL7bOo_WY\/WZV1-gYawAI\/AAAAAAAADIY\/XjuYufZZq9AxHtfgCkwQe8vjB5Nya8LpACLcBGAs\/s1600\/IMG_4712.JPG?ssl=1\"><img data-recalc-dims=\"1\" loading=\"lazy\" decoding=\"async\" width=\"640\" height=\"480\" src=\"https:\/\/i0.wp.com\/4.bp.blogspot.com\/-8ReL7bOo_WY\/WZV1-gYawAI\/AAAAAAAADIY\/XjuYufZZq9AxHtfgCkwQe8vjB5Nya8LpACLcBGAs\/s640\/IMG_4712.JPG?resize=640%2C480&#038;ssl=1\" border=\"0\" data-original-height=\"1200\" data-original-width=\"1600\"><\/a><\/div>\n<div>Dans la seconde partie, nous d\u00e9couvrons l&rsquo;exposition qui a \u00e9t\u00e9 r\u00e9alis\u00e9e dans le cadre de la <b><\/b>cr\u00e9ation du <b>Chemin europ\u00e9en de Colomban <\/b>dont Ussy constitue une \u00e9tape.<\/div>\n<div class=\"separator\"><\/div>\n<div class=\"separator\"><a href=\"https:\/\/i0.wp.com\/2.bp.blogspot.com\/-yFmSCR5mjiw\/WZV2BJgevbI\/AAAAAAAADIc\/ZXJAsLl3paQ0zdFnboXqpBoMJSzI_QRMwCLcBGAs\/s1600\/IMG_4713.JPG?ssl=1\"><img data-recalc-dims=\"1\" loading=\"lazy\" decoding=\"async\" width=\"640\" height=\"480\" src=\"https:\/\/i0.wp.com\/2.bp.blogspot.com\/-yFmSCR5mjiw\/WZV2BJgevbI\/AAAAAAAADIc\/ZXJAsLl3paQ0zdFnboXqpBoMJSzI_QRMwCLcBGAs\/s640\/IMG_4713.JPG?resize=640%2C480&#038;ssl=1\" border=\"0\" data-original-height=\"1200\" data-original-width=\"1600\"><\/a><\/div>\n<div>Les textes des panneaux d&rsquo;Ussy ont \u00e9t\u00e9 en grande partie r\u00e9dig\u00e9s par Mme Yvonne AMPEN (Vice-Pr\u00e9sidente de l&rsquo;ASU) et M. Jean-Paul GUILLAUMET (Pr\u00e9sident de l&rsquo;ASU) avec le concours de Nathalie ENSERGUEIX qui est charg\u00e9e des archives au dioc\u00e8se de Meaux.<\/div>\n<div>Chaque association partenaire a cr\u00e9\u00e9 ses propres panneaux \u00e0 commencer par les 4 premiers (situ\u00e9s \u00e0 l&rsquo;\u00e9tage) qui viennent directement de Luxeuil, ainsi que les 2 grands du rez de chauss\u00e9e dans la boutique. Les autres ont \u00e9t\u00e9 r\u00e9alis\u00e9s par les Soeurs de Jouarre, et ceux sur Saint Fiacre, autre moine irlandais, par l&rsquo;Association St Fiacre.<\/div>\n<div class=\"separator\"><\/div>\n<div class=\"separator\"><a href=\"https:\/\/i0.wp.com\/2.bp.blogspot.com\/-uLMURMZBy7g\/WZV2EW7TcPI\/AAAAAAAADIg\/kAnmXjwoPfQijI6REgbS3hRqkikqv9qgQCLcBGAs\/s1600\/IMG_4714.JPG?ssl=1\"><img data-recalc-dims=\"1\" loading=\"lazy\" decoding=\"async\" width=\"300\" height=\"400\" class=\"aligncenter\" src=\"https:\/\/i0.wp.com\/2.bp.blogspot.com\/-uLMURMZBy7g\/WZV2EW7TcPI\/AAAAAAAADIg\/kAnmXjwoPfQijI6REgbS3hRqkikqv9qgQCLcBGAs\/s400\/IMG_4714.JPG?resize=300%2C400&#038;ssl=1\" border=\"0\" data-original-height=\"1600\" data-original-width=\"1200\"><\/a><\/div>\n<p><a href=\"https:\/\/i0.wp.com\/3.bp.blogspot.com\/-nFF_U0LD6b8\/WZV2Ly1oh_I\/AAAAAAAADIo\/FbLyN5bwdgM-6EgG4-hn0nZDnrixJLJFACLcBGAs\/s1600\/IMG_4715.JPG?ssl=1\"><img data-recalc-dims=\"1\" loading=\"lazy\" decoding=\"async\" width=\"300\" height=\"400\" class=\"aligncenter\" src=\"https:\/\/i0.wp.com\/3.bp.blogspot.com\/-nFF_U0LD6b8\/WZV2Ly1oh_I\/AAAAAAAADIo\/FbLyN5bwdgM-6EgG4-hn0nZDnrixJLJFACLcBGAs\/s400\/IMG_4715.JPG?resize=300%2C400&#038;ssl=1\" border=\"0\" data-original-height=\"1600\" data-original-width=\"1200\"><\/a>Madeleine a \u00e9t\u00e9 tr\u00e8s impressionn\u00e9e par tout le travail de recherche fourni pour mettre en place cette pr\u00e9sentation. Quant \u00e0 B\u00e9atrice, elle n&rsquo;est pas sans cacher la fiert\u00e9 qu&rsquo;elle a eu de mettre sur pied cet \u00e9v\u00e8nement qui, rappelons le, est ouvert jusqu&rsquo;au 15 octobre prochain.<\/p>\n<div class=\"separator\"><img data-recalc-dims=\"1\" loading=\"lazy\" decoding=\"async\" width=\"640\" height=\"480\" src=\"https:\/\/i0.wp.com\/4.bp.blogspot.com\/-OR9ElxrTTmY\/WZV2JS0vvVI\/AAAAAAAADIk\/Fdq7eRSPa3M9lG_ofp5YvcIPf4RBKqNvwCLcBGAs\/s640\/IMG_4718.JPG?resize=640%2C480&#038;ssl=1\" border=\"0\" data-original-height=\"1200\" data-original-width=\"1600\"><\/div>\n<div>Cette tour r\u00e9serve bien d&rsquo;autres surprises : une salle audio-visuelle permet de visionner un film sur la vie religieuse, une salle de lecture spirituelle, un magasin d\u2019artisanat monastique.<\/div>\n<div><\/div>\n<div>Ouvert tous les jours sauf le mardi.<br \/>\nLes lundi, mercredi, jeudi et vendredi de 14h30 \u00e0 18h, les samedi et dimanche de 11h \u00e0 12h15 et de 14h30 \u00e0 18h.<\/div>\n<div><\/div>\n<div>De mon c\u00f4t\u00e9, je f\u00e9licite tous les auteurs de cette manifestation, qui sont pour la plus-part des b\u00e9n\u00e9voles.<\/div>\n<p>Nathalie BURON,<br \/>\nWebmestre de l&rsquo;A.S.U.<\/p>\n<div class=\"separator\"><a href=\"https:\/\/i0.wp.com\/3.bp.blogspot.com\/-tXY_HLOiFww\/WZV2PCgQnFI\/AAAAAAAADIs\/0DnqhFwsO6E2kOKKjpQkTzPenmGfuTdeACLcBGAs\/s1600\/IMG_4722.JPG?ssl=1\"><img data-recalc-dims=\"1\" loading=\"lazy\" decoding=\"async\" width=\"640\" height=\"480\" src=\"https:\/\/i0.wp.com\/3.bp.blogspot.com\/-tXY_HLOiFww\/WZV2PCgQnFI\/AAAAAAAADIs\/0DnqhFwsO6E2kOKKjpQkTzPenmGfuTdeACLcBGAs\/s640\/IMG_4722.JPG?resize=640%2C480&#038;ssl=1\" border=\"0\" data-original-height=\"1200\" data-original-width=\"1600\"><\/a><\/div>\n<\/div>\n<pre>Samedi 12 ao\u00fbt 2017<\/pre>\n","protected":false},"excerpt":{"rendered":"<p>Exposition de mars \u00e0 octobre 2017 Accompagn\u00e9e par Madeleine LAFLEUR (membre active de l&rsquo;A.S.U.) et B\u00e9atrice DU SAULT (Tr\u00e9sori\u00e8re de<\/p>\n","protected":false},"author":1,"featured_media":0,"parent":2298,"menu_order":0,"comment_status":"closed","ping_status":"closed","template":"","meta":{"colormag_page_container_layout":"no_sidebar_content_centered","colormag_page_sidebar_layout":"no_sidebar","jetpack_post_was_ever_published":false,"footnotes":""},"class_list":["post-1720","page","type-page","status-publish","hentry"],"jetpack_sharing_enabled":true,"jetpack_shortlink":"https:\/\/wp.me\/PaUFS9-rK","_links":{"self":[{"href":"https:\/\/asu77ussy.fr\/index.php\/wp-json\/wp\/v2\/pages\/1720","targetHints":{"allow":["GET"]}}],"collection":[{"href":"https:\/\/asu77ussy.fr\/index.php\/wp-json\/wp\/v2\/pages"}],"about":[{"href":"https:\/\/asu77ussy.fr\/index.php\/wp-json\/wp\/v2\/types\/page"}],"author":[{"embeddable":true,"href":"https:\/\/asu77ussy.fr\/index.php\/wp-json\/wp\/v2\/users\/1"}],"replies":[{"embeddable":true,"href":"https:\/\/asu77ussy.fr\/index.php\/wp-json\/wp\/v2\/comments?post=1720"}],"version-history":[{"count":5,"href":"https:\/\/asu77ussy.fr\/index.php\/wp-json\/wp\/v2\/pages\/1720\/revisions"}],"predecessor-version":[{"id":2639,"href":"https:\/\/asu77ussy.fr\/index.php\/wp-json\/wp\/v2\/pages\/1720\/revisions\/2639"}],"up":[{"embeddable":true,"href":"https:\/\/asu77ussy.fr\/index.php\/wp-json\/wp\/v2\/pages\/2298"}],"wp:attachment":[{"href":"https:\/\/asu77ussy.fr\/index.php\/wp-json\/wp\/v2\/media?parent=1720"}],"curies":[{"name":"wp","href":"https:\/\/api.w.org\/{rel}","templated":true}]}}

Exposition IRLANDE EN BRIE août 2017

<h3 class="post-title entry-title" style="text-align: center;">Exposition de mars à octobre 2017</h3>
<div class="post-header">
<div class="post-header-line-1"></div>
</div>
<div class="post-body entry-content" id="post-body-2504636377151270507">
<div class="separator"><a href="https://i0.wp.com/4.bp.blogspot.com/-jsUjE8E-iXA/WZV1rmmci-I/AAAAAAAADIE/xHYA1FYcxRkuotHRB7zwiqbOafTpYjDFgCLcBGAs/s1600/IMG_4700.JPG?ssl=1"><img data-recalc-dims="1" loading="lazy" decoding="async" width="640" height="480" src="https://i0.wp.com/4.bp.blogspot.com/-jsUjE8E-iXA/WZV1rmmci-I/AAAAAAAADIE/xHYA1FYcxRkuotHRB7zwiqbOafTpYjDFgCLcBGAs/s640/IMG_4700.JPG?resize=640%2C480&#038;ssl=1" border="0" data-original-height="1200" data-original-width="1600"></a></div>
<p>Accompagnée par Madeleine LAFLEUR (membre active de l&rsquo;A.S.U.) et Béatrice DU SAULT (Trésorière de l&rsquo;Association), je me suis rendue à l&rsquo;Abbaye de Jouarre ce samedi du mois d&rsquo;août, afin de voir l&rsquo;exposition <i>IRLANDE EN BRIE</i>.</p>
<div class="separator"><a href="https://i0.wp.com/1.bp.blogspot.com/-WsMMXiTmU5o/WZV1vzFwXGI/AAAAAAAADII/K5mTZWw2gMgzs_2TpF3fAmm55M34pZPaACLcBGAs/s1600/IMG_4702.JPG?ssl=1"><img data-recalc-dims="1" loading="lazy" decoding="async" width="240" height="320" src="https://i0.wp.com/1.bp.blogspot.com/-WsMMXiTmU5o/WZV1vzFwXGI/AAAAAAAADII/K5mTZWw2gMgzs_2TpF3fAmm55M34pZPaACLcBGAs/s320/IMG_4702.JPG?resize=240%2C320&#038;ssl=1" border="0" data-original-height="1600" data-original-width="1200"></a><a href="https://i0.wp.com/1.bp.blogspot.com/-e73LffHQEqg/WZV1yiHPLPI/AAAAAAAADIM/5g10VYVda1cefIe4DM5YqgWvPDJ-97AKACLcBGAs/s1600/IMG_4706.JPG?ssl=1"><img data-recalc-dims="1" loading="lazy" decoding="async" width="320" height="240" class="alignright" src="https://i0.wp.com/1.bp.blogspot.com/-e73LffHQEqg/WZV1yiHPLPI/AAAAAAAADIM/5g10VYVda1cefIe4DM5YqgWvPDJ-97AKACLcBGAs/s320/IMG_4706.JPG?resize=320%2C240&#038;ssl=1" border="0" data-original-height="1200" data-original-width="1600"></a></div>
<p>Arrivée au premier étage de la Tour Romane (ancien clocher de l&rsquo;église abbatiale) par un petit escalier en colimaçon débouchant sur une première salle où est retracée l&rsquo;histoire de l&rsquo;Abbaye.</p>
<div class="separator"><a href="https://i0.wp.com/2.bp.blogspot.com/-fNehTB9KniU/WZV12ROBTzI/AAAAAAAADIQ/SRhL4N0NJLodvIE9-iium-tSPMzZluOoACLcBGAs/s1600/IMG_4707.JPG?ssl=1"><img data-recalc-dims="1" loading="lazy" decoding="async" width="480" height="640" class="aligncenter" src="https://i0.wp.com/2.bp.blogspot.com/-fNehTB9KniU/WZV12ROBTzI/AAAAAAAADIQ/SRhL4N0NJLodvIE9-iium-tSPMzZluOoACLcBGAs/s640/IMG_4707.JPG?resize=480%2C640&#038;ssl=1" border="0" data-original-height="1600" data-original-width="1200"></a></div>
<div class="separator"><a href="https://i0.wp.com/4.bp.blogspot.com/-TtrP6W9rtR4/WZV15S6_oNI/AAAAAAAADIU/xA-5kAanMtoMa3RwFjpRw3W5Ja9dFaaRwCLcBGAs/s1600/IMG_4709.JPG?ssl=1"><img data-recalc-dims="1" loading="lazy" decoding="async" width="640" height="480" src="https://i0.wp.com/4.bp.blogspot.com/-TtrP6W9rtR4/WZV15S6_oNI/AAAAAAAADIU/xA-5kAanMtoMa3RwFjpRw3W5Ja9dFaaRwCLcBGAs/s640/IMG_4709.JPG?resize=640%2C480&#038;ssl=1" border="0" data-original-height="1200" data-original-width="1600"></a></div>
<div class="separator"><a href="https://i0.wp.com/4.bp.blogspot.com/-8ReL7bOo_WY/WZV1-gYawAI/AAAAAAAADIY/XjuYufZZq9AxHtfgCkwQe8vjB5Nya8LpACLcBGAs/s1600/IMG_4712.JPG?ssl=1"><img data-recalc-dims="1" loading="lazy" decoding="async" width="640" height="480" src="https://i0.wp.com/4.bp.blogspot.com/-8ReL7bOo_WY/WZV1-gYawAI/AAAAAAAADIY/XjuYufZZq9AxHtfgCkwQe8vjB5Nya8LpACLcBGAs/s640/IMG_4712.JPG?resize=640%2C480&#038;ssl=1" border="0" data-original-height="1200" data-original-width="1600"></a></div>
<div>Dans la seconde partie, nous découvrons l&rsquo;exposition qui a été réalisée dans le cadre de la <b></b>création du <b>Chemin européen de Colomban </b>dont Ussy constitue une étape.</div>
<div class="separator"></div>
<div class="separator"><a href="https://i0.wp.com/2.bp.blogspot.com/-yFmSCR5mjiw/WZV2BJgevbI/AAAAAAAADIc/ZXJAsLl3paQ0zdFnboXqpBoMJSzI_QRMwCLcBGAs/s1600/IMG_4713.JPG?ssl=1"><img data-recalc-dims="1" loading="lazy" decoding="async" width="640" height="480" src="https://i0.wp.com/2.bp.blogspot.com/-yFmSCR5mjiw/WZV2BJgevbI/AAAAAAAADIc/ZXJAsLl3paQ0zdFnboXqpBoMJSzI_QRMwCLcBGAs/s640/IMG_4713.JPG?resize=640%2C480&#038;ssl=1" border="0" data-original-height="1200" data-original-width="1600"></a></div>
<div>Les textes des panneaux d&rsquo;Ussy ont été en grande partie rédigés par Mme Yvonne AMPEN (Vice-Présidente de l&rsquo;ASU) et M. Jean-Paul GUILLAUMET (Président de l&rsquo;ASU) avec le concours de Nathalie ENSERGUEIX qui est chargée des archives au diocèse de Meaux.</div>
<div>Chaque association partenaire a créé ses propres panneaux à commencer par les 4 premiers (situés à l&rsquo;étage) qui viennent directement de Luxeuil, ainsi que les 2 grands du rez de chaussée dans la boutique. Les autres ont été réalisés par les Soeurs de Jouarre, et ceux sur Saint Fiacre, autre moine irlandais, par l&rsquo;Association St Fiacre.</div>
<div class="separator"></div>
<div class="separator"><a href="https://i0.wp.com/2.bp.blogspot.com/-uLMURMZBy7g/WZV2EW7TcPI/AAAAAAAADIg/kAnmXjwoPfQijI6REgbS3hRqkikqv9qgQCLcBGAs/s1600/IMG_4714.JPG?ssl=1"><img data-recalc-dims="1" loading="lazy" decoding="async" width="300" height="400" class="aligncenter" src="https://i0.wp.com/2.bp.blogspot.com/-uLMURMZBy7g/WZV2EW7TcPI/AAAAAAAADIg/kAnmXjwoPfQijI6REgbS3hRqkikqv9qgQCLcBGAs/s400/IMG_4714.JPG?resize=300%2C400&#038;ssl=1" border="0" data-original-height="1600" data-original-width="1200"></a></div>
<p><a href="https://i0.wp.com/3.bp.blogspot.com/-nFF_U0LD6b8/WZV2Ly1oh_I/AAAAAAAADIo/FbLyN5bwdgM-6EgG4-hn0nZDnrixJLJFACLcBGAs/s1600/IMG_4715.JPG?ssl=1"><img data-recalc-dims="1" loading="lazy" decoding="async" width="300" height="400" class="aligncenter" src="https://i0.wp.com/3.bp.blogspot.com/-nFF_U0LD6b8/WZV2Ly1oh_I/AAAAAAAADIo/FbLyN5bwdgM-6EgG4-hn0nZDnrixJLJFACLcBGAs/s400/IMG_4715.JPG?resize=300%2C400&#038;ssl=1" border="0" data-original-height="1600" data-original-width="1200"></a>Madeleine a été très impressionnée par tout le travail de recherche fourni pour mettre en place cette présentation. Quant à Béatrice, elle n&rsquo;est pas sans cacher la fierté qu&rsquo;elle a eu de mettre sur pied cet évènement qui, rappelons le, est ouvert jusqu&rsquo;au 15 octobre prochain.</p>
<div class="separator"><img data-recalc-dims="1" loading="lazy" decoding="async" width="640" height="480" src="https://i0.wp.com/4.bp.blogspot.com/-OR9ElxrTTmY/WZV2JS0vvVI/AAAAAAAADIk/Fdq7eRSPa3M9lG_ofp5YvcIPf4RBKqNvwCLcBGAs/s640/IMG_4718.JPG?resize=640%2C480&#038;ssl=1" border="0" data-original-height="1200" data-original-width="1600"></div>
<div>Cette tour réserve bien d&rsquo;autres surprises : une salle audio-visuelle permet de visionner un film sur la vie religieuse, une salle de lecture spirituelle, un magasin d’artisanat monastique.</div>
<div></div>
<div>Ouvert tous les jours sauf le mardi.<br />
Les lundi, mercredi, jeudi et vendredi de 14h30 à 18h, les samedi et dimanche de 11h à 12h15 et de 14h30 à 18h.</div>
<div></div>
<div>De mon côté, je félicite tous les auteurs de cette manifestation, qui sont pour la plus-part des bénévoles.</div>
<p>Nathalie BURON,<br />
Webmestre de l&rsquo;A.S.U.</p>
<div class="separator"><a href="https://i0.wp.com/3.bp.blogspot.com/-tXY_HLOiFww/WZV2PCgQnFI/AAAAAAAADIs/0DnqhFwsO6E2kOKKjpQkTzPenmGfuTdeACLcBGAs/s1600/IMG_4722.JPG?ssl=1"><img data-recalc-dims="1" loading="lazy" decoding="async" width="640" height="480" src="https://i0.wp.com/3.bp.blogspot.com/-tXY_HLOiFww/WZV2PCgQnFI/AAAAAAAADIs/0DnqhFwsO6E2kOKKjpQkTzPenmGfuTdeACLcBGAs/s640/IMG_4722.JPG?resize=640%2C480&#038;ssl=1" border="0" data-original-height="1200" data-original-width="1600"></a></div>
</div>
<pre>Samedi 12 août 2017</pre>

<p>Exposition de mars à octobre 2017 Accompagnée par Madeleine LAFLEUR (membre active de l&rsquo;A.S.U.) et Béatrice DU SAULT (Trésorière de</p>
