{"id":1700,"date":"2019-08-22T10:08:11","date_gmt":"2019-08-22T08:08:11","guid":{"rendered":"http:\/\/asu77ussy.fr\/?page_id=1700"},"modified":"2025-05-25T19:27:07","modified_gmt":"2025-05-25T17:27:07","slug":"eglise-st-authaire-et-ses-vitraux-2","status":"publish","type":"page","link":"https:\/\/asu77ussy.fr\/index.php\/eglise-st-authaire-et-ses-vitraux-2\/","title":{"rendered":"\u00c9glise Saint-Authaire et ses vitraux"},"content":{"rendered":"<p>LE MONUMENT HISTORIQUE<\/p>\n<ul>\n<li><a href=\"https:\/\/asu77ussy.fr\/index.php\/eglise-st-authaire-et-ses-vitraux-2\/lumiere-sur-lhorloge-du-village-dec-2019\/\" target=\"_blank\" rel=\"noopener noreferrer\">Lumi\u00e8re sur l\u2019horloge du village (d\u00e9c 2019)<\/a><\/li>\n<li><a href=\"https:\/\/asu77ussy.fr\/index.php\/2019\/10\/10\/moment-historique-a-ussy\/\" target=\"_blank\" rel=\"noopener noreferrer\">Un moment historique \u00e0 Ussy<\/a><\/li>\n<li><a href=\"https:\/\/asu77ussy.fr\/index.php\/eglise-st-authaire-et-ses-vitraux\/leglise-dussy-monument-historique\/\" target=\"_blank\" rel=\"noopener noreferrer\">L&rsquo;\u00e9glise d&rsquo;Ussy : Monument Historique (sept 2016)<\/a><\/li>\n<li><a href=\"https:\/\/asu77ussy.fr\/index.php\/eglise-st-authaire-et-ses-vitraux\/visite-virtuelle-de-leglise-saint-authaire\/\" target=\"_blank\" rel=\"noopener noreferrer\">Visite virtuelle de l&rsquo;\u00e9glise Saint-Authaire<\/a><\/li>\n<li><a href=\"https:\/\/asu77ussy.fr\/index.php\/eglise-st-authaire-et-ses-vitraux\/description-de-leglise-paroissiale-saint-authaire-dussy-sur-marne\/\" target=\"_blank\" rel=\"noopener noreferrer\">Description de l&rsquo;\u00e9glise paroissiale Saint-Authaire d&rsquo;Ussy-sur-Marne<\/a><\/li>\n<li><a href=\"https:\/\/asu77ussy.fr\/index.php\/eglise-st-authaire-et-ses-vitraux\/photos-eglise\/\" target=\"_blank\" rel=\"noopener noreferrer\">Photos de l&rsquo;\u00e9glise<\/a><\/li>\n<li>Vid\u00e9os de l&rsquo;\u00e9glise :\n<ul>\n<li><a href=\"https:\/\/youtu.be\/b6WOQl90R3Q\" target=\"_blank\" rel=\"noopener\">Episode 1 : Vitraux Henri Martin-Granel (19:55)<\/a><\/li>\n<li><a href=\"https:\/\/youtu.be\/KkeDKUVqszs\" target=\"_blank\" rel=\"noopener\">Episode 2 : Vitrail de saint Colomban (12:58)<\/a><\/li>\n<li><a href=\"https:\/\/youtu.be\/xi1G_dW2Gyk\" target=\"_blank\" rel=\"noopener\">Episode 3 : Tableau de Cleret (5:56)<\/a><\/li>\n<\/ul>\n<\/li>\n<\/ul>\n<p>LES VITRAUX<\/p>\n<ul>\n<li><a href=\"https:\/\/asu77ussy.fr\/index.php\/soutenir-le-projet-de-la-fondation-du-patrimoine\/\" target=\"_blank\" rel=\"noopener noreferrer\">Soutenir le projet de la Fondation du Patrimoine<\/a><\/li>\n<li><a href=\"https:\/\/asu77ussy.fr\/index.php\/monuments-patrimoine\/restauration-des-vitraux-de-leglise-de-ussy\/\" target=\"_blank\" rel=\"noopener noreferrer\">Restauration et Fondation du Patrimoine<\/a><\/li>\n<li><a href=\"https:\/\/asu77ussy.fr\/index.php\/eglise-st-authaire-et-ses-vitraux\/vitraux-de-leglise-saint-authaire\/\" target=\"_blank\" rel=\"noopener noreferrer\">Vitraux de l&rsquo;\u00e9glise Saint-Authaire<\/a>\n<ul>\n<li>Les vitraux 16<sup>e<\/sup> si\u00e8cle Chapelle de la Vierge (article en cours)<\/li>\n<li>Les vitraux 19<sup>e<\/sup> si\u00e8cle saint Colomban (article en cours)<\/li>\n<li><a href=\"https:\/\/asu77ussy.fr\/index.php\/eglise-st-authaire-et-ses-vitraux\/vitraux-de-leglise-saint-authaire\/henri-martin-granel-1914-2008\/\" target=\"_blank\" rel=\"noopener\">Les vitraux 20<sup>e<\/sup> si\u00e8cle Henri-Martin Granel (l&rsquo;histoire)<\/a><\/li>\n<li><a href=\"https:\/\/asu77ussy.fr\/index.php\/les-vitraux-20e-siecle-henri-martin-granel-en-photo\/\" target=\"_blank\" rel=\"noopener\">Les vitraux 20<sup>e<\/sup> si\u00e8cle Henri-Martin Granel en photo (article en cours de r\u00e9daction)<\/a><\/li>\n<\/ul>\n<\/li>\n<\/ul>\n<p>ACTIVIT\u00c9S ET CONF\u00c9RENCES<\/p>\n<ul>\n<li><a href=\"https:\/\/asu77ussy.fr\/index.php\/eglise-st-authaire-et-ses-vitraux\/\" target=\"_blank\" rel=\"noopener noreferrer\">Recherches actives \u00e9pisode 2 (sept 2018)<\/a><\/li>\n<li><a href=\"https:\/\/asu77ussy.fr\/index.php\/eglise-st-authaire-et-ses-vitraux\/campgane-de-sauvegarde-des-graffitis-suite\/\" target=\"_blank\" rel=\"noopener noreferrer\">Recherches actives \u00e9pisode 1 (mai 2018)<\/a><\/li>\n<li><a href=\"https:\/\/asu77ussy.fr\/index.php\/eglise-st-authaire-et-ses-vitraux\/lancetre-du-tag\/\" target=\"_blank\" rel=\"noopener noreferrer\">L&rsquo;anc\u00eatre du tag (mai 2018)<\/a><\/li>\n<li><a href=\"https:\/\/asu77ussy.fr\/index.php\/eglise-st-authaire-et-ses-vitraux\/conference-a-leglise\/\" target=\"_blank\" rel=\"noopener noreferrer\">Conf\u00e9rence \u00e0 l&rsquo;\u00e9glise (mai 2017)<\/a><\/li>\n<\/ul>\n","protected":false},"excerpt":{"rendered":"<p>LE MONUMENT HISTORIQUE Lumi\u00e8re sur l\u2019horloge du village (d\u00e9c 2019) Un moment historique \u00e0 Ussy L&rsquo;\u00e9glise d&rsquo;Ussy : Monument Historique<\/p>\n","protected":false},"author":1,"featured_media":0,"parent":0,"menu_order":0,"comment_status":"closed","ping_status":"closed","template":"","meta":{"colormag_page_container_layout":"no_sidebar_content_centered","colormag_page_sidebar_layout":"no_sidebar","jetpack_post_was_ever_published":false,"footnotes":""},"class_list":["post-1700","page","type-page","status-publish","hentry"],"jetpack_sharing_enabled":true,"jetpack_shortlink":"https:\/\/wp.me\/PaUFS9-rq","_links":{"self":[{"href":"https:\/\/asu77ussy.fr\/index.php\/wp-json\/wp\/v2\/pages\/1700","targetHints":{"allow":["GET"]}}],"collection":[{"href":"https:\/\/asu77ussy.fr\/index.php\/wp-json\/wp\/v2\/pages"}],"about":[{"href":"https:\/\/asu77ussy.fr\/index.php\/wp-json\/wp\/v2\/types\/page"}],"author":[{"embeddable":true,"href":"https:\/\/asu77ussy.fr\/index.php\/wp-json\/wp\/v2\/users\/1"}],"replies":[{"embeddable":true,"href":"https:\/\/asu77ussy.fr\/index.php\/wp-json\/wp\/v2\/comments?post=1700"}],"version-history":[{"count":17,"href":"https:\/\/asu77ussy.fr\/index.php\/wp-json\/wp\/v2\/pages\/1700\/revisions"}],"predecessor-version":[{"id":6761,"href":"https:\/\/asu77ussy.fr\/index.php\/wp-json\/wp\/v2\/pages\/1700\/revisions\/6761"}],"wp:attachment":[{"href":"https:\/\/asu77ussy.fr\/index.php\/wp-json\/wp\/v2\/media?parent=1700"}],"curies":[{"name":"wp","href":"https:\/\/api.w.org\/{rel}","templated":true}]}}