{"id":1513,"date":"2019-08-17T11:57:05","date_gmt":"2019-08-17T09:57:05","guid":{"rendered":"http:\/\/asu77ussy.fr\/?page_id=1513"},"modified":"2023-08-11T18:32:08","modified_gmt":"2023-08-11T16:32:08","slug":"description-de-leglise-paroissiale-saint-authaire-dussy-sur-marne","status":"publish","type":"page","link":"https:\/\/asu77ussy.fr\/index.php\/eglise-st-authaire-et-ses-vitraux\/description-de-leglise-paroissiale-saint-authaire-dussy-sur-marne\/","title":{"rendered":"Description de l&rsquo;\u00e9glise paroissiale Saint Authaire d&rsquo;Ussy-sur-Marne"},"content":{"rendered":"<p><strong>D\u00e8s l\u2019\u00e9poque romaine<\/strong>, un habitat caract\u00e9ris\u00e9 par des c\u00e9ramiques et mat\u00e9riaux de construction, \u00a0s\u2019implante entre le carrefour des Quatre Rues et la rue Saur\u00e9e au niveau d\u2019un gu\u00e9 et d\u2019une source.<\/p>\n<p>Il lui succ\u00e8de\u00a0 un habitat \u00e0 <strong>l\u2019\u00e9poque m\u00e9rovingienne<\/strong>\u00a0au moment\u00a0 o\u00f9 Ussy, gr\u00e2ce \u00e0 quelques textes, rentre dans l\u2019Histoire avec l\u2019installation <strong>d\u2019Authaire,<\/strong>un noble conseiller aupr\u00e8s de Clotaire II, p\u00e8re du roi Dagobert. Les enfants de cet aristocrate franc conseilleront les rois et fonderont sur leurs terres,\u00a0 les monast\u00e8res de Jouarre, Rebais et Rueil. Leur p\u00e8re est enterr\u00e9 dans l\u2019\u00e9glise et y sera honor\u00e9 jusqu&rsquo;au\u00a0 d\u00e9placement des reliques \u00e0 l\u2019abbaye de Rebais en 1530.<\/p>\n<p>Dans la premi\u00e8re \u00e9tude sur Ussy en 1956 par l\u2019abb\u00e9 Boivin, l\u2019\u00e9glise est consid\u00e9r\u00e9e comme construite au XIe ou XIIe pour la grande nef et au XIVe si\u00e8cle.<\/p>\n<p>Dans les ann\u00e9es soixante \u2013soixante dix,\u00a0 au cours de reprises de\u00a0 parties de murs et de contreforts\u00a0 \u00e0 l\u2019ext\u00e9rieur du ch\u0153ur, il est recueilli et mis \u00e0 l\u2019abri des moellons \u00e9quarris, des carreaux de sol, des chapiteaux, des \u00e9l\u00e9ments d\u2019archivoltes et de colonnettes en calcaire. Datables de l\u2019\u00e9poque romane, ils montraient l\u2019existence d\u2019une construction de cette \u00e9poque alors consid\u00e9r\u00e9e comme compl\u00e8tement d\u00e9truite.<\/p>\n<p>Depuis, \u00a0le ravalement du mur de fa\u00e7ade et du mur sud de la nef\u00a0 et l\u2019\u00e9tude des ma\u00e7onneries\u00a0 dans les combles, \u00a0permettent \u00a0d\u2019affirmer que, sous les peintures et pl\u00e2tres visibles actuellement, existent les \u00e9l\u00e9vations des premi\u00e8res \u00e9glises.<\/p>\n<p>Les parties les plus anciennes sont des appareillages dites en <em>ar\u00eates de poisson<\/em>consid\u00e9r\u00e9es comme typique de l\u2019\u00e9poque\u00a0 des fondateurs des prestigieuses abbayes briardes, l\u2019\u00e9poque m\u00e9rovingienne.<\/p>\n<p>Ces ma\u00e7onneries sont incluses dans les murs de la <strong>nef \u00a0d\u2019une \u00e9glise, construite \u00e0 l\u2019\u00e9poque romane (XI-XIIe si\u00e8cles<\/strong>),\u00a0 d\u2019environ 40 m\u00e8tres de long. L\u2019\u00e9l\u00e9vation compl\u00e8te conserve la trace des percements primitifs dont actuellement est encore visible la porte donnant \u00a0autrefois sur le cimeti\u00e8re. Cette nef est compl\u00e9t\u00e9 par le premier \u00e9tage du clocher carr\u00e9 de la m\u00eame \u00e9poque avec des ouvertures en arc plein cintre visibles dans les combles. \u00a0Le bas cot\u00e9 nord\u00a0 avec ses arcs\u00a0en tiers point est \u00e0 rattacher \u00e0 la m\u00eame p\u00e9riode malgr\u00e9 les remaniements qu\u2019il a subi. Le ch\u0153ur avec ses absides \u00a0a disparu lors de la reconstruction du ch\u0153ur \u00a0actuel et ses pierres calcaires sont r\u00e9utilis\u00e9es dans les nouvelles constructions.<\/p>\n<p>Une premi\u00e8re grande campagne, \u00e0 l\u2019\u00e9poque de la Renaissance, voit \u00a0la <strong>cr\u00e9ation d\u2019une chapelle<\/strong><strong>priv\u00e9e<\/strong>ferm\u00e9e par une balustrade richement d\u00e9cor\u00e9e et class\u00e9e Monument Historique. La construction est en pl\u00e2tre dont l\u2019exploitation est bien attest\u00e9e \u00e0 Morintru du Haut depuis au moins le d\u00e9but du 18<sup>e<\/sup>si\u00e8cle. Les fen\u00eatres sont munies de <strong>vitraux \u00a0class\u00e9s Monuments<\/strong><strong>Historiques <\/strong>dont l\u2019un dat\u00e9 de <strong>1537<\/strong>.<\/p>\n<p>Une seconde campagne de travaux \u00a0mal document\u00e9e (17-18\u00e8 si\u00e8cles) voit la construction \u00a0du clocher actuel, la cr\u00e9ation d\u2019un ch\u0153ur aux larges baies cintr\u00e9es et de la sacristie.<\/p>\n<p>Dans la premi\u00e8re moiti\u00e9 du\u00a0 20e si\u00e8cle, devant la menace d\u2019\u00e9croulement du clocher et d\u2019une partie du ch\u0153ur, une campagne de consolidation donnera cet aspect \u00a0\u00ab\u00a0<em>meuli\u00e8res apparentes\u00a0\u00bb<\/em>au cot\u00e9 sud du ch\u0153ur et du clocher.<\/p>\n<p>Depuis plusieurs dizaines d\u2019ann\u00e9es, deux associations l\u2019ASU et l\u2019association Saint Authaire\u00a0 s\u2019emploient en accord avec la Mairie, la DRAC et la Commission d\u2019Art Sacr\u00e9 de faire revivre\u00a0le <strong>seul monument historique de la commune<\/strong>par\u00a0 des recherches r\u00e9guli\u00e8rement publi\u00e9es, un blog, une remise en valeur du ch\u0153ur, la protection et la restauration d\u2019\u00e9l\u00e9ments de mobilier.<\/p>\n<p>L\u2019\u00e9glise d\u2019Ussy, par sa taille, son histoire et ses architectures\u00a0<strong>est un des monuments les plus<\/strong><strong>int\u00e9ressants de notre r\u00e9gion briarde<\/strong>.<\/p>\n<p>\u00c0 cause de ses illustres fondateurs, Ussy est une des \u00e9tapes du <strong>Chemin Europ\u00e9en de St Colomban<\/strong>de l\u2019Irlande \u00e0 l\u2019Italie.<\/p>\n<p>Restaur\u00e9e et expliqu\u00e9e, elle deviendra un des points forts des visites touristiques qui s\u2019organisent au niveau de la communaut\u00e9\u00a0 de commune du Pays Fertois.<\/p>\n<p><em>Note \u00e9tablie par L\u2019Association de Sauvegarde d\u2019Ussy-sur-Marne\u00a0 03\/12\/2015- JP.Guillaumet<\/em><\/p>\n<pre>Mercredi 6 avril 2016<\/pre>\n","protected":false},"excerpt":{"rendered":"<p>D\u00e8s l\u2019\u00e9poque romaine, un habitat caract\u00e9ris\u00e9 par des c\u00e9ramiques et mat\u00e9riaux de construction, \u00a0s\u2019implante entre le carrefour des Quatre Rues<\/p>\n","protected":false},"author":1,"featured_media":0,"parent":372,"menu_order":0,"comment_status":"closed","ping_status":"closed","template":"","meta":{"colormag_page_container_layout":"no_sidebar_content_centered","colormag_page_sidebar_layout":"no_sidebar","jetpack_post_was_ever_published":false,"footnotes":""},"class_list":["post-1513","page","type-page","status-publish","hentry"],"jetpack_sharing_enabled":true,"jetpack_shortlink":"https:\/\/wp.me\/PaUFS9-op","_links":{"self":[{"href":"https:\/\/asu77ussy.fr\/index.php\/wp-json\/wp\/v2\/pages\/1513","targetHints":{"allow":["GET"]}}],"collection":[{"href":"https:\/\/asu77ussy.fr\/index.php\/wp-json\/wp\/v2\/pages"}],"about":[{"href":"https:\/\/asu77ussy.fr\/index.php\/wp-json\/wp\/v2\/types\/page"}],"author":[{"embeddable":true,"href":"https:\/\/asu77ussy.fr\/index.php\/wp-json\/wp\/v2\/users\/1"}],"replies":[{"embeddable":true,"href":"https:\/\/asu77ussy.fr\/index.php\/wp-json\/wp\/v2\/comments?post=1513"}],"version-history":[{"count":2,"href":"https:\/\/asu77ussy.fr\/index.php\/wp-json\/wp\/v2\/pages\/1513\/revisions"}],"predecessor-version":[{"id":5874,"href":"https:\/\/asu77ussy.fr\/index.php\/wp-json\/wp\/v2\/pages\/1513\/revisions\/5874"}],"up":[{"embeddable":true,"href":"https:\/\/asu77ussy.fr\/index.php\/wp-json\/wp\/v2\/pages\/372"}],"wp:attachment":[{"href":"https:\/\/asu77ussy.fr\/index.php\/wp-json\/wp\/v2\/media?parent=1513"}],"curies":[{"name":"wp","href":"https:\/\/api.w.org\/{rel}","templated":true}]}}