{"id":1218,"date":"2019-08-01T09:45:42","date_gmt":"2019-08-01T07:45:42","guid":{"rendered":"http:\/\/asu77ussy.fr\/?page_id=1218"},"modified":"2026-02-08T20:27:24","modified_gmt":"2026-02-08T19:27:24","slug":"nos-projets","status":"publish","type":"page","link":"https:\/\/asu77ussy.fr\/index.php\/presentation-de-lasu-2\/nos-projets\/","title":{"rendered":"Nos projets"},"content":{"rendered":"<p><!--StartFragment--><\/p>\n<p><span style=\"color: #000000;\"><br \/>\nLe coll\u00e8ge est r\u00e9duit \u00e0 3 personnes (toutes actives professionnellement), ce qui est bien peu pour maintenir le dynamisme de l&rsquo;ASU.<br \/>\nAussi, les actions de cette ann\u00e9e 2026 seront limit\u00e9es, dans l&rsquo;attente d&rsquo;un renouvellement des forces vives.<br \/>\nNous maintiendrons le site internet et essayerons de redonner un nouveau souffle \u00e0 l&rsquo;ASU.<\/span><\/p>\n<ul>\n<li>\n<h4><strong>LE CHEMIN EUROP\u00c9EN DE SAINT COLOMBAN<\/strong><\/h4>\n<\/li>\n<\/ul>\n<p>Pose d\u2019une plaque <em>VIA COLUMBANI <\/em>sur la fa\u00e7ade de l\u2019\u00e9glise pour marquer l\u2019\u00e9tape de Ussy. Le parcours, accessible avec le lien<em>\u00a0<\/em><strong>viacolumbani.com<\/strong><em>,<\/em> est t\u00e9l\u00e9chargeable.<\/p>\n<p>Un panneau r\u00e9alis\u00e9 par la VIA COLUMBANI sera mis en place le 1er mars 2026.<\/p>\n<ul>\n<li>\n<h4><strong>RESTAURATION DE L\u2019\u00c9GLISE <\/strong><\/h4>\n<\/li>\n<\/ul>\n<p>Cr\u00e9ation d\u2019un dossier sur l\u2019histoire et l\u2019architecture de notre Monument Historique, l\u2019\u00e9glise, pour un dossier de demande d\u2019aide par la municipalit\u00e9, aupr\u00e8s de la <em>Fondation pour Sauvegarde de l\u2019Art Fran\u00e7ais <\/em>pour les travaux de toiture.<\/p>\n<ul>\n<li>\n<h4><strong>RESTAURATION DES VITRAUX D\u00c9BUT 16<sup>e<\/sup> SI\u00c8CLE DE LA CHAPELLE SEIGNEURIALE DE L\u2019<\/strong><strong>\u00c9<\/strong><strong>GLISE SAINT-AUTHAIRE<\/strong><\/h4>\n<\/li>\n<\/ul>\n<p>Les vitraux ont \u00e9t\u00e9 restaur\u00e9s par les Ateliers PINTO et sont entrepos\u00e9s en lieu s\u00fbr. Ils seront remis en place d\u00e8s que la toiture de l&rsquo;\u00e9glise aura \u00e9t\u00e9 restaur\u00e9e. <a href=\"https:\/\/asu77ussy.fr\/index.php\/eglise-st-authaire-et-ses-vitraux\/vitraux-de-leglise-saint-authaire\/restauration-des-vitraux-avant-et-apres\/\" target=\"_blank\" rel=\"noopener\">Cliquez ici pour voir avant et apr\u00e8s la restauration.<\/a><\/p>\n<ul>\n<li><span style=\"display: inline !important; float: none; background-color: #ffffff; color: #191e23; font-family: 'Noto Serif'; font-size: inherit; font-style: normal; font-variant: normal; font-weight: 400; letter-spacing: normal; line-height: inherit; orphans: 2; text-align: left; text-decoration: none; text-indent: 0px; text-transform: none; -webkit-text-stroke-width: 0px; white-space: pre-wrap; word-spacing: 0px;\">L<\/span><strong style=\"text-align: center;\">e compte rendu des Assembl\u00e9es G\u00e9n\u00e9rales, est disponible sur demande,<\/strong> <strong style=\"text-align: center;\">pour les adh\u00e9rents ayant r\u00e9gl\u00e9 leur cotisation<\/strong><\/li>\n<\/ul>\n<p><!--EndFragment--><\/p>\n","protected":false},"excerpt":{"rendered":"<p>Le coll\u00e8ge est r\u00e9duit \u00e0 3 personnes (toutes actives professionnellement), ce qui est bien peu pour maintenir le dynamisme de<\/p>\n","protected":false},"author":1,"featured_media":0,"parent":1206,"menu_order":0,"comment_status":"closed","ping_status":"closed","template":"","meta":{"colormag_page_container_layout":"default_layout","colormag_page_sidebar_layout":"default_layout","jetpack_post_was_ever_published":false,"footnotes":""},"class_list":["post-1218","page","type-page","status-publish","hentry"],"jetpack_sharing_enabled":true,"jetpack_shortlink":"https:\/\/wp.me\/PaUFS9-jE","_links":{"self":[{"href":"https:\/\/asu77ussy.fr\/index.php\/wp-json\/wp\/v2\/pages\/1218","targetHints":{"allow":["GET"]}}],"collection":[{"href":"https:\/\/asu77ussy.fr\/index.php\/wp-json\/wp\/v2\/pages"}],"about":[{"href":"https:\/\/asu77ussy.fr\/index.php\/wp-json\/wp\/v2\/types\/page"}],"author":[{"embeddable":true,"href":"https:\/\/asu77ussy.fr\/index.php\/wp-json\/wp\/v2\/users\/1"}],"replies":[{"embeddable":true,"href":"https:\/\/asu77ussy.fr\/index.php\/wp-json\/wp\/v2\/comments?post=1218"}],"version-history":[{"count":11,"href":"https:\/\/asu77ussy.fr\/index.php\/wp-json\/wp\/v2\/pages\/1218\/revisions"}],"predecessor-version":[{"id":6983,"href":"https:\/\/asu77ussy.fr\/index.php\/wp-json\/wp\/v2\/pages\/1218\/revisions\/6983"}],"up":[{"embeddable":true,"href":"https:\/\/asu77ussy.fr\/index.php\/wp-json\/wp\/v2\/pages\/1206"}],"wp:attachment":[{"href":"https:\/\/asu77ussy.fr\/index.php\/wp-json\/wp\/v2\/media?parent=1218"}],"curies":[{"name":"wp","href":"https:\/\/api.w.org\/{rel}","templated":true}]}}