{"id":1134,"date":"2016-12-21T12:05:55","date_gmt":"2016-12-21T11:05:55","guid":{"rendered":"http:\/\/asu77ussy.fr\/?page_id=1134"},"modified":"2021-02-09T14:02:49","modified_gmt":"2021-02-09T13:02:49","slug":"street-art-shepard-fairey-obey-giant","status":"publish","type":"page","link":"https:\/\/asu77ussy.fr\/index.php\/personnalites-et-artistes-remarquables\/andre-roussimof\/street-art-shepard-fairey-obey-giant\/","title":{"rendered":"Street art : Shepard Fairey &#8211; OBEY Giant"},"content":{"rendered":"<div id=\"post-body-7786241436730726723\" class=\"post-body entry-content\">\n<div>\u00a9\u00a9\u00a9\u00a9Frank <b>Shepard Fairey <\/b>est un artiste am\u00e9ricain engag\u00e9. Peintre, designer graphique et illustrateur, il est n\u00e9 le 15 f\u00e9vrier 1970 \u00e0 Charleston en Caroline du Sud. Il vit et travaille actuellement en Californie, \u00e0 Los Angeles. Il dirige, avec son \u00e9pouse Amanda, une agence de publicit\u00e9.<\/div>\n<div><strong>Artiste urbain reconnu, son c\u00e9l\u00e8bre portrait \u00ab\u00a0Hope\u00a0\u00bb de Barack Obama <\/strong>l\u2019a propuls\u00e9 au sommet de la sc\u00e8ne m\u00e9diatique et artistique internationale en 2008.<\/div>\n<div><strong>&#8230;<\/strong>il r\u00e9alise des stickers et des affiches \u00e0 l\u2019effigie du <b>catcheur fran\u00e7ais Andr\u00e9 Roussimoff <\/b>(dit Andr\u00e9 the Giant).<\/div>\n<div class=\"separator\"><a href=\"https:\/\/i0.wp.com\/www.blog.stripart.com\/wp-content\/uploads\/2013\/11\/Andre-the-Giant.jpg\"><img data-recalc-dims=\"1\" loading=\"lazy\" decoding=\"async\" class=\" wp-image-5029  alignright\" title=\"Andr\u00e9 Ren\u00e9 Roussimoff dit Andr\u00e9 The Giant\" src=\"https:\/\/i0.wp.com\/www.blog.stripart.com\/wp-content\/uploads\/2013\/11\/Andre-the-Giant.jpg?resize=357%2C473\" alt=\"Andr\u00e9 Ren\u00e9 Roussimoff dit Andr\u00e9 The Giant\" width=\"357\" height=\"473\" border=\"0\" \/><\/a><\/div>\n<div id=\"attachment_5029\" class=\"wp-caption alignnone\">\n<div class=\"wp-caption-text\"><\/div>\n<\/div>\n<div>Il distille son Street art un peu <strong>partout dans les rues de l\u2019Etat de Rhode Island<\/strong>\u2013 ce qui suscite la curiosit\u00e9 des citadins : qui est l\u2019artiste? quel est le message v\u00e9hicul\u00e9 par ce myst\u00e9rieux portrait?<\/div>\n<div>Ce sont ces stickers, o\u00f9 l\u2019on voit le <strong>visage du catcheur<\/strong>accompagn\u00e9 de la mention\u00ab<strong>Andre the Giant Has a Posse, 7\u20194\u2033, 520LB<\/strong>\u00bb (traduisez : Andr\u00e9 le g\u00e9ant a une bande de potes, 7 pieds 4 pouces, 520 livres) qui le font conna\u00eetre du public.<\/div>\n<div><img data-recalc-dims=\"1\" loading=\"lazy\" decoding=\"async\" class=\"wp-image-5025 aligncenter\" title=\"street art Shepard Fairey Andre the Giant Has a Posse, 7'4&quot;, 520LB\" src=\"https:\/\/i0.wp.com\/www.blog.stripart.com\/wp-content\/uploads\/2013\/11\/street-art-Shepard-Fairey-Obey-13-Andre-the-giant.jpg?resize=517%2C458\" alt=\"street art Shepard Fairey Andre the Giant Has a Posse, 7'4&quot;, 520LB\" width=\"517\" height=\"458\" \/><\/div>\n<div><\/div>\n<div><strong>Il a pos\u00e9 sur les murs plus d\u2019un million de stickers<\/strong>. C\u2019est une des plus importantes campagnes de Street Art, qui a notamment prouv\u00e9 la capacit\u00e9 d\u2019action de cette nouvelle forme d\u2019expression \u2018underground\u2019 et clandestine.<\/div>\n<div><img data-recalc-dims=\"1\" loading=\"lazy\" decoding=\"async\" class=\" wp-image-5061 alignright\" title=\"Street Art Shepard Fairey Andre the Giant Has a Posse 01\" src=\"https:\/\/i0.wp.com\/www.blog.stripart.com\/wp-content\/uploads\/2013\/11\/street-art-Shepard-Fairey-Obey-18-Obey-Giant1.jpg?resize=431%2C357\" alt=\"Street Art Shepard Fairey Andre the Giant Has a Posse 01\" width=\"431\" height=\"357\" \/><\/div>\n<div>Passionn\u00e9 par la <strong>contre-culture Hip-hop<\/strong>de l\u2019\u00e9poque et adepte de la <strong>communaut\u00e9 Skate et punk-rock<\/strong>, il s\u2019attaque notamment \u00e0 la publicit\u00e9 et aux pouvoirs publics. Il d\u00e9tourne les panneaux de signalisation et les affiches publicitaires.<\/div>\n<div><\/div>\n<div><img data-recalc-dims=\"1\" loading=\"lazy\" decoding=\"async\" class=\"alignnone  wp-image-5062\" title=\"Street Art Shepard Fairey Andre the Giant Has a Posse 02\" src=\"https:\/\/i0.wp.com\/www.blog.stripart.com\/wp-content\/uploads\/2013\/11\/street-art-Shepard-Fairey-Obey-20-Logo-Obey-Giant1-610x458.jpg?resize=286%2C215\" alt=\"Street Art Shepard Fairey Andre the Giant Has a Posse 02\" width=\"286\" height=\"215\" \/><\/div>\n<div><\/div>\n<div>En 1998, <b>la soci\u00e9t\u00e9 Titan Sport le menace de poursuite<\/b>pour l\u2019utilisation ill\u00e9gale de la marque \u201cAndr\u00e9 the Giant\u201d, qui est une marque d\u00e9pos\u00e9e. <strong>L\u2019artiste en profite pour rebondir <\/strong>: il modifie son logo, peaufine son graphisme et rebaptise sa campagne en <b>OBEY GIANT<\/b>.<\/div>\n<div><\/div>\n<div><img data-recalc-dims=\"1\" loading=\"lazy\" decoding=\"async\" class=\" wp-image-5067 alignright\" title=\"Street Art OBEY Giant 520 LB\" src=\"https:\/\/i0.wp.com\/www.blog.stripart.com\/wp-content\/uploads\/2013\/11\/shepard-fairey-obey-giant.jpg?resize=504%2C665\" alt=\"Street Art OBEY Giant 520 LB\" width=\"504\" height=\"665\" \/><\/div>\n<div><\/div>\n<div><strong>Cette fois, il lance sa campagne de street art \u00e0 l\u2019international.<\/strong><\/div>\n<div id=\"attachment_5053\" class=\"wp-caption alignleft\" style=\"width: 405px;\"><img data-recalc-dims=\"1\" loading=\"lazy\" decoding=\"async\" class=\" wp-image-5053\" src=\"https:\/\/i0.wp.com\/www.blog.stripart.com\/wp-content\/uploads\/2013\/11\/street-art-Shepard-Fairey-Obey-19-Logo-Obey-Giant.jpg?resize=405%2C627\" alt=\"street art Shepard Fairey Obey 19 Logo Obey Giant\" width=\"405\" height=\"627\" \/><\/p>\n<div class=\"wp-caption-text\"><a href=\"http:\/\/www.stripart.com\/fr\/40_shepard-fairey\"><em>Catalogue Obey de sa premi\u00e8re exposition \u00e0 Paris en 2003, disponible sur Strip Art<\/em><\/a><\/div>\n<\/div>\n<h3><\/h3>\n<div><\/div>\n<div><\/div>\n<div>A la fin des ann\u00e9es 90, <b>la cin\u00e9aste Helen Stickler<\/b>r\u00e9alise un court m\u00e9trage : un film documentaire o\u00f9 elle pr\u00e9sente le travail de l\u2019artiste sur \u00abAndre the Giant Has a Posse\u00bb, il sera diffus\u00e9 au <b>New York Underground Film Festival<\/b>(en 1995), au <b>Sundance Film Festival <\/b>(en 1997) et dans de nombreuses autres manifestations de street art.<\/div>\n<div><b>Shepard Fairey d\u00e9cline son art avec sa marque OBEY Giant : pochoirs, stickers, v\u00eatements, accessoires, affiches, peintures, fresques, d\u00e9coration (coussins, tasses\u2026). <\/b>Il est souvent soumis \u00e0 de vives critiques sur la dualit\u00e9 entre art de rue et fins consum\u00e9ristes.<\/div>\n<\/div>\n<div><\/div>\n<div id=\"post-body-7786241436730726723\" class=\"post-body entry-content\">\n<div><\/div>\n<p><a href=\"http:\/\/www.stripart.com\/fr\/40_shepard-fairey\"><img data-recalc-dims=\"1\" loading=\"lazy\" decoding=\"async\" class=\"wp-image-5069 alignnone\" title=\"OBEY GIANT tiSckers\" src=\"https:\/\/i0.wp.com\/www.blog.stripart.com\/wp-content\/uploads\/2013\/11\/OBEY-GIANT_sticker_sheet.jpg?resize=250%2C250\" alt=\"OBEY GIANT tiSckers\" width=\"250\" height=\"250\" \/><\/a><\/p>\n<\/div>\n<div id=\"post-body-7786241436730726723\" class=\"post-body entry-content\">\n<p>Voir l&rsquo;article originale via ce lien :<br \/>\n<a href=\"http:\/\/www.blog.stripart.com\/art-urbain\/street-art-shepard-fairey-obey-giant\/\">http:\/\/www.blog.stripart.com\/art-urbain\/street-art-shepard-fairey-obey-giant\/<\/a><\/p>\n<div><strong>Tous droits r\u00e9serv\u00e9s &#8211; STRIPART\u00a9 2016<\/strong><\/div>\n<div><\/div>\n<\/div>\n<div class=\"post-footer\">\n<div class=\"post-footer-line post-footer-line-1\"><\/div>\n<\/div>\n<pre>Mercredi 21 d\u00e9cembre 2016<\/pre>\n","protected":false},"excerpt":{"rendered":"<p>\u00a9\u00a9\u00a9\u00a9Frank Shepard Fairey est un artiste am\u00e9ricain engag\u00e9. Peintre, designer graphique et illustrateur, il est n\u00e9 le 15 f\u00e9vrier 1970<\/p>\n","protected":false},"author":1,"featured_media":0,"parent":1281,"menu_order":0,"comment_status":"closed","ping_status":"closed","template":"","meta":{"colormag_page_container_layout":"no_sidebar_content_centered","colormag_page_sidebar_layout":"no_sidebar","jetpack_post_was_ever_published":false,"footnotes":""},"class_list":["post-1134","page","type-page","status-publish","hentry"],"jetpack_sharing_enabled":true,"jetpack_shortlink":"https:\/\/wp.me\/PaUFS9-ii","_links":{"self":[{"href":"https:\/\/asu77ussy.fr\/index.php\/wp-json\/wp\/v2\/pages\/1134","targetHints":{"allow":["GET"]}}],"collection":[{"href":"https:\/\/asu77ussy.fr\/index.php\/wp-json\/wp\/v2\/pages"}],"about":[{"href":"https:\/\/asu77ussy.fr\/index.php\/wp-json\/wp\/v2\/types\/page"}],"author":[{"embeddable":true,"href":"https:\/\/asu77ussy.fr\/index.php\/wp-json\/wp\/v2\/users\/1"}],"replies":[{"embeddable":true,"href":"https:\/\/asu77ussy.fr\/index.php\/wp-json\/wp\/v2\/comments?post=1134"}],"version-history":[{"count":5,"href":"https:\/\/asu77ussy.fr\/index.php\/wp-json\/wp\/v2\/pages\/1134\/revisions"}],"predecessor-version":[{"id":4286,"href":"https:\/\/asu77ussy.fr\/index.php\/wp-json\/wp\/v2\/pages\/1134\/revisions\/4286"}],"up":[{"embeddable":true,"href":"https:\/\/asu77ussy.fr\/index.php\/wp-json\/wp\/v2\/pages\/1281"}],"wp:attachment":[{"href":"https:\/\/asu77ussy.fr\/index.php\/wp-json\/wp\/v2\/media?parent=1134"}],"curies":[{"name":"wp","href":"https:\/\/api.w.org\/{rel}","templated":true}]}}