{"id":1076,"date":"2019-07-28T11:47:42","date_gmt":"2019-07-28T09:47:42","guid":{"rendered":"http:\/\/asu77ussy.fr\/?page_id=1076"},"modified":"2022-01-29T14:55:06","modified_gmt":"2022-01-29T13:55:06","slug":"portraits-croises-andre-roussimof-et-samule-beckett-a-ussy-sur-marne","status":"publish","type":"page","link":"https:\/\/asu77ussy.fr\/index.php\/personnalites-et-artistes-remarquables\/samuel-beckett\/portraits-croises-andre-roussimof-et-samule-beckett-a-ussy-sur-marne\/","title":{"rendered":"\u00ab\u00a0Portraits crois\u00e9s\u00a0\u00bb Andr\u00e9 Roussimoff et Samuel Beckett \u00e0 Ussy-sur-Marne"},"content":{"rendered":"<h3 class=\"post-title entry-title\"><i style=\"color: #191e23; font-size: 16px;\">FRANCE CULTURE a souhait\u00e9 d\u00e9dier une \u00e9mission\u00a0 \u00e0 Andr\u00e9 Roussimoff et Samuel Beckett, deux personnages hors normes ayant v\u00e9cu \u00e0 Ussy-sur-Marne.<\/i><\/h3>\n<div id=\"post-body-8023708489486136537\" class=\"post-body entry-content\">\n<div><i>Les auditeurs pourront d\u00e9couvrir l&rsquo;histoire in\u00e9dite de ces deux personnages \u00e0 Ussy et se laisser emporter par la musique des mots, l&rsquo;\u00e9vocation des histoires pass\u00e9es et des paysages&#8230;(avec quelques touches d&rsquo;humour pour all\u00e9ger le ton..) l&rsquo;histoire de chaque personnage se distingue et s&rsquo;\u00e9claire par recoupements. <\/i><br \/>\n<i>Cette \u00e9mission a pu \u00eatre r\u00e9alis\u00e9e gr\u00e2ce aux t\u00e9moignages de villageois\u00a0 \u00e0 travers le partage de leurs souvenirs .. \u00a0<\/i><i>chaque phrase retenue par la r\u00e9alisatrice poss\u00e8de une force d&rsquo;\u00e9vocation riche en \u00e9motions, accentu\u00e9e par un format po\u00e9tique\u00a0 propre \u00e0 laisser transpirer l&rsquo;humanit\u00e9 et la sensibilit\u00e9 de ces personnages hors normes (r\u00e9alisation Ang\u00e9lique Tibau et Val\u00e9rie Vivancos<\/i><i>&#8211; 26 Octobre 2016- Cr\u00e9ation on Air)<\/i><\/div>\n<div class=\"gmail_default\">Vous pouvez \u00e9couter la cr\u00e9ation radiophonique \u00ab\u00a0Monsieur Beckett et D\u00e9d\u00e9 Roussimoff\u00a0\u00bb avec les t\u00e9moignages de plusieurs habitants d&rsquo;USSY sur le site de France Culture:<\/div>\n<div class=\"gmail_default\"><a href=\"https:\/\/www.franceculture.fr\/emissions\/creation-air\/monsieur-beckett-et-dede-roussimoff\" target=\"_blank\" rel=\"noopener noreferrer\">https:\/\/www.franceculture.fr\/emissions\/creation-air\/monsieur-beckett-et-dede-roussimoff<\/a><\/div>\n<div class=\"gmail_default\">ou sur Mixcloud:<\/div>\n<div class=\"gmail_default\"><a href=\"https:\/\/www.mixcloud.com\/cr%C3%A9ationonair\/monsieur-beckett-et-d%C3%A9d%C3%A9-roussimoff\" target=\"_blank\" rel=\"noopener noreferrer\">https:\/\/www.mixcloud.com\/cr%C3%A9ationonair\/monsieur-beckett-et-d%C3%A9d%C3%A9-roussimoff<\/a><\/div>\n<div class=\"separator\"><a href=\"https:\/\/i0.wp.com\/4.bp.blogspot.com\/-GG47CXvYA_Q\/VS9xysBZ5wI\/AAAAAAAAAyo\/dMGYSsDh1UsRegmYC4Iq9MvnYg3rG1sigCPcB\/s1600\/samuel-beckett-et-andre-the-giant--default.jpg?ssl=1\"><img data-recalc-dims=\"1\" loading=\"lazy\" decoding=\"async\" src=\"https:\/\/i0.wp.com\/4.bp.blogspot.com\/-GG47CXvYA_Q\/VS9xysBZ5wI\/AAAAAAAAAyo\/dMGYSsDh1UsRegmYC4Iq9MvnYg3rG1sigCPcB\/s320\/samuel-beckett-et-andre-the-giant--default.jpg?resize=320%2C165&#038;ssl=1\" width=\"320\" height=\"165\" border=\"0\" \/><\/a><\/div>\n<p><b><\/b><br \/>\nMerci aux habitants d\u2019Ussy-sur-Marne, Molien et Courtablon pour leurs t\u00e9moignages <b>: Nicole Greub, Jacques Roussimoff, Jacques Delaitre, Fran\u00e7ois Musnier, Yvonne Ampen<\/b>.<\/p>\n<\/div>\n<div><\/div>\n<div>mercredi 26 octobre 2016<\/div>\n","protected":false},"excerpt":{"rendered":"<p>FRANCE CULTURE a souhait\u00e9 d\u00e9dier une \u00e9mission\u00a0 \u00e0 Andr\u00e9 Roussimoff et Samuel Beckett, deux personnages hors normes ayant v\u00e9cu \u00e0<\/p>\n","protected":false},"author":1,"featured_media":0,"parent":271,"menu_order":0,"comment_status":"closed","ping_status":"closed","template":"","meta":{"colormag_page_container_layout":"no_sidebar_content_centered","colormag_page_sidebar_layout":"no_sidebar","jetpack_post_was_ever_published":false,"footnotes":""},"class_list":["post-1076","page","type-page","status-publish","hentry"],"jetpack_sharing_enabled":true,"jetpack_shortlink":"https:\/\/wp.me\/PaUFS9-hm","_links":{"self":[{"href":"https:\/\/asu77ussy.fr\/index.php\/wp-json\/wp\/v2\/pages\/1076","targetHints":{"allow":["GET"]}}],"collection":[{"href":"https:\/\/asu77ussy.fr\/index.php\/wp-json\/wp\/v2\/pages"}],"about":[{"href":"https:\/\/asu77ussy.fr\/index.php\/wp-json\/wp\/v2\/types\/page"}],"author":[{"embeddable":true,"href":"https:\/\/asu77ussy.fr\/index.php\/wp-json\/wp\/v2\/users\/1"}],"replies":[{"embeddable":true,"href":"https:\/\/asu77ussy.fr\/index.php\/wp-json\/wp\/v2\/comments?post=1076"}],"version-history":[{"count":3,"href":"https:\/\/asu77ussy.fr\/index.php\/wp-json\/wp\/v2\/pages\/1076\/revisions"}],"predecessor-version":[{"id":4859,"href":"https:\/\/asu77ussy.fr\/index.php\/wp-json\/wp\/v2\/pages\/1076\/revisions\/4859"}],"up":[{"embeddable":true,"href":"https:\/\/asu77ussy.fr\/index.php\/wp-json\/wp\/v2\/pages\/271"}],"wp:attachment":[{"href":"https:\/\/asu77ussy.fr\/index.php\/wp-json\/wp\/v2\/media?parent=1076"}],"curies":[{"name":"wp","href":"https:\/\/api.w.org\/{rel}","templated":true}]}}

« Portraits croisés » André Roussimoff et Samuel Beckett à Ussy-sur-Marne

<h3 class="post-title entry-title"><i style="color: #191e23; font-size: 16px;">FRANCE CULTURE a souhaité dédier une émission  à André Roussimoff et Samuel Beckett, deux personnages hors normes ayant vécu à Ussy-sur-Marne.</i></h3>
<div id="post-body-8023708489486136537" class="post-body entry-content">
<div><i>Les auditeurs pourront découvrir l&rsquo;histoire inédite de ces deux personnages à Ussy et se laisser emporter par la musique des mots, l&rsquo;évocation des histoires passées et des paysages&#8230;(avec quelques touches d&rsquo;humour pour alléger le ton..) l&rsquo;histoire de chaque personnage se distingue et s&rsquo;éclaire par recoupements. </i><br />
<i>Cette émission a pu être réalisée grâce aux témoignages de villageois  à travers le partage de leurs souvenirs ..  </i><i>chaque phrase retenue par la réalisatrice possède une force d&rsquo;évocation riche en émotions, accentuée par un format poétique  propre à laisser transpirer l&rsquo;humanité et la sensibilité de ces personnages hors normes (réalisation Angélique Tibau et Valérie Vivancos</i><i>&#8211; 26 Octobre 2016- Création on Air)</i></div>
<div class="gmail_default">Vous pouvez écouter la création radiophonique « Monsieur Beckett et Dédé Roussimoff » avec les témoignages de plusieurs habitants d&rsquo;USSY sur le site de France Culture:</div>
<div class="gmail_default"><a href="https://www.franceculture.fr/emissions/creation-air/monsieur-beckett-et-dede-roussimoff" target="_blank" rel="noopener noreferrer">https://www.franceculture.fr/emissions/creation-air/monsieur-beckett-et-dede-roussimoff</a></div>
<div class="gmail_default">ou sur Mixcloud:</div>
<div class="gmail_default"><a href="https://www.mixcloud.com/cr%C3%A9ationonair/monsieur-beckett-et-d%C3%A9d%C3%A9-roussimoff" target="_blank" rel="noopener noreferrer">https://www.mixcloud.com/cr%C3%A9ationonair/monsieur-beckett-et-d%C3%A9d%C3%A9-roussimoff</a></div>
<div class="separator"><a href="https://i0.wp.com/4.bp.blogspot.com/-GG47CXvYA_Q/VS9xysBZ5wI/AAAAAAAAAyo/dMGYSsDh1UsRegmYC4Iq9MvnYg3rG1sigCPcB/s1600/samuel-beckett-et-andre-the-giant--default.jpg?ssl=1"><img data-recalc-dims="1" loading="lazy" decoding="async" src="https://i0.wp.com/4.bp.blogspot.com/-GG47CXvYA_Q/VS9xysBZ5wI/AAAAAAAAAyo/dMGYSsDh1UsRegmYC4Iq9MvnYg3rG1sigCPcB/s320/samuel-beckett-et-andre-the-giant--default.jpg?resize=320%2C165&#038;ssl=1" width="320" height="165" border="0" /></a></div>
<p><b></b><br />
Merci aux habitants d’Ussy-sur-Marne, Molien et Courtablon pour leurs témoignages <b>: Nicole Greub, Jacques Roussimoff, Jacques Delaitre, François Musnier, Yvonne Ampen</b>.</p>
</div>
<div></div>
<div>mercredi 26 octobre 2016</div>

<p>FRANCE CULTURE a souhaité dédier une émission  à André Roussimoff et Samuel Beckett, deux personnages hors normes ayant vécu à</p>
